192.178.7.37 - - [24/Aug/2026:23:32:28 +0530] "GET /?item/30527116277318.html HTTP/1.1" 200 841 "-" "Mozilla/5.0 (Linux; Android 6.0.1; Nexus 5X Build/MMB29P) AppleWebKit/537.36 (KHTML, like Gecko) Chrome/151.0.7922.137 Mobile Safari/537.36 (compatible; Googlebot/2.1; +http://www.google.com/bot.html)"
192.178.7.37 - - [24/Aug/2026:23:32:28 +0530] "GET /?item/27430695129583.html HTTP/1.1" 200 841 "-" "Mozilla/5.0 (Linux; Android 6.0.1; Nexus 5X Build/MMB29P) AppleWebKit/537.36 (KHTML, like Gecko) Chrome/151.0.7922.137 Mobile Safari/537.36 (compatible; Googlebot/2.1; +http://www.google.com/bot.html)"
192.178.7.37 - - [24/Aug/2026:23:32:56 +0530] "GET /?item/15003517233907.html HTTP/1.1" 200 841 "-" "Mozilla/5.0 (Linux; Android 6.0.1; Nexus 5X Build/MMB29P) AppleWebKit/537.36 (KHTML, like Gecko) Chrome/151.0.7922.137 Mobile Safari/537.36 (compatible; Googlebot/2.1; +http://www.google.com/bot.html)"
192.178.7.37 - - [24/Aug/2026:23:33:10 +0530] "GET /shop/pg/87725588-1 HTTP/1.1" 404 - "-" "Mozilla/5.0 (Linux; Android 6.0.1; Nexus 5X Build/MMB29P) AppleWebKit/537.36 (KHTML, like Gecko) Chrome/151.0.7922.137 Mobile Safari/537.36 (compatible; Googlebot/2.1; +http://www.google.com/bot.html)"
57.141.0.17 - - [24/Aug/2026:23:33:22 +0530] "GET / HTTP/1.1" 200 841 "-" "facebookexternalhit/1.1 (+http://www.facebook.com/externalhit_uatext.php)"
192.178.7.37 - - [24/Aug/2026:23:33:37 +0530] "GET /?item/10119624618077.html HTTP/1.1" 200 841 "-" "Mozilla/5.0 (Linux; Android 6.0.1; Nexus 5X Build/MMB29P) AppleWebKit/537.36 (KHTML, like Gecko) Chrome/151.0.7922.137 Mobile Safari/537.36 (compatible; Googlebot/2.1; +http://www.google.com/bot.html)"
192.178.7.37 - - [24/Aug/2026:23:33:38 +0530] "GET /?item/32515016057509.html HTTP/1.1" 200 841 "-" "Mozilla/5.0 (Linux; Android 6.0.1; Nexus 5X Build/MMB29P) AppleWebKit/537.36 (KHTML, like Gecko) Chrome/151.0.7922.137 Mobile Safari/537.36 (compatible; Googlebot/2.1; +http://www.google.com/bot.html)"
192.178.7.37 - - [24/Aug/2026:23:33:44 +0530] "GET /?item/17981825846375.html HTTP/1.1" 200 841 "-" "Mozilla/5.0 (Linux; Android 6.0.1; Nexus 5X Build/MMB29P) AppleWebKit/537.36 (KHTML, like Gecko) Chrome/151.0.7922.137 Mobile Safari/537.36 (compatible; Googlebot/2.1; +http://www.google.com/bot.html)"
192.178.7.37 - - [24/Aug/2026:23:34:13 +0530] "GET /?item/30085355068532.html HTTP/1.1" 200 841 "-" "Mozilla/5.0 (Linux; Android 6.0.1; Nexus 5X Build/MMB29P) AppleWebKit/537.36 (KHTML, like Gecko) Chrome/151.0.7922.137 Mobile Safari/537.36 (compatible; Googlebot/2.1; +http://www.google.com/bot.html)"
192.178.7.37 - - [24/Aug/2026:23:34:37 +0530] "GET /?item/24870184316779.html HTTP/1.1" 200 841 "-" "Mozilla/5.0 (Linux; Android 6.0.1; Nexus 5X Build/MMB29P) AppleWebKit/537.36 (KHTML, like Gecko) Chrome/151.0.7922.137 Mobile Safari/537.36 (compatible; Googlebot/2.1; +http://www.google.com/bot.html)"
57.141.18.16 - - [24/Aug/2026:23:35:03 +0530] "GET / HTTP/1.1" 200 841 "-" "facebookexternalhit/1.1 (+http://www.facebook.com/externalhit_uatext.php)"
192.178.7.37 - - [24/Aug/2026:23:35:51 +0530] "GET /?item/42527245009795.html HTTP/1.1" 200 841 "-" "Mozilla/5.0 (Linux; Android 6.0.1; Nexus 5X Build/MMB29P) AppleWebKit/537.36 (KHTML, like Gecko) Chrome/151.0.7922.137 Mobile Safari/537.36 (compatible; Googlebot/2.1; +http://www.google.com/bot.html)"
57.141.14.116 - - [24/Aug/2026:23:36:07 +0530] "GET / HTTP/1.1" 200 841 "-" "facebookexternalhit/1.1 (+http://www.facebook.com/externalhit_uatext.php)"
17.246.15.165 - - [24/Aug/2026:23:36:44 +0530] "GET /robots.txt HTTP/1.1" 404 - "-" "Mozilla/5.0 (Macintosh; Intel Mac OS X 10_15_7) AppleWebKit/605.1.15 (KHTML, like Gecko) Version/17.4 Safari/605.1.15 (Applebot/0.1; +http://www.apple.com/go/applebot)"
17.246.15.165 - - [24/Aug/2026:23:36:44 +0530] "GET /wp-content/uploads/2026/05/ HTTP/1.1" 200 18961 "-" "Mozilla/5.0 (Macintosh; Intel Mac OS X 10_15_7) AppleWebKit/605.1.15 (KHTML, like Gecko) Version/17.4 Safari/605.1.15 (Applebot/0.1; +http://www.apple.com/go/applebot)"
192.178.7.37 - - [24/Aug/2026:23:37:59 +0530] "GET /?item/26042865639656.html HTTP/1.1" 200 841 "-" "Mozilla/5.0 (Linux; Android 6.0.1; Nexus 5X Build/MMB29P) AppleWebKit/537.36 (KHTML, like Gecko) Chrome/151.0.7922.137 Mobile Safari/537.36 (compatible; Googlebot/2.1; +http://www.google.com/bot.html)"
192.178.7.37 - - [24/Aug/2026:23:38:16 +0530] "GET /?item/37175097050002.html HTTP/1.1" 200 841 "-" "Mozilla/5.0 (Linux; Android 6.0.1; Nexus 5X Build/MMB29P) AppleWebKit/537.36 (KHTML, like Gecko) Chrome/151.0.7922.137 Mobile Safari/537.36 (compatible; Googlebot/2.1; +http://www.google.com/bot.html)"
192.178.7.37 - - [24/Aug/2026:23:38:25 +0530] "GET /?item/30969387388812.html HTTP/1.1" 200 841 "-" "Mozilla/5.0 (Linux; Android 6.0.1; Nexus 5X Build/MMB29P) AppleWebKit/537.36 (KHTML, like Gecko) Chrome/151.0.7922.137 Mobile Safari/537.36 (compatible; Googlebot/2.1; +http://www.google.com/bot.html)"
192.178.7.37 - - [24/Aug/2026:23:39:27 +0530] "GET /?item/32283405117557.html HTTP/1.1" 200 841 "-" "Mozilla/5.0 (Linux; Android 6.0.1; Nexus 5X Build/MMB29P) AppleWebKit/537.36 (KHTML, like Gecko) Chrome/151.0.7922.137 Mobile Safari/537.36 (compatible; Googlebot/2.1; +http://www.google.com/bot.html)"
192.178.7.37 - - [24/Aug/2026:23:39:28 +0530] "GET /?item/26041645456956.html HTTP/1.1" 200 841 "-" "Mozilla/5.0 (Linux; Android 6.0.1; Nexus 5X Build/MMB29P) AppleWebKit/537.36 (KHTML, like Gecko) Chrome/151.0.7922.137 Mobile Safari/537.36 (compatible; Googlebot/2.1; +http://www.google.com/bot.html)"
192.178.7.37 - - [24/Aug/2026:23:39:45 +0530] "GET /?item/17184564819624.html HTTP/1.1" 200 841 "-" "Mozilla/5.0 (Linux; Android 6.0.1; Nexus 5X Build/MMB29P) AppleWebKit/537.36 (KHTML, like Gecko) Chrome/151.0.7922.137 Mobile Safari/537.36 (compatible; Googlebot/2.1; +http://www.google.com/bot.html)"
192.178.7.39 - - [24/Aug/2026:23:40:35 +0530] "GET /?item/22034927715570.html HTTP/1.1" 200 841 "-" "Mozilla/5.0 (Linux; Android 6.0.1; Nexus 5X Build/MMB29P) AppleWebKit/537.36 (KHTML, like Gecko) Chrome/151.0.7922.137 Mobile Safari/537.36 (compatible; Googlebot/2.1; +http://www.google.com/bot.html)"
192.178.7.39 - - [24/Aug/2026:23:42:37 +0530] "GET /shop/pg/54670774-4 HTTP/1.1" 404 - "-" "Mozilla/5.0 (Linux; Android 6.0.1; Nexus 5X Build/MMB29P) AppleWebKit/537.36 (KHTML, like Gecko) Chrome/151.0.7922.137 Mobile Safari/537.36 (compatible; Googlebot/2.1; +http://www.google.com/bot.html)"
192.178.7.38 - - [24/Aug/2026:23:43:00 +0530] "GET /?item/11550716749301.html HTTP/1.1" 200 841 "-" "Mozilla/5.0 (Linux; Android 6.0.1; Nexus 5X Build/MMB29P) AppleWebKit/537.36 (KHTML, like Gecko) Chrome/151.0.7922.137 Mobile Safari/537.36 (compatible; Googlebot/2.1; +http://www.google.com/bot.html)"
192.178.7.37 - - [24/Aug/2026:23:44:45 +0530] "GET /?item/15514847874598.html HTTP/1.1" 200 841 "-" "Mozilla/5.0 (Linux; Android 6.0.1; Nexus 5X Build/MMB29P) AppleWebKit/537.36 (KHTML, like Gecko) Chrome/151.0.7922.137 Mobile Safari/537.36 (compatible; Googlebot/2.1; +http://www.google.com/bot.html)"
157.55.39.54 - - [24/Aug/2026:23:45:12 +0530] "GET /?d=40433121895 HTTP/1.1" 200 841 "-" "Mozilla/5.0 AppleWebKit/537.36 (KHTML, like Gecko; compatible; bingbot/2.0; +http://www.bing.com/bingbot.htm) Chrome/116.0.1938.76 Safari/537.36"
192.178.7.39 - - [24/Aug/2026:23:46:05 +0530] "GET /?item/17357385354054.html HTTP/1.1" 200 841 "-" "Mozilla/5.0 (Linux; Android 6.0.1; Nexus 5X Build/MMB29P) AppleWebKit/537.36 (KHTML, like Gecko) Chrome/151.0.7922.137 Mobile Safari/537.36 (compatible; Googlebot/2.1; +http://www.google.com/bot.html)"
192.178.7.37 - - [24/Aug/2026:23:46:14 +0530] "GET /?item/31424857798203.html HTTP/1.1" 200 841 "-" "Mozilla/5.0 (Linux; Android 6.0.1; Nexus 5X Build/MMB29P) AppleWebKit/537.36 (KHTML, like Gecko) Chrome/151.0.7922.137 Mobile Safari/537.36 (compatible; Googlebot/2.1; +http://www.google.com/bot.html)"
192.178.7.37 - - [24/Aug/2026:23:46:14 +0530] "GET /?item/16355674662981.html HTTP/1.1" 200 841 "-" "Mozilla/5.0 (Linux; Android 6.0.1; Nexus 5X Build/MMB29P) AppleWebKit/537.36 (KHTML, like Gecko) Chrome/151.0.7922.137 Mobile Safari/537.36 (compatible; Googlebot/2.1; +http://www.google.com/bot.html)"
192.178.7.37 - - [24/Aug/2026:23:46:46 +0530] "GET /?item/25319426024152.html HTTP/1.1" 200 841 "-" "Mozilla/5.0 (Linux; Android 6.0.1; Nexus 5X Build/MMB29P) AppleWebKit/537.36 (KHTML, like Gecko) Chrome/151.0.7922.137 Mobile Safari/537.36 (compatible; Googlebot/2.1; +http://www.google.com/bot.html)"
192.178.7.38 - - [24/Aug/2026:23:47:41 +0530] "GET /?item/48589125037503.html HTTP/1.1" 200 841 "-" "Mozilla/5.0 (Linux; Android 6.0.1; Nexus 5X Build/MMB29P) AppleWebKit/537.36 (KHTML, like Gecko) Chrome/151.0.7922.137 Mobile Safari/537.36 (compatible; Googlebot/2.1; +http://www.google.com/bot.html)"
192.178.7.39 - - [24/Aug/2026:23:49:14 +0530] "GET /?item/36917957502266.html HTTP/1.1" 200 841 "-" "Mozilla/5.0 (Linux; Android 6.0.1; Nexus 5X Build/MMB29P) AppleWebKit/537.36 (KHTML, like Gecko) Chrome/151.0.7922.137 Mobile Safari/537.36 (compatible; Googlebot/2.1; +http://www.google.com/bot.html)"
192.178.7.37 - - [24/Aug/2026:23:52:11 +0530] "GET /?item/35963167857645.html HTTP/1.1" 200 841 "-" "Mozilla/5.0 (Linux; Android 6.0.1; Nexus 5X Build/MMB29P) AppleWebKit/537.36 (KHTML, like Gecko) Chrome/151.0.7922.137 Mobile Safari/537.36 (compatible; Googlebot/2.1; +http://www.google.com/bot.html)"
52.167.144.230 - - [24/Aug/2026:23:52:12 +0530] "GET /?y=61202146156 HTTP/1.1" 200 841 "-" "Mozilla/5.0 AppleWebKit/537.36 (KHTML, like Gecko; compatible; bingbot/2.0; +http://www.bing.com/bingbot.htm) Chrome/116.0.1938.76 Safari/537.36"
65.21.164.231 - - [24/Aug/2026:23:53:31 +0530] "GET /robots.txt HTTP/1.1" 404 - "-" "Mozilla/5.0 (compatible; AwarioBot/1.0; +https://awario.com/bots.html)"
65.21.164.231 - - [24/Aug/2026:23:53:31 +0530] "GET /wp-content/plugins/?C=D;O=D HTTP/1.1" 200 1766 "-" "Mozilla/5.0 (compatible; AwarioBot/1.0; +https://awario.com/bots.html)"
65.21.164.231 - - [24/Aug/2026:23:53:33 +0530] "GET /wp-content/plugins/?C=M;O=D HTTP/1.1" 200 1766 "-" "Mozilla/5.0 (compatible; AwarioBot/1.0; +https://awario.com/bots.html)"
65.21.164.231 - - [24/Aug/2026:23:53:37 +0530] "GET /wp-content/plugins/?C=N;O=A HTTP/1.1" 200 1766 "-" "Mozilla/5.0 (compatible; AwarioBot/1.0; +https://awario.com/bots.html)"
65.21.164.231 - - [24/Aug/2026:23:53:40 +0530] "GET /wp-content/plugins/?C=S;O=D HTTP/1.1" 200 1766 "-" "Mozilla/5.0 (compatible; AwarioBot/1.0; +https://awario.com/bots.html)"
65.21.164.231 - - [24/Aug/2026:23:53:42 +0530] "GET /wp-content/plugins/better-wp-security/?C=D;O=A HTTP/1.1" 200 1244 "-" "Mozilla/5.0 (compatible; AwarioBot/1.0; +https://awario.com/bots.html)"
192.178.7.38 - - [24/Aug/2026:23:53:59 +0530] "GET /?item/39524704713252.html HTTP/1.1" 200 841 "-" "Mozilla/5.0 (Linux; Android 6.0.1; Nexus 5X Build/MMB29P) AppleWebKit/537.36 (KHTML, like Gecko) Chrome/151.0.7922.137 Mobile Safari/537.36 (compatible; Googlebot/2.1; +http://www.google.com/bot.html)"
192.178.7.39 - - [24/Aug/2026:23:53:59 +0530] "GET /?item/25244596107707.html HTTP/1.1" 200 841 "-" "Mozilla/5.0 (Linux; Android 6.0.1; Nexus 5X Build/MMB29P) AppleWebKit/537.36 (KHTML, like Gecko) Chrome/151.0.7922.137 Mobile Safari/537.36 (compatible; Googlebot/2.1; +http://www.google.com/bot.html)"
65.21.164.231 - - [24/Aug/2026:23:54:21 +0530] "GET /wp-content/plugins/better-wp-security/?C=M;O=A HTTP/1.1" 200 1244 "-" "Mozilla/5.0 (compatible; AwarioBot/1.0; +https://awario.com/bots.html)"
65.21.164.231 - - [24/Aug/2026:23:54:23 +0530] "GET /wp-content/plugins/better-wp-security/?C=N;O=D HTTP/1.1" 200 1244 "-" "Mozilla/5.0 (compatible; AwarioBot/1.0; +https://awario.com/bots.html)"
65.21.164.231 - - [24/Aug/2026:23:54:25 +0530] "GET /wp-content/plugins/better-wp-security/?C=S;O=A HTTP/1.1" 200 1244 "-" "Mozilla/5.0 (compatible; AwarioBot/1.0; +https://awario.com/bots.html)"
65.21.164.231 - - [24/Aug/2026:23:54:29 +0530] "GET /wp-content/plugins/better-wp-security/core/ HTTP/1.1" 200 1802 "-" "Mozilla/5.0 (compatible; AwarioBot/1.0; +https://awario.com/bots.html)"
65.21.164.231 - - [24/Aug/2026:23:54:31 +0530] "GET /wp-content/plugins/better-wp-security/dist/ HTTP/1.1" 200 920 "-" "Mozilla/5.0 (compatible; AwarioBot/1.0; +https://awario.com/bots.html)"
192.178.7.38 - - [24/Aug/2026:23:54:47 +0530] "GET /?item/21424085246338.html HTTP/1.1" 200 841 "-" "Mozilla/5.0 (Linux; Android 6.0.1; Nexus 5X Build/MMB29P) AppleWebKit/537.36 (KHTML, like Gecko) Chrome/151.0.7922.137 Mobile Safari/537.36 (compatible; Googlebot/2.1; +http://www.google.com/bot.html)"
192.178.7.37 - - [24/Aug/2026:23:54:50 +0530] "GET /?item/23976807879292.html HTTP/1.1" 200 841 "-" "Mozilla/5.0 (Linux; Android 6.0.1; Nexus 5X Build/MMB29P) AppleWebKit/537.36 (KHTML, like Gecko) Chrome/151.0.7922.137 Mobile Safari/537.36 (compatible; Googlebot/2.1; +http://www.google.com/bot.html)"
52.167.144.217 - - [24/Aug/2026:23:55:05 +0530] "GET /?y=5082840864 HTTP/1.1" 200 841 "-" "Mozilla/5.0 AppleWebKit/537.36 (KHTML, like Gecko; compatible; bingbot/2.0; +http://www.bing.com/bingbot.htm) Chrome/116.0.1938.76 Safari/537.36"
192.178.7.37 - - [24/Aug/2026:23:55:12 +0530] "GET /?item/21780726997075.html HTTP/1.1" 200 841 "-" "Mozilla/5.0 (Linux; Android 6.0.1; Nexus 5X Build/MMB29P) AppleWebKit/537.36 (KHTML, like Gecko) Chrome/151.0.7922.137 Mobile Safari/537.36 (compatible; Googlebot/2.1; +http://www.google.com/bot.html)"
65.21.164.231 - - [24/Aug/2026:23:56:03 +0530] "GET /robots.txt HTTP/1.1" 404 - "-" "Mozilla/5.0 (compatible; AwarioBot/1.0; +https://awario.com/bots.html)"
65.21.164.231 - - [24/Aug/2026:23:56:03 +0530] "GET /wp-content/plugins/better-wp-security/vendor-prod/ HTTP/1.1" 200 2002 "-" "Mozilla/5.0 (compatible; AwarioBot/1.0; +https://awario.com/bots.html)"
192.178.7.37 - - [24/Aug/2026:23:56:05 +0530] "GET /?item/24883685119709.html HTTP/1.1" 200 841 "-" "Mozilla/5.0 (Linux; Android 6.0.1; Nexus 5X Build/MMB29P) AppleWebKit/537.36 (KHTML, like Gecko) Chrome/151.0.7922.137 Mobile Safari/537.36 (compatible; Googlebot/2.1; +http://www.google.com/bot.html)"
192.178.7.37 - - [24/Aug/2026:23:56:24 +0530] "GET /?item/33410745569354.html HTTP/1.1" 200 841 "-" "Mozilla/5.0 (Linux; Android 6.0.1; Nexus 5X Build/MMB29P) AppleWebKit/537.36 (KHTML, like Gecko) Chrome/151.0.7922.137 Mobile Safari/537.36 (compatible; Googlebot/2.1; +http://www.google.com/bot.html)"
65.21.164.231 - - [24/Aug/2026:23:57:05 +0530] "GET /wp-content/plugins/code-snippets/?C=D;O=A HTTP/1.1" 200 1226 "-" "Mozilla/5.0 (compatible; AwarioBot/1.0; +https://awario.com/bots.html)"
65.21.164.231 - - [24/Aug/2026:23:57:08 +0530] "GET /wp-content/plugins/code-snippets/?C=M;O=A HTTP/1.1" 200 1226 "-" "Mozilla/5.0 (compatible; AwarioBot/1.0; +https://awario.com/bots.html)"
65.21.164.231 - - [24/Aug/2026:23:57:19 +0530] "GET /wp-content/plugins/code-snippets/?C=N;O=D HTTP/1.1" 200 1226 "-" "Mozilla/5.0 (compatible; AwarioBot/1.0; +https://awario.com/bots.html)"
65.21.164.231 - - [24/Aug/2026:23:57:22 +0530] "GET /wp-content/plugins/code-snippets/?C=S;O=A HTTP/1.1" 200 1226 "-" "Mozilla/5.0 (compatible; AwarioBot/1.0; +https://awario.com/bots.html)"
65.21.164.231 - - [24/Aug/2026:23:57:25 +0530] "GET /wp-content/plugins/code-snippets/js/ HTTP/1.1" 200 1432 "-" "Mozilla/5.0 (compatible; AwarioBot/1.0; +https://awario.com/bots.html)"
65.21.164.231 - - [24/Aug/2026:23:57:27 +0530] "GET /wp-content/plugins/code-snippets/php/ HTTP/1.1" 200 1261 "-" "Mozilla/5.0 (compatible; AwarioBot/1.0; +https://awario.com/bots.html)"
65.21.164.231 - - [24/Aug/2026:23:57:30 +0530] "GET /wp-content/plugins/code-snippets/vendor/ HTTP/1.1" 200 1092 "-" "Mozilla/5.0 (compatible; AwarioBot/1.0; +https://awario.com/bots.html)"
65.21.164.231 - - [24/Aug/2026:23:57:37 +0530] "GET /wp-content/plugins/elementor-pro/?C=D;O=A HTTP/1.1" 200 1408 "-" "Mozilla/5.0 (compatible; AwarioBot/1.0; +https://awario.com/bots.html)"
65.21.164.231 - - [24/Aug/2026:23:57:40 +0530] "GET /wp-content/plugins/elementor-pro/?C=M;O=A HTTP/1.1" 200 1408 "-" "Mozilla/5.0 (compatible; AwarioBot/1.0; +https://awario.com/bots.html)"
65.21.164.231 - - [24/Aug/2026:23:57:43 +0530] "GET /wp-content/plugins/elementor-pro/?C=N;O=D HTTP/1.1" 200 1408 "-" "Mozilla/5.0 (compatible; AwarioBot/1.0; +https://awario.com/bots.html)"
65.21.164.231 - - [24/Aug/2026:23:57:45 +0530] "GET /wp-content/plugins/elementor-pro/?C=S;O=A HTTP/1.1" 200 1408 "-" "Mozilla/5.0 (compatible; AwarioBot/1.0; +https://awario.com/bots.html)"
65.21.164.231 - - [24/Aug/2026:23:57:48 +0530] "GET /wp-content/plugins/elementor-pro/assets/ HTTP/1.1" 200 1426 "-" "Mozilla/5.0 (compatible; AwarioBot/1.0; +https://awario.com/bots.html)"
65.21.164.231 - - [24/Aug/2026:23:57:51 +0530] "GET /wp-content/plugins/elementor-pro/core/ HTTP/1.1" 200 1616 "-" "Mozilla/5.0 (compatible; AwarioBot/1.0; +https://awario.com/bots.html)"
192.178.7.39 - - [24/Aug/2026:23:57:54 +0530] "GET /?item/12838074460937.html HTTP/1.1" 200 841 "-" "Mozilla/5.0 (Linux; Android 6.0.1; Nexus 5X Build/MMB29P) AppleWebKit/537.36 (KHTML, like Gecko) Chrome/151.0.7922.137 Mobile Safari/537.36 (compatible; Googlebot/2.1; +http://www.google.com/bot.html)"
65.21.164.231 - - [24/Aug/2026:23:57:54 +0530] "GET /wp-content/plugins/elementor-pro/license/ HTTP/1.1" 200 1086 "-" "Mozilla/5.0 (compatible; AwarioBot/1.0; +https://awario.com/bots.html)"
65.21.164.231 - - [24/Aug/2026:23:57:57 +0530] "GET /wp-content/plugins/elementor-pro/modules/ HTTP/1.1" 200 10430 "-" "Mozilla/5.0 (compatible; AwarioBot/1.0; +https://awario.com/bots.html)"
65.21.164.231 - - [24/Aug/2026:23:58:00 +0530] "GET /wp-content/plugins/elementor/?C=D;O=A HTTP/1.1" 200 2105 "-" "Mozilla/5.0 (compatible; AwarioBot/1.0; +https://awario.com/bots.html)"
65.21.164.231 - - [24/Aug/2026:23:58:04 +0530] "GET /robots.txt HTTP/1.1" 404 - "-" "Mozilla/5.0 (compatible; AwarioBot/1.0; +https://awario.com/bots.html)"
65.21.164.231 - - [24/Aug/2026:23:58:04 +0530] "GET /wp-content/plugins/elementor/?C=M;O=A HTTP/1.1" 200 2105 "-" "Mozilla/5.0 (compatible; AwarioBot/1.0; +https://awario.com/bots.html)"
192.178.7.37 - - [24/Aug/2026:23:58:08 +0530] "GET /?item/33087555309893.html HTTP/1.1" 200 841 "-" "Mozilla/5.0 (Linux; Android 6.0.1; Nexus 5X Build/MMB29P) AppleWebKit/537.36 (KHTML, like Gecko) Chrome/151.0.7922.137 Mobile Safari/537.36 (compatible; Googlebot/2.1; +http://www.google.com/bot.html)"
65.21.164.231 - - [24/Aug/2026:23:58:08 +0530] "GET /wp-content/plugins/elementor/?C=N;O=D HTTP/1.1" 200 2105 "-" "Mozilla/5.0 (compatible; AwarioBot/1.0; +https://awario.com/bots.html)"
65.21.164.231 - - [24/Aug/2026:23:58:12 +0530] "GET /wp-content/plugins/elementor/?C=S;O=A HTTP/1.1" 200 2105 "-" "Mozilla/5.0 (compatible; AwarioBot/1.0; +https://awario.com/bots.html)"
65.21.164.231 - - [24/Aug/2026:23:58:16 +0530] "GET /wp-content/plugins/elementor/app/ HTTP/1.1" 200 894 "-" "Mozilla/5.0 (compatible; AwarioBot/1.0; +https://awario.com/bots.html)"
65.21.164.231 - - [24/Aug/2026:23:58:21 +0530] "GET /wp-content/plugins/elementor/assets/ HTTP/1.1" 200 1414 "-" "Mozilla/5.0 (compatible; AwarioBot/1.0; +https://awario.com/bots.html)"
192.178.7.37 - - [24/Aug/2026:23:58:22 +0530] "GET /?item/47827535987520.html HTTP/1.1" 200 841 "-" "Mozilla/5.0 (Linux; Android 6.0.1; Nexus 5X Build/MMB29P) AppleWebKit/537.36 (KHTML, like Gecko) Chrome/151.0.7922.137 Mobile Safari/537.36 (compatible; Googlebot/2.1; +http://www.google.com/bot.html)"
65.21.164.231 - - [24/Aug/2026:23:58:26 +0530] "GET /wp-content/plugins/elementor/core/ HTTP/1.1" 200 3530 "-" "Mozilla/5.0 (compatible; AwarioBot/1.0; +https://awario.com/bots.html)"
65.21.164.231 - - [24/Aug/2026:23:58:30 +0530] "GET /wp-content/plugins/elementor/data/ HTTP/1.1" 200 1064 "-" "Mozilla/5.0 (compatible; AwarioBot/1.0; +https://awario.com/bots.html)"
65.21.164.231 - - [24/Aug/2026:23:58:34 +0530] "GET /wp-content/plugins/elementor/includes/ HTTP/1.1" 200 1621 "-" "Mozilla/5.0 (compatible; AwarioBot/1.0; +https://awario.com/bots.html)"
65.21.164.231 - - [24/Aug/2026:23:58:36 +0530] "GET /wp-content/plugins/elementor/modules/ HTTP/1.1" 200 7048 "-" "Mozilla/5.0 (compatible; AwarioBot/1.0; +https://awario.com/bots.html)"
65.21.164.231 - - [24/Aug/2026:23:58:38 +0530] "GET /wp-content/plugins/elementor/vendor/ HTTP/1.1" 200 902 "-" "Mozilla/5.0 (compatible; AwarioBot/1.0; +https://awario.com/bots.html)"
65.21.164.231 - - [24/Aug/2026:23:58:41 +0530] "GET /wp-content/plugins/elementor/vendor_prefixed/ HTTP/1.1" 200 915 "-" "Mozilla/5.0 (compatible; AwarioBot/1.0; +https://awario.com/bots.html)"
65.21.164.231 - - [24/Aug/2026:23:58:44 +0530] "GET /wp-content/plugins/imunify-security/?C=D;O=A HTTP/1.1" 200 1233 "-" "Mozilla/5.0 (compatible; AwarioBot/1.0; +https://awario.com/bots.html)"
65.21.164.231 - - [24/Aug/2026:23:58:47 +0530] "GET /wp-content/plugins/imunify-security/?C=M;O=A HTTP/1.1" 200 1233 "-" "Mozilla/5.0 (compatible; AwarioBot/1.0; +https://awario.com/bots.html)"
65.21.164.231 - - [24/Aug/2026:23:58:49 +0530] "GET /wp-content/plugins/imunify-security/?C=N;O=D HTTP/1.1" 200 1233 "-" "Mozilla/5.0 (compatible; AwarioBot/1.0; +https://awario.com/bots.html)"
65.21.164.231 - - [24/Aug/2026:23:58:51 +0530] "GET /wp-content/plugins/imunify-security/?C=S;O=A HTTP/1.1" 200 1233 "-" "Mozilla/5.0 (compatible; AwarioBot/1.0; +https://awario.com/bots.html)"
192.178.7.37 - - [24/Aug/2026:23:58:53 +0530] "GET /?item/22723196896810.html HTTP/1.1" 200 841 "-" "Mozilla/5.0 (Linux; Android 6.0.1; Nexus 5X Build/MMB29P) AppleWebKit/537.36 (KHTML, like Gecko) Chrome/151.0.7922.137 Mobile Safari/537.36 (compatible; Googlebot/2.1; +http://www.google.com/bot.html)"
65.21.164.231 - - [24/Aug/2026:23:58:56 +0530] "GET /wp-content/plugins/imunify-security/assets/ HTTP/1.1" 200 1095 "-" "Mozilla/5.0 (compatible; AwarioBot/1.0; +https://awario.com/bots.html)"
65.21.164.231 - - [24/Aug/2026:23:58:59 +0530] "GET /wp-content/plugins/imunify-security/inc/ HTTP/1.1" 200 911 "-" "Mozilla/5.0 (compatible; AwarioBot/1.0; +https://awario.com/bots.html)"
65.21.164.231 - - [24/Aug/2026:23:59:02 +0530] "GET /wp-content/plugins/imunify-security/lib/ HTTP/1.1" 200 918 "-" "Mozilla/5.0 (compatible; AwarioBot/1.0; +https://awario.com/bots.html)"
65.21.164.231 - - [24/Aug/2026:23:59:07 +0530] "GET /wp-content/plugins/updraftplus/?C=D;O=A HTTP/1.1" 200 1234 "-" "Mozilla/5.0 (compatible; AwarioBot/1.0; +https://awario.com/bots.html)"
65.21.164.231 - - [24/Aug/2026:23:59:10 +0530] "GET /wp-content/plugins/updraftplus/?C=M;O=A HTTP/1.1" 200 1234 "-" "Mozilla/5.0 (compatible; AwarioBot/1.0; +https://awario.com/bots.html)"
65.21.164.231 - - [24/Aug/2026:23:59:15 +0530] "GET /wp-content/plugins/updraftplus/?C=N;O=D HTTP/1.1" 200 1234 "-" "Mozilla/5.0 (compatible; AwarioBot/1.0; +https://awario.com/bots.html)"
192.178.7.38 - - [24/Aug/2026:23:59:18 +0530] "GET /?item/14835214586748.html HTTP/1.1" 200 841 "-" "Mozilla/5.0 (Linux; Android 6.0.1; Nexus 5X Build/MMB29P) AppleWebKit/537.36 (KHTML, like Gecko) Chrome/151.0.7922.137 Mobile Safari/537.36 (compatible; Googlebot/2.1; +http://www.google.com/bot.html)"
65.21.164.231 - - [24/Aug/2026:23:59:18 +0530] "GET /wp-content/plugins/updraftplus/?C=S;O=A HTTP/1.1" 200 1234 "-" "Mozilla/5.0 (compatible; AwarioBot/1.0; +https://awario.com/bots.html)"
65.21.164.231 - - [24/Aug/2026:23:59:21 +0530] "GET /wp-content/plugins/updraftplus/includes/ HTTP/1.1" 200 1976 "-" "Mozilla/5.0 (compatible; AwarioBot/1.0; +https://awario.com/bots.html)"
65.21.164.231 - - [24/Aug/2026:23:59:23 +0530] "GET /wp-content/plugins/updraftplus/templates/ HTTP/1.1" 200 913 "-" "Mozilla/5.0 (compatible; AwarioBot/1.0; +https://awario.com/bots.html)"
65.21.164.231 - - [24/Aug/2026:23:59:25 +0530] "GET /wp-content/plugins/updraftplus/vendor/ HTTP/1.1" 200 3213 "-" "Mozilla/5.0 (compatible; AwarioBot/1.0; +https://awario.com/bots.html)"
65.21.164.231 - - [24/Aug/2026:23:59:28 +0530] "GET /wp-content/themes/?C=D;O=D HTTP/1.1" 200 1410 "-" "Mozilla/5.0 (compatible; AwarioBot/1.0; +https://awario.com/bots.html)"
65.21.164.231 - - [24/Aug/2026:23:59:32 +0530] "GET /wp-content/themes/?C=M;O=D HTTP/1.1" 200 1410 "-" "Mozilla/5.0 (compatible; AwarioBot/1.0; +https://awario.com/bots.html)"
65.21.164.231 - - [24/Aug/2026:23:59:36 +0530] "GET /wp-content/themes/?C=N;O=A HTTP/1.1" 200 1410 "-" "Mozilla/5.0 (compatible; AwarioBot/1.0; +https://awario.com/bots.html)"
65.21.164.231 - - [24/Aug/2026:23:59:43 +0530] "GET /wp-content/themes/?C=S;O=D HTTP/1.1" 200 1410 "-" "Mozilla/5.0 (compatible; AwarioBot/1.0; +https://awario.com/bots.html)"
65.21.164.231 - - [24/Aug/2026:23:59:45 +0530] "GET /wp-content/themes/hello-elementor/?C=D;O=A HTTP/1.1" 200 1060 "-" "Mozilla/5.0 (compatible; AwarioBot/1.0; +https://awario.com/bots.html)"
192.178.7.37 - - [24/Aug/2026:23:59:45 +0530] "GET /?item/22480085344677.html HTTP/1.1" 200 841 "-" "Mozilla/5.0 (Linux; Android 6.0.1; Nexus 5X Build/MMB29P) AppleWebKit/537.36 (KHTML, like Gecko) Chrome/151.0.7922.137 Mobile Safari/537.36 (compatible; Googlebot/2.1; +http://www.google.com/bot.html)"
192.178.7.37 - - [24/Aug/2026:23:59:53 +0530] "GET /?item/44688637977014.html HTTP/1.1" 200 841 "-" "Mozilla/5.0 (Linux; Android 6.0.1; Nexus 5X Build/MMB29P) AppleWebKit/537.36 (KHTML, like Gecko) Chrome/151.0.7922.137 Mobile Safari/537.36 (compatible; Googlebot/2.1; +http://www.google.com/bot.html)"
65.21.164.231 - - [24/Aug/2026:23:59:57 +0530] "GET /wp-content/themes/hello-elementor/?C=M;O=A HTTP/1.1" 200 1060 "-" "Mozilla/5.0 (compatible; AwarioBot/1.0; +https://awario.com/bots.html)"
65.21.164.231 - - [25/Aug/2026:00:00:00 +0530] "GET /wp-content/themes/hello-elementor/?C=N;O=D HTTP/1.1" 200 1060 "-" "Mozilla/5.0 (compatible; AwarioBot/1.0; +https://awario.com/bots.html)"
65.21.164.231 - - [25/Aug/2026:00:00:05 +0530] "GET /robots.txt HTTP/1.1" 404 - "-" "Mozilla/5.0 (compatible; AwarioBot/1.0; +https://awario.com/bots.html)"
65.21.164.231 - - [25/Aug/2026:00:00:05 +0530] "GET /wp-content/themes/hello-elementor/?C=S;O=A HTTP/1.1" 200 1060 "-" "Mozilla/5.0 (compatible; AwarioBot/1.0; +https://awario.com/bots.html)"
65.21.164.231 - - [25/Aug/2026:00:00:12 +0530] "GET /wp-content/themes/hello-elementor/modules/ HTTP/1.1" 200 920 "-" "Mozilla/5.0 (compatible; AwarioBot/1.0; +https://awario.com/bots.html)"
65.21.164.231 - - [25/Aug/2026:00:00:14 +0530] "GET /wp-content/themes/hello-elementor/vendor/ HTTP/1.1" 200 917 "-" "Mozilla/5.0 (compatible; AwarioBot/1.0; +https://awario.com/bots.html)"
65.21.164.231 - - [25/Aug/2026:00:00:17 +0530] "GET /wp-content/themes/twentytwentyfive/?C=D;O=A HTTP/1.1" 200 886 "-" "Mozilla/5.0 (compatible; AwarioBot/1.0; +https://awario.com/bots.html)"
192.178.7.38 - - [25/Aug/2026:00:00:21 +0530] "GET /?item/33382435562516.html HTTP/1.1" 200 841 "-" "Mozilla/5.0 (Linux; Android 6.0.1; Nexus 5X Build/MMB29P) AppleWebKit/537.36 (KHTML, like Gecko) Chrome/151.0.7922.137 Mobile Safari/537.36 (compatible; Googlebot/2.1; +http://www.google.com/bot.html)"
65.21.164.231 - - [25/Aug/2026:00:00:22 +0530] "GET /wp-content/themes/twentytwentyfive/?C=M;O=A HTTP/1.1" 200 886 "-" "Mozilla/5.0 (compatible; AwarioBot/1.0; +https://awario.com/bots.html)"
65.21.164.231 - - [25/Aug/2026:00:00:32 +0530] "GET /wp-content/themes/twentytwentyfive/?C=N;O=D HTTP/1.1" 200 886 "-" "Mozilla/5.0 (compatible; AwarioBot/1.0; +https://awario.com/bots.html)"
65.21.164.231 - - [25/Aug/2026:00:00:36 +0530] "GET /wp-content/themes/twentytwentyfive/?C=S;O=A HTTP/1.1" 200 886 "-" "Mozilla/5.0 (compatible; AwarioBot/1.0; +https://awario.com/bots.html)"
192.178.7.37 - - [25/Aug/2026:00:00:37 +0530] "GET /?item/17218897751895.html HTTP/1.1" 200 841 "-" "Mozilla/5.0 (Linux; Android 6.0.1; Nexus 5X Build/MMB29P) AppleWebKit/537.36 (KHTML, like Gecko) Chrome/151.0.7922.137 Mobile Safari/537.36 (compatible; Googlebot/2.1; +http://www.google.com/bot.html)"
65.21.164.231 - - [25/Aug/2026:00:00:39 +0530] "GET /wp-content/themes/twentytwentyfive/assets/ HTTP/1.1" 200 916 "-" "Mozilla/5.0 (compatible; AwarioBot/1.0; +https://awario.com/bots.html)"
65.21.164.231 - - [25/Aug/2026:00:00:41 +0530] "GET /wp-content/themes/twentytwentyfour/?C=D;O=A HTTP/1.1" 200 886 "-" "Mozilla/5.0 (compatible; AwarioBot/1.0; +https://awario.com/bots.html)"
192.178.7.37 - - [25/Aug/2026:00:00:42 +0530] "GET /?item/35899367073883.html HTTP/1.1" 200 841 "-" "Mozilla/5.0 (Linux; Android 6.0.1; Nexus 5X Build/MMB29P) AppleWebKit/537.36 (KHTML, like Gecko) Chrome/151.0.7922.137 Mobile Safari/537.36 (compatible; Googlebot/2.1; +http://www.google.com/bot.html)"
65.21.164.231 - - [25/Aug/2026:00:00:44 +0530] "GET /wp-content/themes/twentytwentyfour/?C=M;O=A HTTP/1.1" 200 886 "-" "Mozilla/5.0 (compatible; AwarioBot/1.0; +https://awario.com/bots.html)"
65.21.164.231 - - [25/Aug/2026:00:00:47 +0530] "GET /wp-content/themes/twentytwentyfour/?C=N;O=D HTTP/1.1" 200 886 "-" "Mozilla/5.0 (compatible; AwarioBot/1.0; +https://awario.com/bots.html)"
65.21.164.231 - - [25/Aug/2026:00:00:52 +0530] "GET /wp-content/themes/twentytwentyfour/?C=S;O=A HTTP/1.1" 200 886 "-" "Mozilla/5.0 (compatible; AwarioBot/1.0; +https://awario.com/bots.html)"
192.178.7.37 - - [25/Aug/2026:00:00:52 +0530] "GET /?item/46748387743877.html HTTP/1.1" 200 841 "-" "Mozilla/5.0 (Linux; Android 6.0.1; Nexus 5X Build/MMB29P) AppleWebKit/537.36 (KHTML, like Gecko) Chrome/151.0.7922.137 Mobile Safari/537.36 (compatible; Googlebot/2.1; +http://www.google.com/bot.html)"
65.21.164.231 - - [25/Aug/2026:00:00:54 +0530] "GET /wp-content/themes/twentytwentyfour/assets/ HTTP/1.1" 200 916 "-" "Mozilla/5.0 (compatible; AwarioBot/1.0; +https://awario.com/bots.html)"
65.21.164.231 - - [25/Aug/2026:00:00:58 +0530] "GET /wp-content/themes/twentytwentythree/?C=D;O=A HTTP/1.1" 200 888 "-" "Mozilla/5.0 (compatible; AwarioBot/1.0; +https://awario.com/bots.html)"
65.21.164.231 - - [25/Aug/2026:00:01:01 +0530] "GET /wp-content/themes/twentytwentythree/?C=M;O=A HTTP/1.1" 200 888 "-" "Mozilla/5.0 (compatible; AwarioBot/1.0; +https://awario.com/bots.html)"
57.141.8.58 - - [25/Aug/2026:00:01:07 +0530] "GET / HTTP/1.1" 200 841 "-" "facebookexternalhit/1.1 (+http://www.facebook.com/externalhit_uatext.php)"
65.21.164.231 - - [25/Aug/2026:00:01:09 +0530] "GET /wp-content/themes/twentytwentythree/?C=N;O=D HTTP/1.1" 200 888 "-" "Mozilla/5.0 (compatible; AwarioBot/1.0; +https://awario.com/bots.html)"
192.178.7.37 - - [25/Aug/2026:00:01:10 +0530] "GET /?item/36867804784108.html HTTP/1.1" 200 841 "-" "Mozilla/5.0 (Linux; Android 6.0.1; Nexus 5X Build/MMB29P) AppleWebKit/537.36 (KHTML, like Gecko) Chrome/151.0.7922.137 Mobile Safari/537.36 (compatible; Googlebot/2.1; +http://www.google.com/bot.html)"
65.21.164.231 - - [25/Aug/2026:00:01:11 +0530] "GET /wp-content/themes/twentytwentythree/?C=S;O=A HTTP/1.1" 200 888 "-" "Mozilla/5.0 (compatible; AwarioBot/1.0; +https://awario.com/bots.html)"
65.21.164.231 - - [25/Aug/2026:00:01:16 +0530] "GET /wp-content/themes/twentytwentythree/assets/ HTTP/1.1" 200 919 "-" "Mozilla/5.0 (compatible; AwarioBot/1.0; +https://awario.com/bots.html)"
65.21.164.231 - - [25/Aug/2026:00:01:21 +0530] "GET /wp-content/updraft/?C=D;O=D HTTP/1.1" 200 1031 "-" "Mozilla/5.0 (compatible; AwarioBot/1.0; +https://awario.com/bots.html)"
65.21.164.231 - - [25/Aug/2026:00:01:24 +0530] "GET /wp-content/updraft/?C=M;O=D HTTP/1.1" 200 1031 "-" "Mozilla/5.0 (compatible; AwarioBot/1.0; +https://awario.com/bots.html)"
65.21.164.231 - - [25/Aug/2026:00:01:26 +0530] "GET /wp-content/updraft/?C=N;O=A HTTP/1.1" 200 1031 "-" "Mozilla/5.0 (compatible; AwarioBot/1.0; +https://awario.com/bots.html)"
65.21.164.231 - - [25/Aug/2026:00:01:29 +0530] "GET /wp-content/updraft/?C=S;O=D HTTP/1.1" 200 1031 "-" "Mozilla/5.0 (compatible; AwarioBot/1.0; +https://awario.com/bots.html)"
65.21.164.231 - - [25/Aug/2026:00:01:33 +0530] "GET /wp-content/updraft/plugins-old/?C=D;O=A HTTP/1.1" 200 1060 "-" "Mozilla/5.0 (compatible; AwarioBot/1.0; +https://awario.com/bots.html)"
65.21.164.231 - - [25/Aug/2026:00:01:35 +0530] "GET /wp-content/updraft/plugins-old/?C=M;O=A HTTP/1.1" 200 1060 "-" "Mozilla/5.0 (compatible; AwarioBot/1.0; +https://awario.com/bots.html)"
65.21.164.231 - - [25/Aug/2026:00:01:38 +0530] "GET /wp-content/updraft/plugins-old/?C=N;O=D HTTP/1.1" 200 1060 "-" "Mozilla/5.0 (compatible; AwarioBot/1.0; +https://awario.com/bots.html)"
65.21.164.231 - - [25/Aug/2026:00:01:43 +0530] "GET /wp-content/updraft/plugins-old/?C=S;O=A HTTP/1.1" 200 1060 "-" "Mozilla/5.0 (compatible; AwarioBot/1.0; +https://awario.com/bots.html)"
65.21.164.231 - - [25/Aug/2026:00:01:46 +0530] "GET /wp-content/updraft/plugins-old/akismet/ HTTP/1.1" 200 905 "-" "Mozilla/5.0 (compatible; AwarioBot/1.0; +https://awario.com/bots.html)"
192.178.7.37 - - [25/Aug/2026:00:01:48 +0530] "GET /?item/35060927843861.html HTTP/1.1" 200 841 "-" "Mozilla/5.0 (Linux; Android 6.0.1; Nexus 5X Build/MMB29P) AppleWebKit/537.36 (KHTML, like Gecko) Chrome/151.0.7922.137 Mobile Safari/537.36 (compatible; Googlebot/2.1; +http://www.google.com/bot.html)"
65.21.164.231 - - [25/Aug/2026:00:01:50 +0530] "GET /wp-content/updraft/plugins-old/updraftplus/ HTTP/1.1" 200 1793 "-" "Mozilla/5.0 (compatible; AwarioBot/1.0; +https://awario.com/bots.html)"
65.21.164.231 - - [25/Aug/2026:00:01:53 +0530] "GET /wp-content/updraft/themes-old/?C=D;O=A HTTP/1.1" 200 1258 "-" "Mozilla/5.0 (compatible; AwarioBot/1.0; +https://awario.com/bots.html)"
65.21.164.231 - - [25/Aug/2026:00:01:56 +0530] "GET /wp-content/updraft/themes-old/?C=M;O=A HTTP/1.1" 200 1258 "-" "Mozilla/5.0 (compatible; AwarioBot/1.0; +https://awario.com/bots.html)"
65.21.164.231 - - [25/Aug/2026:00:01:58 +0530] "GET /wp-content/updraft/themes-old/?C=N;O=D HTTP/1.1" 200 1258 "-" "Mozilla/5.0 (compatible; AwarioBot/1.0; +https://awario.com/bots.html)"
65.21.164.231 - - [25/Aug/2026:00:02:01 +0530] "GET /wp-content/updraft/themes-old/?C=S;O=A HTTP/1.1" 200 1258 "-" "Mozilla/5.0 (compatible; AwarioBot/1.0; +https://awario.com/bots.html)"
65.21.164.231 - - [25/Aug/2026:00:02:04 +0530] "GET /wp-content/updraft/themes-old/twentytwentyfive/ HTTP/1.1" 200 1097 "-" "Mozilla/5.0 (compatible; AwarioBot/1.0; +https://awario.com/bots.html)"
192.178.7.39 - - [25/Aug/2026:00:02:06 +0530] "GET /?item/15030704525517.html HTTP/1.1" 200 841 "-" "Mozilla/5.0 (Linux; Android 6.0.1; Nexus 5X Build/MMB29P) AppleWebKit/537.36 (KHTML, like Gecko) Chrome/151.0.7922.137 Mobile Safari/537.36 (compatible; Googlebot/2.1; +http://www.google.com/bot.html)"
65.21.164.231 - - [25/Aug/2026:00:02:06 +0530] "GET /robots.txt HTTP/1.1" 404 - "-" "Mozilla/5.0 (compatible; AwarioBot/1.0; +https://awario.com/bots.html)"
65.21.164.231 - - [25/Aug/2026:00:02:06 +0530] "GET /wp-content/updraft/themes-old/twentytwentyfour/ HTTP/1.1" 200 922 "-" "Mozilla/5.0 (compatible; AwarioBot/1.0; +https://awario.com/bots.html)"
65.21.164.231 - - [25/Aug/2026:00:02:09 +0530] "GET /wp-content/updraft/themes-old/twentytwentythree/ HTTP/1.1" 200 924 "-" "Mozilla/5.0 (compatible; AwarioBot/1.0; +https://awario.com/bots.html)"
65.21.164.231 - - [25/Aug/2026:00:02:12 +0530] "GET /wp-content/uploads/2026/05/ HTTP/1.1" 200 18961 "-" "Mozilla/5.0 (compatible; AwarioBot/1.0; +https://awario.com/bots.html)"
192.178.7.37 - - [25/Aug/2026:00:02:13 +0530] "GET /?item/42369717419077.html HTTP/1.1" 200 841 "-" "Mozilla/5.0 (Linux; Android 6.0.1; Nexus 5X Build/MMB29P) AppleWebKit/537.36 (KHTML, like Gecko) Chrome/151.0.7922.137 Mobile Safari/537.36 (compatible; Googlebot/2.1; +http://www.google.com/bot.html)"
65.21.164.231 - - [25/Aug/2026:00:02:14 +0530] "GET /wp-content/uploads/2026/06/ HTTP/1.1" 200 701 "-" "Mozilla/5.0 (compatible; AwarioBot/1.0; +https://awario.com/bots.html)"
65.21.164.231 - - [25/Aug/2026:00:02:17 +0530] "GET /wp-content/uploads/2026/?C=D;O=A HTTP/1.1" 200 1032 "-" "Mozilla/5.0 (compatible; AwarioBot/1.0; +https://awario.com/bots.html)"
65.21.164.231 - - [25/Aug/2026:00:02:22 +0530] "GET /wp-content/uploads/2026/?C=M;O=A HTTP/1.1" 200 1032 "-" "Mozilla/5.0 (compatible; AwarioBot/1.0; +https://awario.com/bots.html)"
65.21.164.231 - - [25/Aug/2026:00:02:25 +0530] "GET /wp-content/uploads/2026/?C=N;O=D HTTP/1.1" 200 1032 "-" "Mozilla/5.0 (compatible; AwarioBot/1.0; +https://awario.com/bots.html)"
65.21.164.231 - - [25/Aug/2026:00:02:29 +0530] "GET /wp-content/uploads/2026/?C=S;O=A HTTP/1.1" 200 1032 "-" "Mozilla/5.0 (compatible; AwarioBot/1.0; +https://awario.com/bots.html)"
65.21.164.231 - - [25/Aug/2026:00:02:32 +0530] "GET /wp-content/uploads/?C=D;O=D HTTP/1.1" 200 1208 "-" "Mozilla/5.0 (compatible; AwarioBot/1.0; +https://awario.com/bots.html)"
65.21.164.231 - - [25/Aug/2026:00:02:34 +0530] "GET /wp-content/uploads/?C=M;O=D HTTP/1.1" 200 1208 "-" "Mozilla/5.0 (compatible; AwarioBot/1.0; +https://awario.com/bots.html)"
65.21.164.231 - - [25/Aug/2026:00:02:37 +0530] "GET /wp-content/uploads/?C=N;O=A HTTP/1.1" 200 1208 "-" "Mozilla/5.0 (compatible; AwarioBot/1.0; +https://awario.com/bots.html)"
57.141.20.5 - - [25/Aug/2026:00:02:37 +0530] "GET / HTTP/1.1" 200 841 "-" "facebookexternalhit/1.1 (+http://www.facebook.com/externalhit_uatext.php)"
65.21.164.231 - - [25/Aug/2026:00:02:45 +0530] "GET /wp-content/uploads/elementor/?C=D;O=A HTTP/1.1" 200 1411 "-" "Mozilla/5.0 (compatible; AwarioBot/1.0; +https://awario.com/bots.html)"
65.21.164.231 - - [25/Aug/2026:00:02:52 +0530] "GET /wp-content/uploads/elementor/?C=M;O=A HTTP/1.1" 200 1411 "-" "Mozilla/5.0 (compatible; AwarioBot/1.0; +https://awario.com/bots.html)"
65.21.164.231 - - [25/Aug/2026:00:02:55 +0530] "GET /wp-content/uploads/elementor/?C=N;O=D HTTP/1.1" 200 1411 "-" "Mozilla/5.0 (compatible; AwarioBot/1.0; +https://awario.com/bots.html)"
65.21.164.231 - - [25/Aug/2026:00:02:57 +0530] "GET /wp-content/uploads/elementor/?C=S;O=A HTTP/1.1" 200 1411 "-" "Mozilla/5.0 (compatible; AwarioBot/1.0; +https://awario.com/bots.html)"
65.21.164.231 - - [25/Aug/2026:00:03:00 +0530] "GET /wp-content/uploads/elementor/css/ HTTP/1.1" 200 1978 "-" "Mozilla/5.0 (compatible; AwarioBot/1.0; +https://awario.com/bots.html)"
192.178.7.37 - - [25/Aug/2026:00:03:00 +0530] "GET /?item/49307197138880.html HTTP/1.1" 200 841 "-" "Mozilla/5.0 (Linux; Android 6.0.1; Nexus 5X Build/MMB29P) AppleWebKit/537.36 (KHTML, like Gecko) Chrome/151.0.7922.137 Mobile Safari/537.36 (compatible; Googlebot/2.1; +http://www.google.com/bot.html)"
65.21.164.231 - - [25/Aug/2026:00:03:04 +0530] "GET /wp-content/uploads/elementor/design-system-sync/ HTTP/1.1" 200 748 "-" "Mozilla/5.0 (compatible; AwarioBot/1.0; +https://awario.com/bots.html)"
57.141.0.71 - - [25/Aug/2026:00:03:40 +0530] "GET / HTTP/1.1" 200 841 "-" "facebookexternalhit/1.1 (+http://www.facebook.com/externalhit_uatext.php)"
65.21.164.231 - - [25/Aug/2026:00:03:46 +0530] "GET /wp-content/uploads/elementor/screenshots/ HTTP/1.1" 200 - "-" "Mozilla/5.0 (compatible; AwarioBot/1.0; +https://awario.com/bots.html)"
65.21.164.231 - - [25/Aug/2026:00:03:48 +0530] "GET /wp-content/uploads/elementor/tmp/ HTTP/1.1" 200 718 "-" "Mozilla/5.0 (compatible; AwarioBot/1.0; +https://awario.com/bots.html)"
65.21.164.231 - - [25/Aug/2026:00:03:58 +0530] "GET /wp-content/uploads/ithemes-security/?C=D;O=A HTTP/1.1" 200 1063 "-" "Mozilla/5.0 (compatible; AwarioBot/1.0; +https://awario.com/bots.html)"
65.21.164.231 - - [25/Aug/2026:00:04:00 +0530] "GET /wp-content/uploads/ithemes-security/?C=M;O=A HTTP/1.1" 200 1063 "-" "Mozilla/5.0 (compatible; AwarioBot/1.0; +https://awario.com/bots.html)"
65.21.164.231 - - [25/Aug/2026:00:04:04 +0530] "GET /wp-content/uploads/ithemes-security/?C=N;O=D HTTP/1.1" 200 1063 "-" "Mozilla/5.0 (compatible; AwarioBot/1.0; +https://awario.com/bots.html)"
65.21.164.231 - - [25/Aug/2026:00:04:07 +0530] "GET /robots.txt HTTP/1.1" 404 - "-" "Mozilla/5.0 (compatible; AwarioBot/1.0; +https://awario.com/bots.html)"
65.21.164.231 - - [25/Aug/2026:00:04:07 +0530] "GET /wp-content/uploads/ithemes-security/?C=S;O=A HTTP/1.1" 200 1063 "-" "Mozilla/5.0 (compatible; AwarioBot/1.0; +https://awario.com/bots.html)"
65.21.164.231 - - [25/Aug/2026:00:04:11 +0530] "GET /wp-content/uploads/ithemes-security/backups/ HTTP/1.1" 200 - "-" "Mozilla/5.0 (compatible; AwarioBot/1.0; +https://awario.com/bots.html)"
65.21.164.231 - - [25/Aug/2026:00:04:13 +0530] "GET /wp-content/uploads/ithemes-security/logs/ HTTP/1.1" 200 - "-" "Mozilla/5.0 (compatible; AwarioBot/1.0; +https://awario.com/bots.html)"
65.21.164.231 - - [25/Aug/2026:00:04:18 +0530] "GET /wp-includes/SimplePie/?C=D;O=D HTTP/1.1" 200 855 "-" "Mozilla/5.0 (compatible; AwarioBot/1.0; +https://awario.com/bots.html)"
65.21.164.231 - - [25/Aug/2026:00:04:21 +0530] "GET /wp-includes/SimplePie/?C=M;O=D HTTP/1.1" 200 855 "-" "Mozilla/5.0 (compatible; AwarioBot/1.0; +https://awario.com/bots.html)"
65.21.164.231 - - [25/Aug/2026:00:04:23 +0530] "GET /wp-includes/SimplePie/?C=N;O=A HTTP/1.1" 200 855 "-" "Mozilla/5.0 (compatible; AwarioBot/1.0; +https://awario.com/bots.html)"
65.21.164.231 - - [25/Aug/2026:00:04:26 +0530] "GET /wp-includes/SimplePie/?C=S;O=D HTTP/1.1" 200 855 "-" "Mozilla/5.0 (compatible; AwarioBot/1.0; +https://awario.com/bots.html)"
192.178.7.37 - - [25/Aug/2026:00:04:36 +0530] "GET /?item/16355687760023.html HTTP/1.1" 200 841 "-" "Mozilla/5.0 (Linux; Android 6.0.1; Nexus 5X Build/MMB29P) AppleWebKit/537.36 (KHTML, like Gecko) Chrome/151.0.7922.137 Mobile Safari/537.36 (compatible; Googlebot/2.1; +http://www.google.com/bot.html)"
57.141.10.1 - - [25/Aug/2026:00:04:41 +0530] "GET / HTTP/1.1" 200 841 "-" "facebookexternalhit/1.1 (+http://www.facebook.com/externalhit_uatext.php)"
192.178.7.37 - - [25/Aug/2026:00:04:53 +0530] "GET /?item/28132367598712.html HTTP/1.1" 200 841 "-" "Mozilla/5.0 (Linux; Android 6.0.1; Nexus 5X Build/MMB29P) AppleWebKit/537.36 (KHTML, like Gecko) Chrome/151.0.7922.137 Mobile Safari/537.36 (compatible; Googlebot/2.1; +http://www.google.com/bot.html)"
52.167.144.21 - - [25/Aug/2026:00:04:54 +0530] "GET /?d=6203982955 HTTP/1.1" 200 841 "-" "Mozilla/5.0 AppleWebKit/537.36 (KHTML, like Gecko; compatible; bingbot/2.0; +http://www.bing.com/bingbot.htm) Chrome/116.0.1938.76 Safari/537.36"
65.21.164.231 - - [25/Aug/2026:00:04:59 +0530] "GET /wp-includes/SimplePie/library/?C=D;O=A HTTP/1.1" 200 883 "-" "Mozilla/5.0 (compatible; AwarioBot/1.0; +https://awario.com/bots.html)"
65.21.164.231 - - [25/Aug/2026:00:05:01 +0530] "GET /wp-includes/SimplePie/library/?C=M;O=A HTTP/1.1" 200 883 "-" "Mozilla/5.0 (compatible; AwarioBot/1.0; +https://awario.com/bots.html)"
192.178.7.38 - - [25/Aug/2026:00:05:03 +0530] "GET /?item/31842604414469.html HTTP/1.1" 200 841 "-" "Mozilla/5.0 (Linux; Android 6.0.1; Nexus 5X Build/MMB29P) AppleWebKit/537.36 (KHTML, like Gecko) Chrome/151.0.7922.137 Mobile Safari/537.36 (compatible; Googlebot/2.1; +http://www.google.com/bot.html)"
192.178.7.38 - - [25/Aug/2026:00:05:27 +0530] "GET /?item/33138967361123.html HTTP/1.1" 200 841 "-" "Mozilla/5.0 (Linux; Android 6.0.1; Nexus 5X Build/MMB29P) AppleWebKit/537.36 (KHTML, like Gecko) Chrome/151.0.7922.137 Mobile Safari/537.36 (compatible; Googlebot/2.1; +http://www.google.com/bot.html)"
192.178.7.37 - - [25/Aug/2026:00:05:33 +0530] "GET /?item/21246287356641.html HTTP/1.1" 200 841 "-" "Mozilla/5.0 (Linux; Android 6.0.1; Nexus 5X Build/MMB29P) AppleWebKit/537.36 (KHTML, like Gecko) Chrome/151.0.7922.137 Mobile Safari/537.36 (compatible; Googlebot/2.1; +http://www.google.com/bot.html)"
65.21.164.231 - - [25/Aug/2026:00:05:33 +0530] "GET /wp-includes/SimplePie/library/?C=N;O=D HTTP/1.1" 200 883 "-" "Mozilla/5.0 (compatible; AwarioBot/1.0; +https://awario.com/bots.html)"
65.21.164.231 - - [25/Aug/2026:00:05:36 +0530] "GET /wp-includes/SimplePie/library/?C=S;O=A HTTP/1.1" 200 883 "-" "Mozilla/5.0 (compatible; AwarioBot/1.0; +https://awario.com/bots.html)"
65.21.164.231 - - [25/Aug/2026:00:05:39 +0530] "GET /wp-includes/SimplePie/library/SimplePie/ HTTP/1.1" 200 1256 "-" "Mozilla/5.0 (compatible; AwarioBot/1.0; +https://awario.com/bots.html)"
65.21.164.231 - - [25/Aug/2026:00:05:42 +0530] "GET /wp-includes/js/?C=D;O=D HTTP/1.1" 200 1014 "-" "Mozilla/5.0 (compatible; AwarioBot/1.0; +https://awario.com/bots.html)"
57.141.14.108 - - [25/Aug/2026:00:05:46 +0530] "GET / HTTP/1.1" 200 841 "-" "facebookexternalhit/1.1 (+http://www.facebook.com/externalhit_uatext.php)"
192.178.7.37 - - [25/Aug/2026:00:05:52 +0530] "GET /?item/43238477951790.html HTTP/1.1" 200 841 "-" "Mozilla/5.0 (Linux; Android 6.0.1; Nexus 5X Build/MMB29P) AppleWebKit/537.36 (KHTML, like Gecko) Chrome/151.0.7922.137 Mobile Safari/537.36 (compatible; Googlebot/2.1; +http://www.google.com/bot.html)"
65.21.164.231 - - [25/Aug/2026:00:06:15 +0530] "GET /robots.txt HTTP/1.1" 404 - "-" "Mozilla/5.0 (compatible; AwarioBot/1.0; +https://awario.com/bots.html)"
65.21.164.231 - - [25/Aug/2026:00:06:15 +0530] "GET /wp-includes/js/?C=M;O=D HTTP/1.1" 200 1014 "-" "Mozilla/5.0 (compatible; AwarioBot/1.0; +https://awario.com/bots.html)"
65.21.164.231 - - [25/Aug/2026:00:06:17 +0530] "GET /wp-includes/js/?C=N;O=A HTTP/1.1" 200 1014 "-" "Mozilla/5.0 (compatible; AwarioBot/1.0; +https://awario.com/bots.html)"
65.21.164.231 - - [25/Aug/2026:00:06:21 +0530] "GET /wp-includes/js/?C=S;O=D HTTP/1.1" 200 1014 "-" "Mozilla/5.0 (compatible; AwarioBot/1.0; +https://awario.com/bots.html)"
192.178.7.37 - - [25/Aug/2026:00:06:23 +0530] "GET /?item/18634704930496.html HTTP/1.1" 200 841 "-" "Mozilla/5.0 (Linux; Android 6.0.1; Nexus 5X Build/MMB29P) AppleWebKit/537.36 (KHTML, like Gecko) Chrome/151.0.7922.137 Mobile Safari/537.36 (compatible; Googlebot/2.1; +http://www.google.com/bot.html)"
65.21.164.231 - - [25/Aug/2026:00:06:24 +0530] "GET /wp-includes/js/dist/?C=D;O=A HTTP/1.1" 200 861 "-" "Mozilla/5.0 (compatible; AwarioBot/1.0; +https://awario.com/bots.html)"
65.21.164.231 - - [25/Aug/2026:00:06:28 +0530] "GET /wp-includes/js/dist/?C=M;O=A HTTP/1.1" 200 861 "-" "Mozilla/5.0 (compatible; AwarioBot/1.0; +https://awario.com/bots.html)"
192.178.7.37 - - [25/Aug/2026:00:06:28 +0530] "GET /?item/20535505924677.html HTTP/1.1" 200 841 "-" "Mozilla/5.0 (Linux; Android 6.0.1; Nexus 5X Build/MMB29P) AppleWebKit/537.36 (KHTML, like Gecko) Chrome/151.0.7922.137 Mobile Safari/537.36 (compatible; Googlebot/2.1; +http://www.google.com/bot.html)"
65.21.164.231 - - [25/Aug/2026:00:06:30 +0530] "GET /wp-includes/js/dist/?C=N;O=D HTTP/1.1" 200 861 "-" "Mozilla/5.0 (compatible; AwarioBot/1.0; +https://awario.com/bots.html)"
65.21.164.231 - - [25/Aug/2026:00:06:33 +0530] "GET /wp-includes/js/dist/?C=S;O=A HTTP/1.1" 200 861 "-" "Mozilla/5.0 (compatible; AwarioBot/1.0; +https://awario.com/bots.html)"
65.21.164.231 - - [25/Aug/2026:00:06:36 +0530] "GET /wp-includes/js/dist/script-modules/ HTTP/1.1" 200 1076 "-" "Mozilla/5.0 (compatible; AwarioBot/1.0; +https://awario.com/bots.html)"
65.21.164.231 - - [25/Aug/2026:00:06:40 +0530] "GET /wp-includes/js/tinymce/?C=D;O=A HTTP/1.1" 200 1034 "-" "Mozilla/5.0 (compatible; AwarioBot/1.0; +https://awario.com/bots.html)"
65.21.164.231 - - [25/Aug/2026:00:06:43 +0530] "GET /wp-includes/js/tinymce/?C=M;O=A HTTP/1.1" 200 1034 "-" "Mozilla/5.0 (compatible; AwarioBot/1.0; +https://awario.com/bots.html)"
192.178.7.37 - - [25/Aug/2026:00:06:46 +0530] "GET /?item/11255885572839.html HTTP/1.1" 200 841 "-" "Mozilla/5.0 (Linux; Android 6.0.1; Nexus 5X Build/MMB29P) AppleWebKit/537.36 (KHTML, like Gecko) Chrome/151.0.7922.137 Mobile Safari/537.36 (compatible; Googlebot/2.1; +http://www.google.com/bot.html)"
65.21.164.231 - - [25/Aug/2026:00:06:56 +0530] "GET /wp-includes/js/tinymce/?C=N;O=D HTTP/1.1" 200 1034 "-" "Mozilla/5.0 (compatible; AwarioBot/1.0; +https://awario.com/bots.html)"
192.178.7.37 - - [25/Aug/2026:00:06:59 +0530] "GET /?item/17243974836222.html HTTP/1.1" 200 841 "-" "Mozilla/5.0 (Linux; Android 6.0.1; Nexus 5X Build/MMB29P) AppleWebKit/537.36 (KHTML, like Gecko) Chrome/151.0.7922.137 Mobile Safari/537.36 (compatible; Googlebot/2.1; +http://www.google.com/bot.html)"
65.21.164.231 - - [25/Aug/2026:00:07:00 +0530] "GET /wp-includes/js/tinymce/?C=S;O=A HTTP/1.1" 200 1034 "-" "Mozilla/5.0 (compatible; AwarioBot/1.0; +https://awario.com/bots.html)"
57.141.22.26 - - [25/Aug/2026:00:07:00 +0530] "GET / HTTP/1.1" 200 841 "-" "facebookexternalhit/1.1 (+http://www.facebook.com/externalhit_uatext.php)"
65.21.164.231 - - [25/Aug/2026:00:07:04 +0530] "GET /wp-includes/js/tinymce/plugins/ HTTP/1.1" 200 885 "-" "Mozilla/5.0 (compatible; AwarioBot/1.0; +https://awario.com/bots.html)"
65.21.164.231 - - [25/Aug/2026:00:07:06 +0530] "GET /wp-includes/js/tinymce/skins/ HTTP/1.1" 200 1060 "-" "Mozilla/5.0 (compatible; AwarioBot/1.0; +https://awario.com/bots.html)"
192.178.7.39 - - [25/Aug/2026:00:07:16 +0530] "GET /?item/17200976845527.html HTTP/1.1" 200 841 "-" "Mozilla/5.0 (Linux; Android 6.0.1; Nexus 5X Build/MMB29P) AppleWebKit/537.36 (KHTML, like Gecko) Chrome/151.0.7922.137 Mobile Safari/537.36 (compatible; Googlebot/2.1; +http://www.google.com/bot.html)"
192.178.7.38 - - [25/Aug/2026:00:07:30 +0530] "GET /?item/20486875702402.html HTTP/1.1" 200 841 "-" "Mozilla/5.0 (Linux; Android 6.0.1; Nexus 5X Build/MMB29P) AppleWebKit/537.36 (KHTML, like Gecko) Chrome/151.0.7922.137 Mobile Safari/537.36 (compatible; Googlebot/2.1; +http://www.google.com/bot.html)"
192.178.7.37 - - [25/Aug/2026:00:07:39 +0530] "GET /?item/37298606160305.html HTTP/1.1" 200 841 "-" "Mozilla/5.0 (Linux; Android 6.0.1; Nexus 5X Build/MMB29P) AppleWebKit/537.36 (KHTML, like Gecko) Chrome/151.0.7922.137 Mobile Safari/537.36 (compatible; Googlebot/2.1; +http://www.google.com/bot.html)"
65.21.164.231 - - [25/Aug/2026:00:07:39 +0530] "GET /wp-includes/php-ai-client/?C=D;O=D HTTP/1.1" 200 1039 "-" "Mozilla/5.0 (compatible; AwarioBot/1.0; +https://awario.com/bots.html)"
65.21.164.231 - - [25/Aug/2026:00:07:43 +0530] "GET /wp-includes/php-ai-client/?C=M;O=A HTTP/1.1" 200 1039 "-" "Mozilla/5.0 (compatible; AwarioBot/1.0; +https://awario.com/bots.html)"
65.21.164.231 - - [25/Aug/2026:00:07:55 +0530] "GET /wp-includes/php-ai-client/?C=N;O=A HTTP/1.1" 200 1039 "-" "Mozilla/5.0 (compatible; AwarioBot/1.0; +https://awario.com/bots.html)"
