192.178.7.37 - - [24/Aug/2026:23:00:59 +0530] "GET /?item/19653046390332.html HTTP/1.1" 200 841 "-" "Mozilla/5.0 (Linux; Android 6.0.1; Nexus 5X Build/MMB29P) AppleWebKit/537.36 (KHTML, like Gecko) Chrome/151.0.7922.137 Mobile Safari/537.36 (compatible; Googlebot/2.1; +http://www.google.com/bot.html)"
192.178.7.39 - - [24/Aug/2026:23:01:12 +0530] "GET /?item/23137794649475.html HTTP/1.1" 200 841 "-" "Mozilla/5.0 (Linux; Android 6.0.1; Nexus 5X Build/MMB29P) AppleWebKit/537.36 (KHTML, like Gecko) Chrome/151.0.7922.137 Mobile Safari/537.36 (compatible; Googlebot/2.1; +http://www.google.com/bot.html)"
57.141.8.50 - - [24/Aug/2026:23:01:20 +0530] "GET / HTTP/1.1" 200 841 "-" "facebookexternalhit/1.1 (+http://www.facebook.com/externalhit_uatext.php)"
192.178.7.37 - - [24/Aug/2026:23:01:22 +0530] "GET /?item/29265804684696.html HTTP/1.1" 200 841 "-" "Mozilla/5.0 (Linux; Android 6.0.1; Nexus 5X Build/MMB29P) AppleWebKit/537.36 (KHTML, like Gecko) Chrome/151.0.7922.137 Mobile Safari/537.36 (compatible; Googlebot/2.1; +http://www.google.com/bot.html)"
192.178.7.37 - - [24/Aug/2026:23:01:36 +0530] "GET /?item/47437494572731.html HTTP/1.1" 200 841 "-" "Mozilla/5.0 (Linux; Android 6.0.1; Nexus 5X Build/MMB29P) AppleWebKit/537.36 (KHTML, like Gecko) Chrome/151.0.7922.137 Mobile Safari/537.36 (compatible; Googlebot/2.1; +http://www.google.com/bot.html)"
192.178.7.37 - - [24/Aug/2026:23:01:51 +0530] "GET /?item/11199665120734.html HTTP/1.1" 200 841 "-" "Mozilla/5.0 (Linux; Android 6.0.1; Nexus 5X Build/MMB29P) AppleWebKit/537.36 (KHTML, like Gecko) Chrome/151.0.7922.137 Mobile Safari/537.36 (compatible; Googlebot/2.1; +http://www.google.com/bot.html)"
192.178.7.38 - - [24/Aug/2026:23:02:08 +0530] "GET /?item/46150337076501.html HTTP/1.1" 200 841 "-" "Mozilla/5.0 (Linux; Android 6.0.1; Nexus 5X Build/MMB29P) AppleWebKit/537.36 (KHTML, like Gecko) Chrome/151.0.7922.137 Mobile Safari/537.36 (compatible; Googlebot/2.1; +http://www.google.com/bot.html)"
192.178.7.37 - - [24/Aug/2026:23:02:10 +0530] "GET /?item/25768597094625.html HTTP/1.1" 200 841 "-" "Mozilla/5.0 (Linux; Android 6.0.1; Nexus 5X Build/MMB29P) AppleWebKit/537.36 (KHTML, like Gecko) Chrome/151.0.7922.137 Mobile Safari/537.36 (compatible; Googlebot/2.1; +http://www.google.com/bot.html)"
192.178.7.37 - - [24/Aug/2026:23:02:18 +0530] "GET /?item/19568234973175.html HTTP/1.1" 200 841 "-" "Mozilla/5.0 (Linux; Android 6.0.1; Nexus 5X Build/MMB29P) AppleWebKit/537.36 (KHTML, like Gecko) Chrome/151.0.7922.137 Mobile Safari/537.36 (compatible; Googlebot/2.1; +http://www.google.com/bot.html)"
52.167.144.238 - - [24/Aug/2026:23:02:19 +0530] "GET /?y=61202187170 HTTP/1.1" 200 841 "-" "Mozilla/5.0 AppleWebKit/537.36 (KHTML, like Gecko; compatible; bingbot/2.0; +http://www.bing.com/bingbot.htm) Chrome/116.0.1938.76 Safari/537.36"
192.178.7.37 - - [24/Aug/2026:23:02:32 +0530] "GET /?item/19973835922281.html HTTP/1.1" 200 841 "-" "Mozilla/5.0 (Linux; Android 6.0.1; Nexus 5X Build/MMB29P) AppleWebKit/537.36 (KHTML, like Gecko) Chrome/151.0.7922.137 Mobile Safari/537.36 (compatible; Googlebot/2.1; +http://www.google.com/bot.html)"
192.178.7.37 - - [24/Aug/2026:23:02:46 +0530] "GET /?item/27711997255649.html HTTP/1.1" 200 841 "-" "Mozilla/5.0 (Linux; Android 6.0.1; Nexus 5X Build/MMB29P) AppleWebKit/537.36 (KHTML, like Gecko) Chrome/151.0.7922.137 Mobile Safari/537.36 (compatible; Googlebot/2.1; +http://www.google.com/bot.html)"
185.231.100.76 - - [24/Aug/2026:23:02:53 +0530] "GET /robots.txt HTTP/1.1" 404 - "-" "Mozilla/5.0 (compatible; MJ12bot/v1.4.8; http://mj12bot.com/)"
192.178.7.37 - - [24/Aug/2026:23:02:53 +0530] "GET /?item/35026945082834.html HTTP/1.1" 200 841 "-" "Mozilla/5.0 (Linux; Android 6.0.1; Nexus 5X Build/MMB29P) AppleWebKit/537.36 (KHTML, like Gecko) Chrome/151.0.7922.137 Mobile Safari/537.36 (compatible; Googlebot/2.1; +http://www.google.com/bot.html)"
57.141.20.53 - - [24/Aug/2026:23:02:56 +0530] "GET / HTTP/1.1" 200 841 "-" "facebookexternalhit/1.1 (+http://www.facebook.com/externalhit_uatext.php)"
185.231.100.76 - - [24/Aug/2026:23:02:57 +0530] "GET /wp-content/plugins/elementor-pro/assets/js/packages/editor-notes/?C=N;O=A HTTP/1.1" 200 1556 "-" "Mozilla/5.0 (compatible; MJ12bot/v1.4.8; http://mj12bot.com/)"
185.231.100.76 - - [24/Aug/2026:23:03:00 +0530] "GET /wp-content/plugins/elementor-pro/assets/js/packages/editor-site-navigation-extended/?C=D;O=A HTTP/1.1" 200 1682 "-" "Mozilla/5.0 (compatible; MJ12bot/v1.4.8; http://mj12bot.com/)"
192.178.7.38 - - [24/Aug/2026:23:03:00 +0530] "GET /?item/24941875468598.html HTTP/1.1" 200 841 "-" "Mozilla/5.0 (Linux; Android 6.0.1; Nexus 5X Build/MMB29P) AppleWebKit/537.36 (KHTML, like Gecko) Chrome/151.0.7922.137 Mobile Safari/537.36 (compatible; Googlebot/2.1; +http://www.google.com/bot.html)"
185.231.100.76 - - [24/Aug/2026:23:03:04 +0530] "GET /wp-content/plugins/elementor-pro/assets/js/packages/editor-site-navigation-extended/?C=M;O=A HTTP/1.1" 200 1682 "-" "Mozilla/5.0 (compatible; MJ12bot/v1.4.8; http://mj12bot.com/)"
185.231.100.76 - - [24/Aug/2026:23:03:08 +0530] "GET /wp-content/plugins/elementor-pro/assets/js/packages/editor-site-navigation-extended/?C=N;O=D HTTP/1.1" 200 1682 "-" "Mozilla/5.0 (compatible; MJ12bot/v1.4.8; http://mj12bot.com/)"
192.178.7.37 - - [24/Aug/2026:23:03:12 +0530] "GET /?item/29822875294066.html HTTP/1.1" 200 841 "-" "Mozilla/5.0 (Linux; Android 6.0.1; Nexus 5X Build/MMB29P) AppleWebKit/537.36 (KHTML, like Gecko) Chrome/151.0.7922.137 Mobile Safari/537.36 (compatible; Googlebot/2.1; +http://www.google.com/bot.html)"
185.231.100.76 - - [24/Aug/2026:23:03:12 +0530] "GET /wp-content/plugins/elementor-pro/assets/js/packages/editor-site-navigation-extended/?C=S;O=A HTTP/1.1" 200 1682 "-" "Mozilla/5.0 (compatible; MJ12bot/v1.4.8; http://mj12bot.com/)"
185.231.100.76 - - [24/Aug/2026:23:03:17 +0530] "GET /wp-content/plugins/elementor-pro/assets/js/packages/editor-site-navigation-extended/editor-site-navigation-extended.asset.php HTTP/1.1" 200 - "-" "Mozilla/5.0 (compatible; MJ12bot/v1.4.8; http://mj12bot.com/)"
185.231.100.76 - - [24/Aug/2026:23:03:20 +0530] "GET /wp-content/plugins/elementor-pro/assets/js/packages/editor-site-navigation-extended/editor-site-navigation-extended.js HTTP/1.1" 200 7810 "-" "Mozilla/5.0 (compatible; MJ12bot/v1.4.8; http://mj12bot.com/)"
185.231.100.76 - - [24/Aug/2026:23:03:26 +0530] "GET /wp-content/plugins/elementor-pro/assets/js/packages/editor-site-navigation-extended/editor-site-navigation-extended.min.js HTTP/1.1" 200 1014 "-" "Mozilla/5.0 (compatible; MJ12bot/v1.4.8; http://mj12bot.com/)"
185.231.100.76 - - [24/Aug/2026:23:03:29 +0530] "GET /wp-content/plugins/elementor-pro/assets/js/packages/editor-site-navigation-extended/editor-site-navigation-extended.strings.js HTTP/1.1" 200 - "-" "Mozilla/5.0 (compatible; MJ12bot/v1.4.8; http://mj12bot.com/)"
192.178.7.37 - - [24/Aug/2026:23:03:30 +0530] "GET /?item/41599304156266.html HTTP/1.1" 200 841 "-" "Mozilla/5.0 (Linux; Android 6.0.1; Nexus 5X Build/MMB29P) AppleWebKit/537.36 (KHTML, like Gecko) Chrome/151.0.7922.137 Mobile Safari/537.36 (compatible; Googlebot/2.1; +http://www.google.com/bot.html)"
20.48.147.90 - - [24/Aug/2026:23:03:31 +0530] "GET /wp-content/plugins/hellopress/wp_filemanager.php HTTP/1.1" 404 5750 "-" "-"
20.48.147.90 - - [24/Aug/2026:23:03:32 +0530] "GET /this_is_a_new_hello_world.php HTTP/1.1" 404 5750 "-" "-"
20.48.147.90 - - [24/Aug/2026:23:03:32 +0530] "GET /011i.php HTTP/1.1" 404 5750 "-" "-"
20.48.147.90 - - [24/Aug/2026:23:03:32 +0530] "GET /667.php HTTP/1.1" 404 5750 "-" "-"
20.48.147.90 - - [24/Aug/2026:23:03:32 +0530] "GET /GA13.php HTTP/1.1" 404 5750 "-" "-"
20.48.147.90 - - [24/Aug/2026:23:03:32 +0530] "GET /jok3r.php HTTP/1.1" 404 5750 "-" "-"
20.48.147.90 - - [24/Aug/2026:23:03:33 +0530] "GET /zolando.php HTTP/1.1" 404 5750 "-" "-"
20.48.147.90 - - [24/Aug/2026:23:03:33 +0530] "GET /2x.php HTTP/1.1" 404 5750 "-" "-"
20.48.147.90 - - [24/Aug/2026:23:03:33 +0530] "GET /f22.php HTTP/1.1" 404 5750 "-" "-"
20.48.147.90 - - [24/Aug/2026:23:03:33 +0530] "GET /file-manager-advanced.php HTTP/1.1" 404 5750 "-" "-"
20.48.147.90 - - [24/Aug/2026:23:03:34 +0530] "GET /csa.php HTTP/1.1" 404 5750 "-" "-"
185.231.100.76 - - [24/Aug/2026:23:03:34 +0530] "GET /wp-content/plugins/elementor-pro/assets/js/packages/editor-variables-extended/?C=D;O=A HTTP/1.1" 200 1646 "-" "Mozilla/5.0 (compatible; MJ12bot/v1.4.8; http://mj12bot.com/)"
20.48.147.90 - - [24/Aug/2026:23:03:34 +0530] "GET /jlex.php HTTP/1.1" 404 5750 "-" "-"
20.48.147.90 - - [24/Aug/2026:23:03:34 +0530] "GET /gk.php HTTP/1.1" 404 5750 "-" "-"
20.48.147.90 - - [24/Aug/2026:23:03:34 +0530] "GET /sta.php HTTP/1.1" 404 5750 "-" "-"
20.48.147.90 - - [24/Aug/2026:23:03:34 +0530] "GET /ejrofgj.php HTTP/1.1" 404 5750 "-" "-"
20.48.147.90 - - [24/Aug/2026:23:03:35 +0530] "GET /jwrlvcp.php HTTP/1.1" 404 5750 "-" "-"
20.48.147.90 - - [24/Aug/2026:23:03:35 +0530] "GET /ykdyxlo.php HTTP/1.1" 404 5750 "-" "-"
20.48.147.90 - - [24/Aug/2026:23:03:35 +0530] "GET /ykewuql.php HTTP/1.1" 404 5750 "-" "-"
20.48.147.90 - - [24/Aug/2026:23:03:35 +0530] "GET /sukce.php HTTP/1.1" 404 5750 "-" "-"
20.48.147.90 - - [24/Aug/2026:23:03:35 +0530] "GET /xty.php HTTP/1.1" 404 5750 "-" "-"
20.48.147.90 - - [24/Aug/2026:23:03:36 +0530] "GET /xwpg.php HTTP/1.1" 404 5750 "-" "-"
20.48.147.90 - - [24/Aug/2026:23:03:36 +0530] "GET /wp-mjfb.php HTTP/1.1" 404 5750 "-" "-"
20.48.147.90 - - [24/Aug/2026:23:03:36 +0530] "GET /wp-bxroot.php HTTP/1.1" 404 5750 "-" "-"
20.48.147.90 - - [24/Aug/2026:23:03:36 +0530] "GET /ola.php HTTP/1.1" 404 5750 "-" "-"
20.48.147.90 - - [24/Aug/2026:23:03:37 +0530] "GET /5ed04.php HTTP/1.1" 404 5750 "-" "-"
20.48.147.90 - - [24/Aug/2026:23:03:37 +0530] "GET /sue.php HTTP/1.1" 404 5750 "-" "-"
20.48.147.90 - - [24/Aug/2026:23:03:37 +0530] "GET /ioa.php HTTP/1.1" 404 5750 "-" "-"
20.48.147.90 - - [24/Aug/2026:23:03:37 +0530] "GET /sww.php HTTP/1.1" 404 5750 "-" "-"
20.48.147.90 - - [24/Aug/2026:23:03:37 +0530] "GET /xx.php HTTP/1.1" 404 5750 "-" "-"
20.48.147.90 - - [24/Aug/2026:23:03:38 +0530] "GET /mcs.php HTTP/1.1" 404 5750 "-" "-"
20.48.147.90 - - [24/Aug/2026:23:03:38 +0530] "GET /2.php HTTP/1.1" 404 5750 "-" "-"
185.231.100.76 - - [24/Aug/2026:23:03:38 +0530] "GET /wp-content/plugins/elementor-pro/assets/js/packages/editor-variables-extended/?C=M;O=A HTTP/1.1" 200 1646 "-" "Mozilla/5.0 (compatible; MJ12bot/v1.4.8; http://mj12bot.com/)"
20.48.147.90 - - [24/Aug/2026:23:03:38 +0530] "GET /wpconf.php HTTP/1.1" 404 5750 "-" "-"
20.48.147.90 - - [24/Aug/2026:23:03:38 +0530] "GET /waso.php HTTP/1.1" 404 5750 "-" "-"
20.48.147.90 - - [24/Aug/2026:23:03:38 +0530] "GET /wp-admin/css/sOTYbUf.php HTTP/1.1" 404 5750 "-" "-"
20.48.147.90 - - [24/Aug/2026:23:03:39 +0530] "GET /t3.php HTTP/1.1" 404 5750 "-" "-"
20.48.147.90 - - [24/Aug/2026:23:03:39 +0530] "GET /file2.php HTTP/1.1" 404 5750 "-" "-"
20.48.147.90 - - [24/Aug/2026:23:03:39 +0530] "GET /hi.php HTTP/1.1" 404 5750 "-" "-"
20.48.147.90 - - [24/Aug/2026:23:03:39 +0530] "GET /nhd.php HTTP/1.1" 404 5750 "-" "-"
20.48.147.90 - - [24/Aug/2026:23:03:40 +0530] "GET /sol.php HTTP/1.1" 404 5750 "-" "-"
20.48.147.90 - - [24/Aug/2026:23:03:40 +0530] "GET /hah.php HTTP/1.1" 404 5750 "-" "-"
20.48.147.90 - - [24/Aug/2026:23:03:40 +0530] "GET /msg.php HTTP/1.1" 404 5750 "-" "-"
20.48.147.90 - - [24/Aug/2026:23:03:40 +0530] "GET /yee.php HTTP/1.1" 404 5750 "-" "-"
20.48.147.90 - - [24/Aug/2026:23:03:40 +0530] "GET /ssk.php HTTP/1.1" 404 5750 "-" "-"
20.48.147.90 - - [24/Aug/2026:23:03:41 +0530] "GET /koj.php HTTP/1.1" 404 5750 "-" "-"
20.48.147.90 - - [24/Aug/2026:23:03:41 +0530] "GET /202d9.php HTTP/1.1" 404 5750 "-" "-"
20.48.147.90 - - [24/Aug/2026:23:03:41 +0530] "GET /sst.php HTTP/1.1" 404 5750 "-" "-"
20.48.147.90 - - [24/Aug/2026:23:03:41 +0530] "GET /nng.php HTTP/1.1" 404 5750 "-" "-"
20.48.147.90 - - [24/Aug/2026:23:03:41 +0530] "GET /pow.php HTTP/1.1" 404 5750 "-" "-"
20.48.147.90 - - [24/Aug/2026:23:03:42 +0530] "GET /3f26d.php HTTP/1.1" 404 5750 "-" "-"
185.231.100.76 - - [24/Aug/2026:23:03:42 +0530] "GET /wp-content/plugins/elementor-pro/assets/js/packages/editor-variables-extended/?C=N;O=D HTTP/1.1" 200 1646 "-" "Mozilla/5.0 (compatible; MJ12bot/v1.4.8; http://mj12bot.com/)"
20.48.147.90 - - [24/Aug/2026:23:03:42 +0530] "GET /kj.php HTTP/1.1" 404 5750 "-" "-"
20.48.147.90 - - [24/Aug/2026:23:03:42 +0530] "GET /output.php HTTP/1.1" 404 5750 "-" "-"
20.48.147.90 - - [24/Aug/2026:23:03:42 +0530] "GET /wtu.php HTTP/1.1" 404 5750 "-" "-"
20.48.147.90 - - [24/Aug/2026:23:03:43 +0530] "GET /blo.php HTTP/1.1" 404 5750 "-" "-"
20.48.147.90 - - [24/Aug/2026:23:03:43 +0530] "GET /wwo.php HTTP/1.1" 404 5750 "-" "-"
20.48.147.90 - - [24/Aug/2026:23:03:43 +0530] "GET /per.php HTTP/1.1" 404 5750 "-" "-"
20.48.147.90 - - [24/Aug/2026:23:03:43 +0530] "GET /5ef60.php HTTP/1.1" 404 5750 "-" "-"
20.48.147.90 - - [24/Aug/2026:23:03:43 +0530] "GET /pages.php HTTP/1.1" 404 5750 "-" "-"
192.178.7.39 - - [24/Aug/2026:23:03:44 +0530] "GET /?item/46080524092441.html HTTP/1.1" 200 841 "-" "Mozilla/5.0 (Linux; Android 6.0.1; Nexus 5X Build/MMB29P) AppleWebKit/537.36 (KHTML, like Gecko) Chrome/151.0.7922.137 Mobile Safari/537.36 (compatible; Googlebot/2.1; +http://www.google.com/bot.html)"
20.48.147.90 - - [24/Aug/2026:23:03:44 +0530] "GET /lock.php HTTP/1.1" 404 5750 "-" "-"
20.48.147.90 - - [24/Aug/2026:23:03:44 +0530] "GET /lufix.php HTTP/1.1" 404 5750 "-" "-"
20.48.147.90 - - [24/Aug/2026:23:03:44 +0530] "GET /sxo.php HTTP/1.1" 404 5750 "-" "-"
20.48.147.90 - - [24/Aug/2026:23:03:44 +0530] "GET /elp.php HTTP/1.1" 404 5750 "-" "-"
20.48.147.90 - - [24/Aug/2026:23:03:44 +0530] "GET /Njima.php HTTP/1.1" 404 5750 "-" "-"
20.48.147.90 - - [24/Aug/2026:23:03:45 +0530] "GET /baxa1.phP8 HTTP/1.1" 404 5750 "-" "-"
20.48.147.90 - - [24/Aug/2026:23:03:45 +0530] "GET /x.php HTTP/1.1" 404 5750 "-" "-"
20.48.147.90 - - [24/Aug/2026:23:03:45 +0530] "GET /user.php HTTP/1.1" 404 5750 "-" "-"
20.48.147.90 - - [24/Aug/2026:23:03:45 +0530] "GET /themes.php HTTP/1.1" 404 5750 "-" "-"
20.48.147.90 - - [24/Aug/2026:23:03:46 +0530] "GET /buy.php HTTP/1.1" 404 5750 "-" "-"
20.48.147.90 - - [24/Aug/2026:23:03:46 +0530] "GET /BIBIL.php HTTP/1.1" 404 5750 "-" "-"
20.48.147.90 - - [24/Aug/2026:23:03:46 +0530] "GET /xleet.php HTTP/1.1" 404 5750 "-" "-"
20.48.147.90 - - [24/Aug/2026:23:03:46 +0530] "GET /dropdown.php HTTP/1.1" 404 5750 "-" "-"
185.231.100.76 - - [24/Aug/2026:23:03:46 +0530] "GET /wp-content/plugins/elementor-pro/assets/js/packages/editor-variables-extended/?C=S;O=A HTTP/1.1" 200 1646 "-" "Mozilla/5.0 (compatible; MJ12bot/v1.4.8; http://mj12bot.com/)"
20.48.147.90 - - [24/Aug/2026:23:03:46 +0530] "GET /h.php HTTP/1.1" 404 5750 "-" "-"
20.48.147.90 - - [24/Aug/2026:23:03:47 +0530] "GET /wp-login.php HTTP/1.1" 404 5750 "-" "-"
20.48.147.90 - - [24/Aug/2026:23:03:47 +0530] "GET /config.php HTTP/1.1" 404 5750 "-" "-"
20.48.147.90 - - [24/Aug/2026:23:03:47 +0530] "GET /1337.php HTTP/1.1" 404 5750 "-" "-"
20.48.147.90 - - [24/Aug/2026:23:03:47 +0530] "GET /w.php HTTP/1.1" 404 5750 "-" "-"
20.48.147.90 - - [24/Aug/2026:23:03:47 +0530] "GET /wso.php HTTP/1.1" 404 5750 "-" "-"
192.178.7.38 - - [24/Aug/2026:23:03:48 +0530] "GET /?item/24438227945336.html HTTP/1.1" 200 841 "-" "Mozilla/5.0 (Linux; Android 6.0.1; Nexus 5X Build/MMB29P) AppleWebKit/537.36 (KHTML, like Gecko) Chrome/151.0.7922.137 Mobile Safari/537.36 (compatible; Googlebot/2.1; +http://www.google.com/bot.html)"
20.48.147.90 - - [24/Aug/2026:23:03:48 +0530] "GET /content.php HTTP/1.1" 404 5750 "-" "-"
20.48.147.90 - - [24/Aug/2026:23:03:48 +0530] "GET /web.php HTTP/1.1" 404 5750 "-" "-"
20.48.147.90 - - [24/Aug/2026:23:03:48 +0530] "GET /byp.php HTTP/1.1" 404 5750 "-" "-"
20.48.147.90 - - [24/Aug/2026:23:03:48 +0530] "GET /fox.php HTTP/1.1" 404 5750 "-" "-"
20.48.147.90 - - [24/Aug/2026:23:03:49 +0530] "GET /ss.php HTTP/1.1" 404 5750 "-" "-"
20.48.147.90 - - [24/Aug/2026:23:03:49 +0530] "GET /baxa1.phP7 HTTP/1.1" 404 5750 "-" "-"
20.48.147.90 - - [24/Aug/2026:23:03:49 +0530] "GET /json.php HTTP/1.1" 404 5750 "-" "-"
20.48.147.90 - - [24/Aug/2026:23:03:49 +0530] "GET /shh.php HTTP/1.1" 404 5750 "-" "-"
20.48.147.90 - - [24/Aug/2026:23:03:49 +0530] "GET /oga.php HTTP/1.1" 404 5750 "-" "-"
20.48.147.90 - - [24/Aug/2026:23:03:50 +0530] "GET /nng.phpp HTTP/1.1" 404 5750 "-" "-"
20.48.147.90 - - [24/Aug/2026:23:03:50 +0530] "GET /ava.php%22 HTTP/1.1" 404 5750 "-" "-"
20.48.147.90 - - [24/Aug/2026:23:03:50 +0530] "GET /wpsearch/wp-login.php HTTP/1.1" 404 5750 "-" "-"
20.48.147.90 - - [24/Aug/2026:23:03:50 +0530] "GET /sxp.php HTTP/1.1" 404 5750 "-" "-"
20.48.147.90 - - [24/Aug/2026:23:03:50 +0530] "GET /27d28.php HTTP/1.1" 404 5750 "-" "-"
20.48.147.90 - - [24/Aug/2026:23:03:51 +0530] "GET /ps.php HTTP/1.1" 404 5750 "-" "-"
20.48.147.90 - - [24/Aug/2026:23:03:51 +0530] "GET /sa.php7 HTTP/1.1" 404 5750 "-" "-"
20.48.147.90 - - [24/Aug/2026:23:03:51 +0530] "GET /shellv3.php HTTP/1.1" 404 5750 "-" "-"
20.48.147.90 - - [24/Aug/2026:23:03:51 +0530] "GET /villain.php HTTP/1.1" 404 5750 "-" "-"
20.48.147.90 - - [24/Aug/2026:23:03:52 +0530] "GET /shell_wso.php7 HTTP/1.1" 404 5750 "-" "-"
20.48.147.90 - - [24/Aug/2026:23:03:52 +0530] "GET /red.php HTTP/1.1" 404 5750 "-" "-"
20.48.147.90 - - [24/Aug/2026:23:03:52 +0530] "GET /lupo.php HTTP/1.1" 404 5750 "-" "-"
20.48.147.90 - - [24/Aug/2026:23:03:52 +0530] "GET /jhdnZ.php HTTP/1.1" 404 5750 "-" "-"
185.231.100.76 - - [24/Aug/2026:23:03:52 +0530] "GET /wp-content/plugins/elementor-pro/assets/js/packages/editor-variables-extended/editor-variables-extended.asset.php HTTP/1.1" 200 - "-" "Mozilla/5.0 (compatible; MJ12bot/v1.4.8; http://mj12bot.com/)"
20.48.147.90 - - [24/Aug/2026:23:03:52 +0530] "GET /gh.php HTTP/1.1" 404 5750 "-" "-"
20.48.147.90 - - [24/Aug/2026:23:03:53 +0530] "GET /new2.php HTTP/1.1" 404 5750 "-" "-"
20.48.147.90 - - [24/Aug/2026:23:03:53 +0530] "GET /wp-content/themes/hueman/404.php HTTP/1.1" 404 5750 "-" "-"
20.48.147.90 - - [24/Aug/2026:23:03:53 +0530] "GET /404.php HTTP/1.1" 404 5750 "-" "-"
20.48.147.90 - - [24/Aug/2026:23:03:54 +0530] "GET /lc.php HTTP/1.1" 404 5750 "-" "-"
20.48.147.90 - - [24/Aug/2026:23:03:54 +0530] "GET /bv3.php HTTP/1.1" 404 5750 "-" "-"
20.48.147.90 - - [24/Aug/2026:23:03:54 +0530] "GET /ol.php HTTP/1.1" 404 5750 "-" "-"
20.48.147.90 - - [24/Aug/2026:23:03:54 +0530] "GET /nc4.php HTTP/1.1" 404 5750 "-" "-"
20.48.147.90 - - [24/Aug/2026:23:03:54 +0530] "GET /co.php HTTP/1.1" 404 5750 "-" "-"
20.48.147.90 - - [24/Aug/2026:23:03:55 +0530] "GET /aua.php HTTP/1.1" 404 5750 "-" "-"
20.48.147.90 - - [24/Aug/2026:23:03:55 +0530] "GET /Sanskrit.php HTTP/1.1" 404 5750 "-" "-"
20.48.147.90 - - [24/Aug/2026:23:03:55 +0530] "GET /great.php HTTP/1.1" 404 5750 "-" "-"
20.48.147.90 - - [24/Aug/2026:23:03:55 +0530] "GET /class9.php HTTP/1.1" 404 5750 "-" "-"
20.48.147.90 - - [24/Aug/2026:23:03:56 +0530] "GET /ot.php HTTP/1.1" 404 5750 "-" "-"
20.48.147.90 - - [24/Aug/2026:23:03:56 +0530] "GET /witmm.php HTTP/1.1" 404 5750 "-" "-"
20.48.147.90 - - [24/Aug/2026:23:03:56 +0530] "GET /lo.php HTTP/1.1" 404 5750 "-" "-"
185.231.100.76 - - [24/Aug/2026:23:03:56 +0530] "GET /wp-content/plugins/elementor/app/modules/import-export-customization/processes/revert.php HTTP/1.1" 200 - "-" "Mozilla/5.0 (compatible; MJ12bot/v1.4.8; http://mj12bot.com/)"
20.48.147.90 - - [24/Aug/2026:23:03:56 +0530] "GET /new7.php HTTP/1.1" 404 5750 "-" "-"
20.48.147.90 - - [24/Aug/2026:23:03:56 +0530] "GET /new14.php HTTP/1.1" 404 5750 "-" "-"
20.48.147.90 - - [24/Aug/2026:23:03:57 +0530] "GET /new17.php HTTP/1.1" 404 5750 "-" "-"
20.48.147.90 - - [24/Aug/2026:23:03:57 +0530] "GET /class7.php HTTP/1.1" 404 5750 "-" "-"
20.48.147.90 - - [24/Aug/2026:23:03:57 +0530] "GET /file14.php HTTP/1.1" 404 5750 "-" "-"
20.48.147.90 - - [24/Aug/2026:23:03:57 +0530] "GET /z57.php HTTP/1.1" 404 5750 "-" "-"
20.48.147.90 - - [24/Aug/2026:23:03:57 +0530] "GET /o2.php HTTP/1.1" 404 5750 "-" "-"
20.48.147.90 - - [24/Aug/2026:23:03:58 +0530] "GET /wsz.php HTTP/1.1" 404 5750 "-" "-"
20.48.147.90 - - [24/Aug/2026:23:03:58 +0530] "GET /yyy.php HTTP/1.1" 404 5750 "-" "-"
20.48.147.90 - - [24/Aug/2026:23:03:58 +0530] "GET /class-db.php HTTP/1.1" 404 5750 "-" "-"
20.48.147.90 - - [24/Aug/2026:23:03:58 +0530] "GET /set.php HTTP/1.1" 404 5750 "-" "-"
20.48.147.90 - - [24/Aug/2026:23:03:59 +0530] "GET /155.php HTTP/1.1" 404 5750 "-" "-"
20.48.147.90 - - [24/Aug/2026:23:03:59 +0530] "GET /l.php HTTP/1.1" 404 5750 "-" "-"
20.48.147.90 - - [24/Aug/2026:23:03:59 +0530] "GET /n3.php HTTP/1.1" 404 5750 "-" "-"
20.48.147.90 - - [24/Aug/2026:23:03:59 +0530] "GET /1254.php HTTP/1.1" 404 5750 "-" "-"
20.48.147.90 - - [24/Aug/2026:23:03:59 +0530] "GET /twso.php HTTP/1.1" 404 5750 "-" "-"
20.48.147.90 - - [24/Aug/2026:23:04:00 +0530] "GET /file30.php HTTP/1.1" 404 5750 "-" "-"
20.48.147.90 - - [24/Aug/2026:23:04:00 +0530] "GET /kdrex.php HTTP/1.1" 404 5750 "-" "-"
20.48.147.90 - - [24/Aug/2026:23:04:00 +0530] "GET /awh77.php HTTP/1.1" 404 5750 "-" "-"
185.231.100.76 - - [24/Aug/2026:23:04:01 +0530] "GET /wp-content/plugins/elementor/app/modules/import-export-customization/runners/?C=M;O=A HTTP/1.1" 200 1559 "-" "Mozilla/5.0 (compatible; MJ12bot/v1.4.8; http://mj12bot.com/)"
185.231.100.76 - - [24/Aug/2026:23:04:06 +0530] "GET /wp-content/plugins/elementor/app/modules/import-export-customization/runners/?C=N;O=D HTTP/1.1" 200 1559 "-" "Mozilla/5.0 (compatible; MJ12bot/v1.4.8; http://mj12bot.com/)"
185.231.100.76 - - [24/Aug/2026:23:04:09 +0530] "GET /wp-content/plugins/elementor/app/modules/kit-library/data/kits/endpoints/favorites.php HTTP/1.1" 200 - "-" "Mozilla/5.0 (compatible; MJ12bot/v1.4.8; http://mj12bot.com/)"
57.141.0.44 - - [24/Aug/2026:23:04:11 +0530] "GET / HTTP/1.1" 200 841 "-" "facebookexternalhit/1.1 (+http://www.facebook.com/externalhit_uatext.php)"
185.231.100.76 - - [24/Aug/2026:23:04:14 +0530] "GET /wp-content/plugins/elementor/app/modules/onboarding/data/endpoints/user-choices.php HTTP/1.1" 200 - "-" "Mozilla/5.0 (compatible; MJ12bot/v1.4.8; http://mj12bot.com/)"
192.178.7.39 - - [24/Aug/2026:23:04:17 +0530] "GET /?item/18807115337434.html HTTP/1.1" 200 841 "-" "Mozilla/5.0 (Linux; Android 6.0.1; Nexus 5X Build/MMB29P) AppleWebKit/537.36 (KHTML, like Gecko) Chrome/151.0.7922.137 Mobile Safari/537.36 (compatible; Googlebot/2.1; +http://www.google.com/bot.html)"
185.231.100.76 - - [24/Aug/2026:23:04:19 +0530] "GET /wp-content/plugins/elementor/assets/js/packages/editor-app-bar/editor-app-bar.js.LICENSE.txt HTTP/1.1" 200 23658 "-" "Mozilla/5.0 (compatible; MJ12bot/v1.4.8; http://mj12bot.com/)"
185.231.100.76 - - [24/Aug/2026:23:04:24 +0530] "GET /wp-content/plugins/elementor/assets/js/packages/editor-app-bar/editor-app-bar.min.js HTTP/1.1" 200 33316 "-" "Mozilla/5.0 (compatible; MJ12bot/v1.4.8; http://mj12bot.com/)"
185.231.100.76 - - [24/Aug/2026:23:04:27 +0530] "GET /wp-content/plugins/elementor/assets/js/packages/editor-app-bar/editor-app-bar.strings.js HTTP/1.1" 200 1637 "-" "Mozilla/5.0 (compatible; MJ12bot/v1.4.8; http://mj12bot.com/)"
185.231.100.76 - - [24/Aug/2026:23:04:30 +0530] "GET /wp-content/plugins/elementor/assets/js/packages/editor-canvas/?C=D;O=A HTTP/1.1" 200 1955 "-" "Mozilla/5.0 (compatible; MJ12bot/v1.4.8; http://mj12bot.com/)"
185.231.100.76 - - [24/Aug/2026:23:04:37 +0530] "GET /wp-content/plugins/elementor/assets/js/packages/locations/?C=D;O=D HTTP/1.1" 200 1721 "-" "Mozilla/5.0 (compatible; MJ12bot/v1.4.8; http://mj12bot.com/)"
185.231.100.76 - - [24/Aug/2026:23:04:41 +0530] "GET /wp-content/plugins/elementor/assets/js/packages/locations/?C=M;O=D HTTP/1.1" 200 1721 "-" "Mozilla/5.0 (compatible; MJ12bot/v1.4.8; http://mj12bot.com/)"
185.231.100.76 - - [24/Aug/2026:23:04:47 +0530] "GET /wp-content/plugins/elementor/assets/js/packages/menus/?C=M;O=D HTTP/1.1" 200 1690 "-" "Mozilla/5.0 (compatible; MJ12bot/v1.4.8; http://mj12bot.com/)"
185.231.100.76 - - [24/Aug/2026:23:04:51 +0530] "GET /wp-content/plugins/elementor/assets/js/packages/onboarding/?C=N;O=A HTTP/1.1" 200 1728 "-" "Mozilla/5.0 (compatible; MJ12bot/v1.4.8; http://mj12bot.com/)"
185.231.100.76 - - [24/Aug/2026:23:04:57 +0530] "GET /wp-content/plugins/elementor/assets/js/packages/query/?C=M;O=D HTTP/1.1" 200 1885 "-" "Mozilla/5.0 (compatible; MJ12bot/v1.4.8; http://mj12bot.com/)"
185.231.100.76 - - [24/Aug/2026:23:05:00 +0530] "GET /wp-content/plugins/elementor/assets/js/packages/query/?C=N;O=A HTTP/1.1" 200 1885 "-" "Mozilla/5.0 (compatible; MJ12bot/v1.4.8; http://mj12bot.com/)"
57.141.10.9 - - [24/Aug/2026:23:05:03 +0530] "GET / HTTP/1.1" 200 841 "-" "facebookexternalhit/1.1 (+http://www.facebook.com/externalhit_uatext.php)"
185.231.100.76 - - [24/Aug/2026:23:05:04 +0530] "GET /wp-content/plugins/elementor/assets/js/packages/query/?C=S;O=D HTTP/1.1" 200 1885 "-" "Mozilla/5.0 (compatible; MJ12bot/v1.4.8; http://mj12bot.com/)"
185.231.100.76 - - [24/Aug/2026:23:05:10 +0530] "GET /wp-content/plugins/elementor/assets/js/packages/schema/?C=D;O=D HTTP/1.1" 200 1697 "-" "Mozilla/5.0 (compatible; MJ12bot/v1.4.8; http://mj12bot.com/)"
185.231.100.76 - - [24/Aug/2026:23:05:15 +0530] "GET /wp-content/plugins/elementor/assets/js/packages/schema/?C=M;O=D HTTP/1.1" 200 1697 "-" "Mozilla/5.0 (compatible; MJ12bot/v1.4.8; http://mj12bot.com/)"
185.231.100.76 - - [24/Aug/2026:23:05:21 +0530] "GET /wp-content/plugins/elementor/assets/js/packages/schema/?C=N;O=A HTTP/1.1" 200 1697 "-" "Mozilla/5.0 (compatible; MJ12bot/v1.4.8; http://mj12bot.com/)"
185.231.100.76 - - [24/Aug/2026:23:05:25 +0530] "GET /wp-content/plugins/elementor/assets/js/packages/schema/?C=S;O=D HTTP/1.1" 200 1697 "-" "Mozilla/5.0 (compatible; MJ12bot/v1.4.8; http://mj12bot.com/)"
185.231.100.76 - - [24/Aug/2026:23:05:29 +0530] "GET /wp-content/plugins/elementor/assets/js/packages/session/?C=D;O=D HTTP/1.1" 200 1704 "-" "Mozilla/5.0 (compatible; MJ12bot/v1.4.8; http://mj12bot.com/)"
185.231.100.76 - - [24/Aug/2026:23:05:34 +0530] "GET /wp-content/plugins/elementor/assets/js/packages/session/?C=N;O=A HTTP/1.1" 200 1704 "-" "Mozilla/5.0 (compatible; MJ12bot/v1.4.8; http://mj12bot.com/)"
185.231.100.76 - - [24/Aug/2026:23:05:38 +0530] "GET /wp-content/plugins/elementor/assets/js/packages/session/?C=S;O=D HTTP/1.1" 200 1704 "-" "Mozilla/5.0 (compatible; MJ12bot/v1.4.8; http://mj12bot.com/)"
185.231.100.76 - - [24/Aug/2026:23:05:42 +0530] "GET /wp-content/plugins/elementor/modules/atomic-widgets/elements/atomic-tabs/handlers/?C=N;O=A HTTP/1.1" 200 1427 "-" "Mozilla/5.0 (compatible; MJ12bot/v1.4.8; http://mj12bot.com/)"
185.231.100.76 - - [24/Aug/2026:23:05:46 +0530] "GET /wp-content/plugins/elementor/modules/atomic-widgets/elements/atomic-tabs/handlers/?C=S;O=D HTTP/1.1" 200 1427 "-" "Mozilla/5.0 (compatible; MJ12bot/v1.4.8; http://mj12bot.com/)"
185.231.100.76 - - [24/Aug/2026:23:05:51 +0530] "GET /wp-content/plugins/elementor/modules/atomic-widgets/elements/atomic-youtube/?C=D;O=D HTTP/1.1" 200 1403 "-" "Mozilla/5.0 (compatible; MJ12bot/v1.4.8; http://mj12bot.com/)"
185.231.100.76 - - [24/Aug/2026:23:05:54 +0530] "GET /wp-content/plugins/elementor/modules/atomic-widgets/prop-types/concerns/?C=M;O=D HTTP/1.1" 200 2148 "-" "Mozilla/5.0 (compatible; MJ12bot/v1.4.8; http://mj12bot.com/)"
185.231.100.76 - - [24/Aug/2026:23:05:58 +0530] "GET /wp-content/plugins/elementor/modules/atomic-widgets/prop-types/contracts/?C=D;O=D HTTP/1.1" 200 1211 "-" "Mozilla/5.0 (compatible; MJ12bot/v1.4.8; http://mj12bot.com/)"
185.231.100.76 - - [24/Aug/2026:23:06:01 +0530] "GET /wp-content/plugins/elementor/modules/atomic-widgets/prop-types/contracts/?C=M;O=D HTTP/1.1" 200 1211 "-" "Mozilla/5.0 (compatible; MJ12bot/v1.4.8; http://mj12bot.com/)"
185.231.100.76 - - [24/Aug/2026:23:06:07 +0530] "GET /wp-content/plugins/elementor/modules/atomic-widgets/prop-types/contracts/?C=N;O=A HTTP/1.1" 200 1211 "-" "Mozilla/5.0 (compatible; MJ12bot/v1.4.8; http://mj12bot.com/)"
57.141.14.76 - - [24/Aug/2026:23:06:11 +0530] "GET / HTTP/1.1" 200 841 "-" "facebookexternalhit/1.1 (+http://www.facebook.com/externalhit_uatext.php)"
185.231.100.76 - - [24/Aug/2026:23:06:11 +0530] "GET /wp-content/plugins/elementor/modules/atomic-widgets/prop-types/contracts/?C=S;O=D HTTP/1.1" 200 1211 "-" "Mozilla/5.0 (compatible; MJ12bot/v1.4.8; http://mj12bot.com/)"
185.231.100.76 - - [24/Aug/2026:23:06:15 +0530] "GET /wp-content/plugins/elementor/modules/atomic-widgets/prop-types/filters/?C=D;O=D HTTP/1.1" 200 1594 "-" "Mozilla/5.0 (compatible; MJ12bot/v1.4.8; http://mj12bot.com/)"
185.231.100.76 - - [24/Aug/2026:23:06:19 +0530] "GET /wp-content/plugins/elementor/modules/atomic-widgets/prop-types/filters/?C=M;O=D HTTP/1.1" 200 1594 "-" "Mozilla/5.0 (compatible; MJ12bot/v1.4.8; http://mj12bot.com/)"
185.231.100.76 - - [24/Aug/2026:23:06:23 +0530] "GET /wp-content/plugins/elementor/modules/atomic-widgets/prop-types/filters/?C=N;O=A HTTP/1.1" 200 1594 "-" "Mozilla/5.0 (compatible; MJ12bot/v1.4.8; http://mj12bot.com/)"
192.178.7.38 - - [24/Aug/2026:23:06:25 +0530] "GET /?item/23362666155279.html HTTP/1.1" 200 841 "-" "Mozilla/5.0 (Linux; Android 6.0.1; Nexus 5X Build/MMB29P) AppleWebKit/537.36 (KHTML, like Gecko) Chrome/151.0.7922.137 Mobile Safari/537.36 (compatible; Googlebot/2.1; +http://www.google.com/bot.html)"
185.231.100.76 - - [24/Aug/2026:23:06:29 +0530] "GET /wp-content/plugins/elementor/modules/atomic-widgets/prop-types/filters/?C=S;O=D HTTP/1.1" 200 1594 "-" "Mozilla/5.0 (compatible; MJ12bot/v1.4.8; http://mj12bot.com/)"
185.231.100.76 - - [24/Aug/2026:23:06:33 +0530] "GET /wp-content/plugins/elementor/modules/atomic-widgets/prop-types/primitives/?C=D;O=D HTTP/1.1" 200 1596 "-" "Mozilla/5.0 (compatible; MJ12bot/v1.4.8; http://mj12bot.com/)"
185.231.100.76 - - [24/Aug/2026:23:06:38 +0530] "GET /wp-content/plugins/elementor/modules/atomic-widgets/prop-types/primitives/?C=M;O=D HTTP/1.1" 200 1596 "-" "Mozilla/5.0 (compatible; MJ12bot/v1.4.8; http://mj12bot.com/)"
185.231.100.76 - - [24/Aug/2026:23:06:43 +0530] "GET /wp-content/plugins/elementor/modules/atomic-widgets/prop-types/primitives/?C=N;O=A HTTP/1.1" 200 1596 "-" "Mozilla/5.0 (compatible; MJ12bot/v1.4.8; http://mj12bot.com/)"
185.231.100.76 - - [24/Aug/2026:23:06:47 +0530] "GET /wp-content/plugins/elementor/modules/atomic-widgets/prop-types/primitives/?C=S;O=D HTTP/1.1" 200 1596 "-" "Mozilla/5.0 (compatible; MJ12bot/v1.4.8; http://mj12bot.com/)"
185.231.100.76 - - [24/Aug/2026:23:06:52 +0530] "GET /wp-content/plugins/elementor/modules/atomic-widgets/prop-types/traits/?C=D;O=D HTTP/1.1" 200 1022 "-" "Mozilla/5.0 (compatible; MJ12bot/v1.4.8; http://mj12bot.com/)"
185.231.100.76 - - [24/Aug/2026:23:06:56 +0530] "GET /wp-content/plugins/elementor/modules/atomic-widgets/prop-types/traits/?C=M;O=D HTTP/1.1" 200 1022 "-" "Mozilla/5.0 (compatible; MJ12bot/v1.4.8; http://mj12bot.com/)"
185.231.100.76 - - [24/Aug/2026:23:07:01 +0530] "GET /wp-content/plugins/elementor/modules/atomic-widgets/prop-types/transform/functions/?C=N;O=A HTTP/1.1" 200 1661 "-" "Mozilla/5.0 (compatible; MJ12bot/v1.4.8; http://mj12bot.com/)"
185.231.100.76 - - [24/Aug/2026:23:07:06 +0530] "GET /wp-content/plugins/elementor/modules/atomic-widgets/prop-types/transform/functions/?C=S;O=A HTTP/1.1" 200 1661 "-" "Mozilla/5.0 (compatible; MJ12bot/v1.4.8; http://mj12bot.com/)"
185.231.100.76 - - [24/Aug/2026:23:07:12 +0530] "GET /wp-content/plugins/elementor/modules/atomic-widgets/prop-types/transform/functions/transform-scale-prop-type.php HTTP/1.1" 200 - "-" "Mozilla/5.0 (compatible; MJ12bot/v1.4.8; http://mj12bot.com/)"
185.231.100.76 - - [24/Aug/2026:23:07:15 +0530] "GET /wp-content/plugins/elementor/modules/atomic-widgets/props-resolver/transformers/export/?C=M;O=D HTTP/1.1" 200 1281 "-" "Mozilla/5.0 (compatible; MJ12bot/v1.4.8; http://mj12bot.com/)"
185.231.100.76 - - [24/Aug/2026:23:07:22 +0530] "GET /wp-content/plugins/elementor/modules/atomic-widgets/props-resolver/transformers/export/?C=S;O=D HTTP/1.1" 200 1281 "-" "Mozilla/5.0 (compatible; MJ12bot/v1.4.8; http://mj12bot.com/)"
185.231.100.76 - - [24/Aug/2026:23:07:28 +0530] "GET /wp-content/plugins/elementor/modules/atomic-widgets/props-resolver/transformers/import/?C=D;O=D HTTP/1.1" 200 1281 "-" "Mozilla/5.0 (compatible; MJ12bot/v1.4.8; http://mj12bot.com/)"
57.141.22.29 - - [24/Aug/2026:23:07:32 +0530] "GET / HTTP/1.1" 200 841 "-" "facebookexternalhit/1.1 (+http://www.facebook.com/externalhit_uatext.php)"
185.231.100.76 - - [24/Aug/2026:23:07:32 +0530] "GET /wp-content/plugins/elementor/modules/atomic-widgets/props-resolver/transformers/import/?C=M;O=D HTTP/1.1" 200 1281 "-" "Mozilla/5.0 (compatible; MJ12bot/v1.4.8; http://mj12bot.com/)"
185.231.100.76 - - [24/Aug/2026:23:07:39 +0530] "GET /wp-content/plugins/elementor/modules/atomic-widgets/props-resolver/transformers/import/?C=N;O=A HTTP/1.1" 200 1281 "-" "Mozilla/5.0 (compatible; MJ12bot/v1.4.8; http://mj12bot.com/)"
185.231.100.76 - - [24/Aug/2026:23:07:43 +0530] "GET /wp-content/plugins/elementor/modules/atomic-widgets/props-resolver/transformers/import/?C=S;O=D HTTP/1.1" 200 1281 "-" "Mozilla/5.0 (compatible; MJ12bot/v1.4.8; http://mj12bot.com/)"
185.231.100.76 - - [24/Aug/2026:23:07:47 +0530] "GET /wp-content/plugins/elementor/modules/atomic-widgets/props-resolver/transformers/styles/?C=D;O=D HTTP/1.1" 200 5291 "-" "Mozilla/5.0 (compatible; MJ12bot/v1.4.8; http://mj12bot.com/)"
185.231.100.76 - - [24/Aug/2026:23:07:51 +0530] "GET /wp-content/plugins/elementor/modules/atomic-widgets/props-resolver/transformers/styles/?C=M;O=D HTTP/1.1" 200 5291 "-" "Mozilla/5.0 (compatible; MJ12bot/v1.4.8; http://mj12bot.com/)"
185.231.100.76 - - [24/Aug/2026:23:07:59 +0530] "GET /wp-content/plugins/elementor/modules/atomic-widgets/props-resolver/transformers/styles/?C=N;O=A HTTP/1.1" 200 5291 "-" "Mozilla/5.0 (compatible; MJ12bot/v1.4.8; http://mj12bot.com/)"
185.231.100.76 - - [24/Aug/2026:23:08:02 +0530] "GET /wp-content/plugins/elementor/modules/atomic-widgets/props-resolver/transformers/styles/?C=S;O=D HTTP/1.1" 200 5291 "-" "Mozilla/5.0 (compatible; MJ12bot/v1.4.8; http://mj12bot.com/)"
192.178.7.37 - - [24/Aug/2026:23:08:06 +0530] "GET /?item/47868444660652.html HTTP/1.1" 200 841 "-" "Mozilla/5.0 (Linux; Android 6.0.1; Nexus 5X Build/MMB29P) AppleWebKit/537.36 (KHTML, like Gecko) Chrome/151.0.7922.137 Mobile Safari/537.36 (compatible; Googlebot/2.1; +http://www.google.com/bot.html)"
185.231.100.76 - - [24/Aug/2026:23:08:08 +0530] "GET /wp-content/plugins/elementor/modules/atomic-widgets/props-resolver/transformers/styles/background-gradient-overlay-transformer.php HTTP/1.1" 200 - "-" "Mozilla/5.0 (compatible; MJ12bot/v1.4.8; http://mj12bot.com/)"
185.231.100.76 - - [24/Aug/2026:23:08:14 +0530] "GET /wp-content/plugins/elementor/modules/atomic-widgets/props-resolver/transformers/styles/background-image-overlay-size-scale-transformer.php HTTP/1.1" 200 - "-" "Mozilla/5.0 (compatible; MJ12bot/v1.4.8; http://mj12bot.com/)"
185.231.100.76 - - [24/Aug/2026:23:08:18 +0530] "GET /wp-content/plugins/elementor/modules/atomic-widgets/props-resolver/transformers/styles/background-overlay-transformer.php HTTP/1.1" 200 - "-" "Mozilla/5.0 (compatible; MJ12bot/v1.4.8; http://mj12bot.com/)"
185.231.100.76 - - [24/Aug/2026:23:08:22 +0530] "GET /wp-content/plugins/elementor/vendor_prefixed/twig/twig/twig/src/Node/Expression/Binary/?C=D;O=D HTTP/1.1" 200 6221 "-" "Mozilla/5.0 (compatible; MJ12bot/v1.4.8; http://mj12bot.com/)"
185.231.100.76 - - [24/Aug/2026:23:08:28 +0530] "GET /wp-content/plugins/elementor/vendor_prefixed/twig/twig/twig/src/Node/Expression/Test/?C=N;O=A HTTP/1.1" 200 2148 "-" "Mozilla/5.0 (compatible; MJ12bot/v1.4.8; http://mj12bot.com/)"
185.231.100.76 - - [24/Aug/2026:23:08:31 +0530] "GET /wp-content/plugins/elementor/vendor_prefixed/twig/twig/twig/src/Node/Expression/Test/?C=S;O=D HTTP/1.1" 200 2148 "-" "Mozilla/5.0 (compatible; MJ12bot/v1.4.8; http://mj12bot.com/)"
185.231.100.76 - - [24/Aug/2026:23:08:36 +0530] "GET /wp-content/plugins/elementor/vendor_prefixed/twig/twig/twig/src/Node/Expression/Unary/?C=D;O=D HTTP/1.1" 200 1600 "-" "Mozilla/5.0 (compatible; MJ12bot/v1.4.8; http://mj12bot.com/)"
185.231.100.76 - - [24/Aug/2026:23:08:40 +0530] "GET /wp-content/plugins/elementor/vendor_prefixed/twig/twig/twig/src/Node/Expression/Unary/?C=M;O=D HTTP/1.1" 200 1600 "-" "Mozilla/5.0 (compatible; MJ12bot/v1.4.8; http://mj12bot.com/)"
185.231.100.76 - - [24/Aug/2026:23:08:43 +0530] "GET /wp-content/plugins/elementor/vendor_prefixed/twig/twig/twig/src/Node/Expression/Unary/?C=N;O=A HTTP/1.1" 200 1600 "-" "Mozilla/5.0 (compatible; MJ12bot/v1.4.8; http://mj12bot.com/)"
185.231.100.76 - - [24/Aug/2026:23:08:48 +0530] "GET /wp-content/plugins/elementor/vendor_prefixed/twig/twig/twig/src/Node/Expression/Unary/?C=S;O=D HTTP/1.1" 200 1600 "-" "Mozilla/5.0 (compatible; MJ12bot/v1.4.8; http://mj12bot.com/)"
57.141.20.21 - - [24/Aug/2026:23:08:49 +0530] "GET / HTTP/1.1" 200 841 "-" "facebookexternalhit/1.1 (+http://www.facebook.com/externalhit_uatext.php)"
192.178.7.37 - - [24/Aug/2026:23:09:03 +0530] "GET /?item/46464927487161.html HTTP/1.1" 200 841 "-" "Mozilla/5.0 (Linux; Android 6.0.1; Nexus 5X Build/MMB29P) AppleWebKit/537.36 (KHTML, like Gecko) Chrome/151.0.7922.137 Mobile Safari/537.36 (compatible; Googlebot/2.1; +http://www.google.com/bot.html)"
185.231.100.76 - - [24/Aug/2026:23:09:16 +0530] "GET /wp-content/plugins/updraftplus/vendor/guzzle/guzzle/src/Guzzle/Plugin/ErrorResponse/Exception/?C=N;O=A HTTP/1.1" 200 1092 "-" "Mozilla/5.0 (compatible; MJ12bot/v1.4.8; http://mj12bot.com/)"
57.141.4.27 - - [24/Aug/2026:23:09:18 +0530] "GET / HTTP/1.1" 200 841 "-" "facebookexternalhit/1.1 (+http://www.facebook.com/externalhit_uatext.php)"
185.231.100.76 - - [24/Aug/2026:23:09:20 +0530] "GET /wp-content/plugins/updraftplus/vendor/guzzle/guzzle/src/Guzzle/Plugin/ErrorResponse/Exception/?C=S;O=D HTTP/1.1" 200 1092 "-" "Mozilla/5.0 (compatible; MJ12bot/v1.4.8; http://mj12bot.com/)"
192.178.7.37 - - [24/Aug/2026:23:09:20 +0530] "GET /?item/48487225664207.html HTTP/1.1" 200 841 "-" "Mozilla/5.0 (Linux; Android 6.0.1; Nexus 5X Build/MMB29P) AppleWebKit/537.36 (KHTML, like Gecko) Chrome/151.0.7922.137 Mobile Safari/537.36 (compatible; Googlebot/2.1; +http://www.google.com/bot.html)"
185.231.100.76 - - [24/Aug/2026:23:09:25 +0530] "GET /wp-content/plugins/updraftplus/vendor/guzzle/guzzle/src/Guzzle/Service/Command/Factory/?C=D;O=D HTTP/1.1" 200 2013 "-" "Mozilla/5.0 (compatible; MJ12bot/v1.4.8; http://mj12bot.com/)"
185.231.100.76 - - [24/Aug/2026:23:09:29 +0530] "GET /wp-content/plugins/updraftplus/vendor/guzzle/guzzle/src/Guzzle/Service/Command/Factory/MapFactory.php HTTP/1.1" 500 - "-" "Mozilla/5.0 (compatible; MJ12bot/v1.4.8; http://mj12bot.com/)"
185.231.100.76 - - [24/Aug/2026:23:09:36 +0530] "GET /wp-content/plugins/updraftplus/vendor/guzzle/guzzle/src/Guzzle/Service/Command/Factory/ServiceDescriptionFactory.php HTTP/1.1" 500 - "-" "Mozilla/5.0 (compatible; MJ12bot/v1.4.8; http://mj12bot.com/)"
192.178.7.37 - - [24/Aug/2026:23:09:39 +0530] "GET /?item/34721775254990.html HTTP/1.1" 200 841 "-" "Mozilla/5.0 (Linux; Android 6.0.1; Nexus 5X Build/MMB29P) AppleWebKit/537.36 (KHTML, like Gecko) Chrome/151.0.7922.137 Mobile Safari/537.36 (compatible; Googlebot/2.1; +http://www.google.com/bot.html)"
185.231.100.76 - - [24/Aug/2026:23:09:43 +0530] "GET /wp-content/plugins/updraftplus/vendor/guzzle/guzzle/src/Guzzle/Service/Command/LocationVisitor/?C=D;O=D HTTP/1.1" 200 1433 "-" "Mozilla/5.0 (compatible; MJ12bot/v1.4.8; http://mj12bot.com/)"
192.178.7.37 - - [24/Aug/2026:23:10:29 +0530] "GET /?item/26694555127170.html HTTP/1.1" 200 841 "-" "Mozilla/5.0 (Linux; Android 6.0.1; Nexus 5X Build/MMB29P) AppleWebKit/537.36 (KHTML, like Gecko) Chrome/151.0.7922.137 Mobile Safari/537.36 (compatible; Googlebot/2.1; +http://www.google.com/bot.html)"
192.178.7.37 - - [24/Aug/2026:23:10:33 +0530] "GET /?item/46251346642388.html HTTP/1.1" 200 841 "-" "Mozilla/5.0 (Linux; Android 6.0.1; Nexus 5X Build/MMB29P) AppleWebKit/537.36 (KHTML, like Gecko) Chrome/151.0.7922.137 Mobile Safari/537.36 (compatible; Googlebot/2.1; +http://www.google.com/bot.html)"
185.231.100.76 - - [24/Aug/2026:23:10:38 +0530] "GET /wp-content/updraft/plugins-old/updraftplus/vendor/guzzle/guzzle/src/Guzzle/Http/Exception/?C=S;O=A HTTP/1.1" 200 2643 "-" "Mozilla/5.0 (compatible; MJ12bot/v1.4.8; http://mj12bot.com/)"
57.141.10.41 - - [24/Aug/2026:23:10:40 +0530] "GET / HTTP/1.1" 200 841 "-" "facebookexternalhit/1.1 (+http://www.facebook.com/externalhit_uatext.php)"
192.178.7.37 - - [24/Aug/2026:23:10:41 +0530] "GET /?item/36660766190663.html HTTP/1.1" 200 841 "-" "Mozilla/5.0 (Linux; Android 6.0.1; Nexus 5X Build/MMB29P) AppleWebKit/537.36 (KHTML, like Gecko) Chrome/151.0.7922.137 Mobile Safari/537.36 (compatible; Googlebot/2.1; +http://www.google.com/bot.html)"
192.178.7.37 - - [24/Aug/2026:23:10:41 +0530] "GET /?item/21245564449878.html HTTP/1.1" 200 841 "-" "Mozilla/5.0 (Linux; Android 6.0.1; Nexus 5X Build/MMB29P) AppleWebKit/537.36 (KHTML, like Gecko) Chrome/151.0.7922.137 Mobile Safari/537.36 (compatible; Googlebot/2.1; +http://www.google.com/bot.html)"
185.231.100.76 - - [24/Aug/2026:23:10:41 +0530] "GET /wp-content/updraft/plugins-old/updraftplus/vendor/guzzle/guzzle/src/Guzzle/Http/Exception/ClientErrorResponseException.php HTTP/1.1" 500 - "-" "Mozilla/5.0 (compatible; MJ12bot/v1.4.8; http://mj12bot.com/)"
185.231.100.76 - - [24/Aug/2026:23:10:46 +0530] "GET /wp-content/updraft/plugins-old/updraftplus/vendor/guzzle/guzzle/src/Guzzle/Http/Exception/CouldNotRewindStreamException.php HTTP/1.1" 500 - "-" "Mozilla/5.0 (compatible; MJ12bot/v1.4.8; http://mj12bot.com/)"
185.231.100.76 - - [24/Aug/2026:23:10:50 +0530] "GET /wp-content/updraft/plugins-old/updraftplus/vendor/guzzle/guzzle/src/Guzzle/Http/Exception/CurlException.php HTTP/1.1" 500 - "-" "Mozilla/5.0 (compatible; MJ12bot/v1.4.8; http://mj12bot.com/)"
192.178.7.37 - - [24/Aug/2026:23:10:50 +0530] "GET /?item/39297264359372.html HTTP/1.1" 200 841 "-" "Mozilla/5.0 (Linux; Android 6.0.1; Nexus 5X Build/MMB29P) AppleWebKit/537.36 (KHTML, like Gecko) Chrome/151.0.7922.137 Mobile Safari/537.36 (compatible; Googlebot/2.1; +http://www.google.com/bot.html)"
185.231.100.76 - - [24/Aug/2026:23:10:54 +0530] "GET /wp-content/updraft/plugins-old/updraftplus/vendor/guzzle/guzzle/src/Guzzle/Http/Exception/HttpException.php HTTP/1.1" 500 - "-" "Mozilla/5.0 (compatible; MJ12bot/v1.4.8; http://mj12bot.com/)"
192.178.7.37 - - [24/Aug/2026:23:10:55 +0530] "GET /?item/45988076707638.htmlm HTTP/1.1" 200 841 "-" "Mozilla/5.0 (Linux; Android 6.0.1; Nexus 5X Build/MMB29P) AppleWebKit/537.36 (KHTML, like Gecko) Chrome/151.0.7922.137 Mobile Safari/537.36 (compatible; Googlebot/2.1; +http://www.google.com/bot.html)"
185.231.100.76 - - [24/Aug/2026:23:10:59 +0530] "GET /wp-content/updraft/plugins-old/updraftplus/vendor/guzzle/guzzle/src/Guzzle/Http/Exception/MultiTransferException.php HTTP/1.1" 500 - "-" "Mozilla/5.0 (compatible; MJ12bot/v1.4.8; http://mj12bot.com/)"
185.231.100.76 - - [24/Aug/2026:23:11:02 +0530] "GET /wp-content/updraft/plugins-old/updraftplus/vendor/guzzle/guzzle/src/Guzzle/Http/Exception/RequestException.php HTTP/1.1" 500 - "-" "Mozilla/5.0 (compatible; MJ12bot/v1.4.8; http://mj12bot.com/)"
192.178.7.39 - - [24/Aug/2026:23:11:05 +0530] "GET /?item/13242524212824.html HTTP/1.1" 200 841 "-" "Mozilla/5.0 (Linux; Android 6.0.1; Nexus 5X Build/MMB29P) AppleWebKit/537.36 (KHTML, like Gecko) Chrome/151.0.7922.137 Mobile Safari/537.36 (compatible; Googlebot/2.1; +http://www.google.com/bot.html)"
185.231.100.76 - - [24/Aug/2026:23:11:07 +0530] "GET /wp-content/updraft/plugins-old/updraftplus/vendor/guzzle/guzzle/src/Guzzle/Http/Exception/ServerErrorResponseException.php HTTP/1.1" 500 - "-" "Mozilla/5.0 (compatible; MJ12bot/v1.4.8; http://mj12bot.com/)"
185.231.100.76 - - [24/Aug/2026:23:11:12 +0530] "GET /wp-content/updraft/plugins-old/updraftplus/vendor/guzzle/guzzle/src/Guzzle/Plugin/Async/?C=S;O=A HTTP/1.1" 200 1245 "-" "Mozilla/5.0 (compatible; MJ12bot/v1.4.8; http://mj12bot.com/)"
185.231.100.76 - - [24/Aug/2026:23:11:17 +0530] "GET /wp-content/updraft/plugins-old/updraftplus/vendor/guzzle/guzzle/src/Guzzle/Plugin/Async/composer.json HTTP/1.1" 200 668 "-" "Mozilla/5.0 (compatible; MJ12bot/v1.4.8; http://mj12bot.com/)"
192.178.7.38 - - [24/Aug/2026:23:11:17 +0530] "GET /?item/31034317101519.html HTTP/1.1" 200 841 "-" "Mozilla/5.0 (Linux; Android 6.0.1; Nexus 5X Build/MMB29P) AppleWebKit/537.36 (KHTML, like Gecko) Chrome/151.0.7922.137 Mobile Safari/537.36 (compatible; Googlebot/2.1; +http://www.google.com/bot.html)"
192.178.7.38 - - [24/Aug/2026:23:11:18 +0530] "GET /?item/36675745587064.html HTTP/1.1" 200 841 "-" "Mozilla/5.0 (Linux; Android 6.0.1; Nexus 5X Build/MMB29P) AppleWebKit/537.36 (KHTML, like Gecko) Chrome/151.0.7922.137 Mobile Safari/537.36 (compatible; Googlebot/2.1; +http://www.google.com/bot.html)"
185.231.100.76 - - [24/Aug/2026:23:11:20 +0530] "GET /wp-content/updraft/plugins-old/updraftplus/vendor/guzzle/guzzle/src/Guzzle/Plugin/Backoff/?C=D;O=A HTTP/1.1" 200 3616 "-" "Mozilla/5.0 (compatible; MJ12bot/v1.4.8; http://mj12bot.com/)"
185.231.100.76 - - [24/Aug/2026:23:11:24 +0530] "GET /wp-content/updraft/plugins-old/updraftplus/vendor/guzzle/guzzle/src/Guzzle/Plugin/Backoff/?C=M;O=A HTTP/1.1" 200 3616 "-" "Mozilla/5.0 (compatible; MJ12bot/v1.4.8; http://mj12bot.com/)"
192.178.7.37 - - [24/Aug/2026:23:11:26 +0530] "GET /?item/22158554314692.html HTTP/1.1" 200 841 "-" "Mozilla/5.0 (Linux; Android 6.0.1; Nexus 5X Build/MMB29P) AppleWebKit/537.36 (KHTML, like Gecko) Chrome/151.0.7922.137 Mobile Safari/537.36 (compatible; Googlebot/2.1; +http://www.google.com/bot.html)"
185.231.100.76 - - [24/Aug/2026:23:11:29 +0530] "GET /wp-content/updraft/plugins-old/updraftplus/vendor/guzzle/guzzle/src/Guzzle/Plugin/Backoff/?C=N;O=D HTTP/1.1" 200 3616 "-" "Mozilla/5.0 (compatible; MJ12bot/v1.4.8; http://mj12bot.com/)"
185.231.100.76 - - [24/Aug/2026:23:11:34 +0530] "GET /wp-content/updraft/plugins-old/updraftplus/vendor/guzzle/guzzle/src/Guzzle/Plugin/Backoff/?C=S;O=A HTTP/1.1" 200 3616 "-" "Mozilla/5.0 (compatible; MJ12bot/v1.4.8; http://mj12bot.com/)"
185.231.100.76 - - [24/Aug/2026:23:11:36 +0530] "GET /wp-content/updraft/plugins-old/updraftplus/vendor/guzzle/guzzle/src/Guzzle/Plugin/Backoff/AbstractBackoffStrategy.php HTTP/1.1" 500 - "-" "Mozilla/5.0 (compatible; MJ12bot/v1.4.8; http://mj12bot.com/)"
192.178.7.37 - - [24/Aug/2026:23:11:38 +0530] "GET /?item/31486975038269.html HTTP/1.1" 200 841 "-" "Mozilla/5.0 (Linux; Android 6.0.1; Nexus 5X Build/MMB29P) AppleWebKit/537.36 (KHTML, like Gecko) Chrome/151.0.7922.137 Mobile Safari/537.36 (compatible; Googlebot/2.1; +http://www.google.com/bot.html)"
185.231.100.76 - - [24/Aug/2026:23:11:41 +0530] "GET /wp-content/updraft/plugins-old/updraftplus/vendor/guzzle/guzzle/src/Guzzle/Plugin/Backoff/AbstractErrorCodeBackoffStrategy.php HTTP/1.1" 500 - "-" "Mozilla/5.0 (compatible; MJ12bot/v1.4.8; http://mj12bot.com/)"
185.231.100.76 - - [24/Aug/2026:23:11:45 +0530] "GET /wp-content/updraft/plugins-old/updraftplus/vendor/guzzle/guzzle/src/Guzzle/Plugin/Backoff/BackoffLogger.php HTTP/1.1" 500 - "-" "Mozilla/5.0 (compatible; MJ12bot/v1.4.8; http://mj12bot.com/)"
192.178.7.38 - - [24/Aug/2026:23:11:46 +0530] "GET /?item/27926074971702.html HTTP/1.1" 200 841 "-" "Mozilla/5.0 (Linux; Android 6.0.1; Nexus 5X Build/MMB29P) AppleWebKit/537.36 (KHTML, like Gecko) Chrome/151.0.7922.137 Mobile Safari/537.36 (compatible; Googlebot/2.1; +http://www.google.com/bot.html)"
185.231.100.76 - - [24/Aug/2026:23:11:49 +0530] "GET /wp-content/updraft/plugins-old/updraftplus/vendor/guzzle/guzzle/src/Guzzle/Plugin/Backoff/BackoffPlugin.php HTTP/1.1" 500 - "-" "Mozilla/5.0 (compatible; MJ12bot/v1.4.8; http://mj12bot.com/)"
192.178.7.37 - - [24/Aug/2026:23:11:52 +0530] "GET /?item/19950954724576.html HTTP/1.1" 200 841 "-" "Mozilla/5.0 (Linux; Android 6.0.1; Nexus 5X Build/MMB29P) AppleWebKit/537.36 (KHTML, like Gecko) Chrome/151.0.7922.137 Mobile Safari/537.36 (compatible; Googlebot/2.1; +http://www.google.com/bot.html)"
185.231.100.76 - - [24/Aug/2026:23:11:55 +0530] "GET /wp-content/updraft/plugins-old/updraftplus/vendor/guzzle/guzzle/src/Guzzle/Plugin/Backoff/BackoffStrategyInterface.php HTTP/1.1" 200 - "-" "Mozilla/5.0 (compatible; MJ12bot/v1.4.8; http://mj12bot.com/)"
185.231.100.76 - - [24/Aug/2026:23:11:59 +0530] "GET /wp-content/updraft/plugins-old/updraftplus/vendor/guzzle/guzzle/src/Guzzle/Plugin/Backoff/CallbackBackoffStrategy.php HTTP/1.1" 500 - "-" "Mozilla/5.0 (compatible; MJ12bot/v1.4.8; http://mj12bot.com/)"
192.178.7.39 - - [24/Aug/2026:23:12:01 +0530] "GET /?item/13291056358967.html HTTP/1.1" 200 841 "-" "Mozilla/5.0 (Linux; Android 6.0.1; Nexus 5X Build/MMB29P) AppleWebKit/537.36 (KHTML, like Gecko) Chrome/151.0.7922.137 Mobile Safari/537.36 (compatible; Googlebot/2.1; +http://www.google.com/bot.html)"
185.231.100.76 - - [24/Aug/2026:23:12:04 +0530] "GET /wp-content/updraft/plugins-old/updraftplus/vendor/guzzle/guzzle/src/Guzzle/Plugin/Backoff/ConstantBackoffStrategy.php HTTP/1.1" 500 - "-" "Mozilla/5.0 (compatible; MJ12bot/v1.4.8; http://mj12bot.com/)"
57.141.16.3 - - [24/Aug/2026:23:12:07 +0530] "GET / HTTP/1.1" 200 841 "-" "facebookexternalhit/1.1 (+http://www.facebook.com/externalhit_uatext.php)"
185.231.100.76 - - [24/Aug/2026:23:12:08 +0530] "GET /wp-content/updraft/plugins-old/updraftplus/vendor/guzzle/guzzle/src/Guzzle/Plugin/Backoff/CurlBackoffStrategy.php HTTP/1.1" 500 - "-" "Mozilla/5.0 (compatible; MJ12bot/v1.4.8; http://mj12bot.com/)"
192.178.7.37 - - [24/Aug/2026:23:12:11 +0530] "GET /?item/14467036555499.html HTTP/1.1" 200 841 "-" "Mozilla/5.0 (Linux; Android 6.0.1; Nexus 5X Build/MMB29P) AppleWebKit/537.36 (KHTML, like Gecko) Chrome/151.0.7922.137 Mobile Safari/537.36 (compatible; Googlebot/2.1; +http://www.google.com/bot.html)"
