192.178.7.37 - - [24/Aug/2026:20:52:16 +0530] "GET /?item/22715235139394.html HTTP/1.1" 200 841 "-" "Mozilla/5.0 (Linux; Android 6.0.1; Nexus 5X Build/MMB29P) AppleWebKit/537.36 (KHTML, like Gecko) Chrome/151.0.7922.137 Mobile Safari/537.36 (compatible; Googlebot/2.1; +http://www.google.com/bot.html)"
192.178.7.37 - - [24/Aug/2026:20:52:25 +0530] "GET /?item/28855317845748.html HTTP/1.1" 200 841 "-" "Mozilla/5.0 (Linux; Android 6.0.1; Nexus 5X Build/MMB29P) AppleWebKit/537.36 (KHTML, like Gecko) Chrome/151.0.7922.137 Mobile Safari/537.36 (compatible; Googlebot/2.1; +http://www.google.com/bot.html)"
192.178.7.37 - - [24/Aug/2026:20:52:29 +0530] "GET /?item/12447817174432.html HTTP/1.1" 200 841 "-" "Mozilla/5.0 (Linux; Android 6.0.1; Nexus 5X Build/MMB29P) AppleWebKit/537.36 (KHTML, like Gecko) Chrome/151.0.7922.137 Mobile Safari/537.36 (compatible; Googlebot/2.1; +http://www.google.com/bot.html)"
104.152.52.226 - - [24/Aug/2026:20:52:47 +0530] "GET / HTTP/1.1" 200 841 "-" "curl/7.61.1"
104.152.52.226 - - [24/Aug/2026:20:52:48 +0530] "GET /favicon.ico HTTP/1.1" 404 - "-" "curl/7.61.1"
192.178.7.37 - - [24/Aug/2026:20:52:55 +0530] "GET /?item/13864037323829.html HTTP/1.1" 200 841 "-" "Mozilla/5.0 (Linux; Android 6.0.1; Nexus 5X Build/MMB29P) AppleWebKit/537.36 (KHTML, like Gecko) Chrome/151.0.7922.137 Mobile Safari/537.36 (compatible; Googlebot/2.1; +http://www.google.com/bot.html)"
192.178.7.37 - - [24/Aug/2026:20:52:55 +0530] "GET /?item/28616677846574.html HTTP/1.1" 200 841 "-" "Mozilla/5.0 (Linux; Android 6.0.1; Nexus 5X Build/MMB29P) AppleWebKit/537.36 (KHTML, like Gecko) Chrome/151.0.7922.137 Mobile Safari/537.36 (compatible; Googlebot/2.1; +http://www.google.com/bot.html)"
192.178.7.37 - - [24/Aug/2026:20:53:05 +0530] "GET /?item/15757984809223.html HTTP/1.1" 200 841 "-" "Mozilla/5.0 (Linux; Android 6.0.1; Nexus 5X Build/MMB29P) AppleWebKit/537.36 (KHTML, like Gecko) Chrome/151.0.7922.137 Mobile Safari/537.36 (compatible; Googlebot/2.1; +http://www.google.com/bot.html)"
192.178.7.37 - - [24/Aug/2026:20:53:10 +0530] "GET /?item/40465226835013.html HTTP/1.1" 200 841 "-" "Mozilla/5.0 (Linux; Android 6.0.1; Nexus 5X Build/MMB29P) AppleWebKit/537.36 (KHTML, like Gecko) Chrome/151.0.7922.137 Mobile Safari/537.36 (compatible; Googlebot/2.1; +http://www.google.com/bot.html)"
192.178.7.37 - - [24/Aug/2026:20:53:13 +0530] "GET /?item/28554146372003.html HTTP/1.1" 200 841 "-" "Mozilla/5.0 (Linux; Android 6.0.1; Nexus 5X Build/MMB29P) AppleWebKit/537.36 (KHTML, like Gecko) Chrome/151.0.7922.137 Mobile Safari/537.36 (compatible; Googlebot/2.1; +http://www.google.com/bot.html)"
192.178.7.37 - - [24/Aug/2026:20:53:22 +0530] "GET /?item/16491636902668.html HTTP/1.1" 200 841 "-" "Mozilla/5.0 (Linux; Android 6.0.1; Nexus 5X Build/MMB29P) AppleWebKit/537.36 (KHTML, like Gecko) Chrome/151.0.7922.137 Mobile Safari/537.36 (compatible; Googlebot/2.1; +http://www.google.com/bot.html)"
192.178.7.37 - - [24/Aug/2026:20:53:29 +0530] "GET /?item/37936387849879.html HTTP/1.1" 200 841 "-" "Mozilla/5.0 (Linux; Android 6.0.1; Nexus 5X Build/MMB29P) AppleWebKit/537.36 (KHTML, like Gecko) Chrome/151.0.7922.137 Mobile Safari/537.36 (compatible; Googlebot/2.1; +http://www.google.com/bot.html)"
192.178.7.37 - - [24/Aug/2026:20:53:36 +0530] "GET /?item/19646725744675.html HTTP/1.1" 200 841 "-" "Mozilla/5.0 (Linux; Android 6.0.1; Nexus 5X Build/MMB29P) AppleWebKit/537.36 (KHTML, like Gecko) Chrome/151.0.7922.137 Mobile Safari/537.36 (compatible; Googlebot/2.1; +http://www.google.com/bot.html)"
52.167.144.188 - - [24/Aug/2026:20:53:36 +0530] "GET /?y=6120299213 HTTP/1.1" 200 841 "-" "Mozilla/5.0 AppleWebKit/537.36 (KHTML, like Gecko; compatible; bingbot/2.0; +http://www.bing.com/bingbot.htm) Chrome/116.0.1938.76 Safari/537.36"
192.178.7.37 - - [24/Aug/2026:20:53:43 +0530] "GET /?item/13222875637573.html HTTP/1.1" 200 841 "-" "Mozilla/5.0 (Linux; Android 6.0.1; Nexus 5X Build/MMB29P) AppleWebKit/537.36 (KHTML, like Gecko) Chrome/151.0.7922.137 Mobile Safari/537.36 (compatible; Googlebot/2.1; +http://www.google.com/bot.html)"
192.178.7.37 - - [24/Aug/2026:20:53:52 +0530] "GET /?item/27877778055134.html HTTP/1.1" 200 841 "-" "Mozilla/5.0 (Linux; Android 6.0.1; Nexus 5X Build/MMB29P) AppleWebKit/537.36 (KHTML, like Gecko) Chrome/151.0.7922.137 Mobile Safari/537.36 (compatible; Googlebot/2.1; +http://www.google.com/bot.html)"
192.178.7.37 - - [24/Aug/2026:20:53:53 +0530] "GET /?item/36783124410336.html HTTP/1.1" 200 841 "-" "Mozilla/5.0 (Linux; Android 6.0.1; Nexus 5X Build/MMB29P) AppleWebKit/537.36 (KHTML, like Gecko) Chrome/151.0.7922.137 Mobile Safari/537.36 (compatible; Googlebot/2.1; +http://www.google.com/bot.html)"
192.178.7.37 - - [24/Aug/2026:20:53:55 +0530] "GET /?item/14660665057877.html HTTP/1.1" 200 841 "-" "Mozilla/5.0 (Linux; Android 6.0.1; Nexus 5X Build/MMB29P) AppleWebKit/537.36 (KHTML, like Gecko) Chrome/151.0.7922.137 Mobile Safari/537.36 (compatible; Googlebot/2.1; +http://www.google.com/bot.html)"
192.178.7.37 - - [24/Aug/2026:20:54:04 +0530] "GET /?item/43688105015983.html HTTP/1.1" 200 841 "-" "Mozilla/5.0 (Linux; Android 6.0.1; Nexus 5X Build/MMB29P) AppleWebKit/537.36 (KHTML, like Gecko) Chrome/151.0.7922.137 Mobile Safari/537.36 (compatible; Googlebot/2.1; +http://www.google.com/bot.html)"
192.178.7.37 - - [24/Aug/2026:20:54:05 +0530] "GET /?item/28970515243559.html HTTP/1.1" 200 841 "-" "Mozilla/5.0 (Linux; Android 6.0.1; Nexus 5X Build/MMB29P) AppleWebKit/537.36 (KHTML, like Gecko) Chrome/151.0.7922.137 Mobile Safari/537.36 (compatible; Googlebot/2.1; +http://www.google.com/bot.html)"
192.178.7.38 - - [24/Aug/2026:20:54:12 +0530] "GET /?item/37116357101247.html HTTP/1.1" 200 841 "-" "Mozilla/5.0 (Linux; Android 6.0.1; Nexus 5X Build/MMB29P) AppleWebKit/537.36 (KHTML, like Gecko) Chrome/151.0.7922.137 Mobile Safari/537.36 (compatible; Googlebot/2.1; +http://www.google.com/bot.html)"
192.178.7.38 - - [24/Aug/2026:20:54:15 +0530] "GET /?item/19514735531319.html HTTP/1.1" 200 841 "-" "Mozilla/5.0 (Linux; Android 6.0.1; Nexus 5X Build/MMB29P) AppleWebKit/537.36 (KHTML, like Gecko) Chrome/151.0.7922.137 Mobile Safari/537.36 (compatible; Googlebot/2.1; +http://www.google.com/bot.html)"
54.37.84.47 - - [24/Aug/2026:20:54:16 +0530] "GET /wp-content/plugins/elementor/modules/atomic-widgets/elements/atomic-svg/?C=S;O=D HTTP/1.1" 200 1198 "-" "Mozilla/5.0 (compatible; MJ12bot/v1.4.8; http://mj12bot.com/)"
192.178.7.37 - - [24/Aug/2026:20:54:17 +0530] "GET /?item/39560447652484.html HTTP/1.1" 200 841 "-" "Mozilla/5.0 (Linux; Android 6.0.1; Nexus 5X Build/MMB29P) AppleWebKit/537.36 (KHTML, like Gecko) Chrome/151.0.7922.137 Mobile Safari/537.36 (compatible; Googlebot/2.1; +http://www.google.com/bot.html)"
54.37.84.47 - - [24/Aug/2026:20:54:17 +0530] "GET /wp-content/plugins/elementor/modules/atomic-widgets/elements/atomic-tabs/atomic-tab-content/?C=D;O=D HTTP/1.1" 200 1269 "-" "Mozilla/5.0 (compatible; MJ12bot/v1.4.8; http://mj12bot.com/)"
192.178.7.37 - - [24/Aug/2026:20:54:18 +0530] "GET /?item/39917597707169.html HTTP/1.1" 200 841 "-" "Mozilla/5.0 (Linux; Android 6.0.1; Nexus 5X Build/MMB29P) AppleWebKit/537.36 (KHTML, like Gecko) Chrome/151.0.7922.137 Mobile Safari/537.36 (compatible; Googlebot/2.1; +http://www.google.com/bot.html)"
54.37.84.47 - - [24/Aug/2026:20:54:19 +0530] "GET /wp-content/plugins/elementor/modules/atomic-widgets/elements/atomic-tabs/atomic-tab-content/?C=M;O=D HTTP/1.1" 200 1269 "-" "Mozilla/5.0 (compatible; MJ12bot/v1.4.8; http://mj12bot.com/)"
54.37.84.47 - - [24/Aug/2026:20:54:21 +0530] "GET /wp-content/plugins/elementor/modules/atomic-widgets/elements/atomic-tabs/atomic-tab-content/?C=N;O=A HTTP/1.1" 200 1269 "-" "Mozilla/5.0 (compatible; MJ12bot/v1.4.8; http://mj12bot.com/)"
54.37.84.47 - - [24/Aug/2026:20:54:23 +0530] "GET /wp-content/plugins/elementor/modules/atomic-widgets/elements/atomic-tabs/atomic-tab-content/?C=S;O=D HTTP/1.1" 200 1269 "-" "Mozilla/5.0 (compatible; MJ12bot/v1.4.8; http://mj12bot.com/)"
54.37.84.47 - - [24/Aug/2026:20:54:25 +0530] "GET /wp-content/plugins/elementor/modules/atomic-widgets/elements/atomic-tabs/atomic-tab/?C=D;O=D HTTP/1.1" 200 1234 "-" "Mozilla/5.0 (compatible; MJ12bot/v1.4.8; http://mj12bot.com/)"
192.178.7.37 - - [24/Aug/2026:20:54:25 +0530] "GET /?item/24016876797415.html HTTP/1.1" 200 841 "-" "Mozilla/5.0 (Linux; Android 6.0.1; Nexus 5X Build/MMB29P) AppleWebKit/537.36 (KHTML, like Gecko) Chrome/151.0.7922.137 Mobile Safari/537.36 (compatible; Googlebot/2.1; +http://www.google.com/bot.html)"
54.37.84.47 - - [24/Aug/2026:20:54:27 +0530] "GET /wp-content/plugins/elementor/modules/atomic-widgets/elements/atomic-tabs/atomic-tab/?C=M;O=D HTTP/1.1" 200 1234 "-" "Mozilla/5.0 (compatible; MJ12bot/v1.4.8; http://mj12bot.com/)"
54.37.84.47 - - [24/Aug/2026:20:54:28 +0530] "GET /wp-content/plugins/elementor/modules/atomic-widgets/elements/atomic-tabs/atomic-tab/?C=N;O=A HTTP/1.1" 200 1234 "-" "Mozilla/5.0 (compatible; MJ12bot/v1.4.8; http://mj12bot.com/)"
54.37.84.47 - - [24/Aug/2026:20:54:30 +0530] "GET /wp-content/plugins/elementor/modules/atomic-widgets/elements/atomic-tabs/atomic-tab/?C=S;O=D HTTP/1.1" 200 1234 "-" "Mozilla/5.0 (compatible; MJ12bot/v1.4.8; http://mj12bot.com/)"
192.178.7.37 - - [24/Aug/2026:20:54:30 +0530] "GET /?item/35563007012827.html HTTP/1.1" 200 841 "-" "Mozilla/5.0 (Linux; Android 6.0.1; Nexus 5X Build/MMB29P) AppleWebKit/537.36 (KHTML, like Gecko) Chrome/151.0.7922.137 Mobile Safari/537.36 (compatible; Googlebot/2.1; +http://www.google.com/bot.html)"
54.37.84.47 - - [24/Aug/2026:20:54:32 +0530] "GET /wp-content/plugins/elementor/modules/atomic-widgets/elements/atomic-tabs/atomic-tabs-content-area/?C=D;O=D HTTP/1.1" 200 1296 "-" "Mozilla/5.0 (compatible; MJ12bot/v1.4.8; http://mj12bot.com/)"
54.37.84.47 - - [24/Aug/2026:20:54:33 +0530] "GET /wp-content/plugins/elementor/modules/atomic-widgets/elements/atomic-tabs/atomic-tabs-content-area/?C=M;O=D HTTP/1.1" 200 1296 "-" "Mozilla/5.0 (compatible; MJ12bot/v1.4.8; http://mj12bot.com/)"
54.37.84.47 - - [24/Aug/2026:20:54:35 +0530] "GET /wp-content/plugins/elementor/modules/atomic-widgets/elements/atomic-tabs/atomic-tabs-content-area/?C=N;O=A HTTP/1.1" 200 1296 "-" "Mozilla/5.0 (compatible; MJ12bot/v1.4.8; http://mj12bot.com/)"
54.37.84.47 - - [24/Aug/2026:20:54:36 +0530] "GET /wp-content/plugins/elementor/modules/atomic-widgets/elements/atomic-tabs/atomic-tabs-content-area/?C=S;O=D HTTP/1.1" 200 1296 "-" "Mozilla/5.0 (compatible; MJ12bot/v1.4.8; http://mj12bot.com/)"
54.37.84.47 - - [24/Aug/2026:20:54:38 +0530] "GET /wp-content/plugins/elementor/modules/atomic-widgets/elements/atomic-tabs/atomic-tabs-menu/?C=D;O=D HTTP/1.1" 200 1261 "-" "Mozilla/5.0 (compatible; MJ12bot/v1.4.8; http://mj12bot.com/)"
54.37.84.47 - - [24/Aug/2026:20:54:40 +0530] "GET /wp-content/plugins/elementor/modules/atomic-widgets/elements/atomic-tabs/atomic-tabs-menu/?C=M;O=D HTTP/1.1" 200 1261 "-" "Mozilla/5.0 (compatible; MJ12bot/v1.4.8; http://mj12bot.com/)"
192.178.7.37 - - [24/Aug/2026:20:54:41 +0530] "GET /?item/39792856301644.html HTTP/1.1" 200 841 "-" "Mozilla/5.0 (Linux; Android 6.0.1; Nexus 5X Build/MMB29P) AppleWebKit/537.36 (KHTML, like Gecko) Chrome/151.0.7922.137 Mobile Safari/537.36 (compatible; Googlebot/2.1; +http://www.google.com/bot.html)"
54.37.84.47 - - [24/Aug/2026:20:54:42 +0530] "GET /wp-content/plugins/elementor/modules/atomic-widgets/elements/atomic-tabs/atomic-tabs-menu/?C=N;O=A HTTP/1.1" 200 1261 "-" "Mozilla/5.0 (compatible; MJ12bot/v1.4.8; http://mj12bot.com/)"
54.37.84.47 - - [24/Aug/2026:20:54:44 +0530] "GET /wp-content/plugins/elementor/modules/atomic-widgets/elements/atomic-tabs/atomic-tabs-menu/?C=S;O=D HTTP/1.1" 200 1261 "-" "Mozilla/5.0 (compatible; MJ12bot/v1.4.8; http://mj12bot.com/)"
54.37.84.47 - - [24/Aug/2026:20:54:46 +0530] "GET /wp-content/plugins/elementor/modules/atomic-widgets/elements/atomic-tabs/atomic-tabs/?C=D;O=D HTTP/1.1" 200 1238 "-" "Mozilla/5.0 (compatible; MJ12bot/v1.4.8; http://mj12bot.com/)"
54.37.84.47 - - [24/Aug/2026:20:54:47 +0530] "GET /wp-content/plugins/elementor/modules/atomic-widgets/elements/atomic-tabs/atomic-tabs/?C=M;O=D HTTP/1.1" 200 1238 "-" "Mozilla/5.0 (compatible; MJ12bot/v1.4.8; http://mj12bot.com/)"
54.37.84.47 - - [24/Aug/2026:20:54:49 +0530] "GET /wp-content/plugins/elementor/modules/atomic-widgets/elements/atomic-tabs/atomic-tabs/?C=N;O=A HTTP/1.1" 200 1238 "-" "Mozilla/5.0 (compatible; MJ12bot/v1.4.8; http://mj12bot.com/)"
54.37.84.47 - - [24/Aug/2026:20:54:51 +0530] "GET /wp-content/plugins/elementor/modules/atomic-widgets/elements/atomic-tabs/atomic-tabs/?C=S;O=D HTTP/1.1" 200 1238 "-" "Mozilla/5.0 (compatible; MJ12bot/v1.4.8; http://mj12bot.com/)"
192.178.7.37 - - [24/Aug/2026:20:54:56 +0530] "GET /?item/44993586926884.html HTTP/1.1" 200 841 "-" "Mozilla/5.0 (Linux; Android 6.0.1; Nexus 5X Build/MMB29P) AppleWebKit/537.36 (KHTML, like Gecko) Chrome/151.0.7922.137 Mobile Safari/537.36 (compatible; Googlebot/2.1; +http://www.google.com/bot.html)"
192.178.7.37 - - [24/Aug/2026:20:54:58 +0530] "GET /?item/20541447822164.html HTTP/1.1" 200 841 "-" "Mozilla/5.0 (Linux; Android 6.0.1; Nexus 5X Build/MMB29P) AppleWebKit/537.36 (KHTML, like Gecko) Chrome/151.0.7922.137 Mobile Safari/537.36 (compatible; Googlebot/2.1; +http://www.google.com/bot.html)"
192.178.7.39 - - [24/Aug/2026:20:55:06 +0530] "GET /?item/21977936639972.html HTTP/1.1" 200 841 "-" "Mozilla/5.0 (Linux; Android 6.0.1; Nexus 5X Build/MMB29P) AppleWebKit/537.36 (KHTML, like Gecko) Chrome/151.0.7922.137 Mobile Safari/537.36 (compatible; Googlebot/2.1; +http://www.google.com/bot.html)"
192.178.7.37 - - [24/Aug/2026:20:55:08 +0530] "GET /?item/41876255266342.html HTTP/1.1" 200 841 "-" "Mozilla/5.0 (Linux; Android 6.0.1; Nexus 5X Build/MMB29P) AppleWebKit/537.36 (KHTML, like Gecko) Chrome/151.0.7922.137 Mobile Safari/537.36 (compatible; Googlebot/2.1; +http://www.google.com/bot.html)"
192.178.7.38 - - [24/Aug/2026:20:55:12 +0530] "GET /?item/37029614300788.html HTTP/1.1" 200 841 "-" "Mozilla/5.0 (Linux; Android 6.0.1; Nexus 5X Build/MMB29P) AppleWebKit/537.36 (KHTML, like Gecko) Chrome/151.0.7922.137 Mobile Safari/537.36 (compatible; Googlebot/2.1; +http://www.google.com/bot.html)"
192.178.7.38 - - [24/Aug/2026:20:55:13 +0530] "GET /?item/22702584247116.html HTTP/1.1" 200 841 "-" "Mozilla/5.0 (Linux; Android 6.0.1; Nexus 5X Build/MMB29P) AppleWebKit/537.36 (KHTML, like Gecko) Chrome/151.0.7922.137 Mobile Safari/537.36 (compatible; Googlebot/2.1; +http://www.google.com/bot.html)"
150.251.225.80 - - [24/Aug/2026:20:55:15 +0530] "GET / HTTP/1.1" 401 53 "http://cpcontacts.sge.lk/" "Mozilla/5.0 (Windows NT 10.0; Win64; x64) AppleWebKit/537.36 (KHTML, like Gecko) Chrome/125.0.0.0 Safari/537.36"
192.178.7.37 - - [24/Aug/2026:20:55:16 +0530] "GET /?item/45209144262471.html HTTP/1.1" 200 841 "-" "Mozilla/5.0 (Linux; Android 6.0.1; Nexus 5X Build/MMB29P) AppleWebKit/537.36 (KHTML, like Gecko) Chrome/151.0.7922.137 Mobile Safari/537.36 (compatible; Googlebot/2.1; +http://www.google.com/bot.html)"
192.178.7.37 - - [24/Aug/2026:20:55:22 +0530] "GET /?item/41926008060675.html HTTP/1.1" 200 841 "-" "Mozilla/5.0 (Linux; Android 6.0.1; Nexus 5X Build/MMB29P) AppleWebKit/537.36 (KHTML, like Gecko) Chrome/151.0.7922.137 Mobile Safari/537.36 (compatible; Googlebot/2.1; +http://www.google.com/bot.html)"
192.178.7.37 - - [24/Aug/2026:20:55:23 +0530] "GET /?item/10649027254367.html HTTP/1.1" 200 841 "-" "Mozilla/5.0 (Linux; Android 6.0.1; Nexus 5X Build/MMB29P) AppleWebKit/537.36 (KHTML, like Gecko) Chrome/151.0.7922.137 Mobile Safari/537.36 (compatible; Googlebot/2.1; +http://www.google.com/bot.html)"
192.178.7.37 - - [24/Aug/2026:20:55:27 +0530] "GET /?item/49097604851997.html HTTP/1.1" 200 841 "-" "Mozilla/5.0 (Linux; Android 6.0.1; Nexus 5X Build/MMB29P) AppleWebKit/537.36 (KHTML, like Gecko) Chrome/151.0.7922.137 Mobile Safari/537.36 (compatible; Googlebot/2.1; +http://www.google.com/bot.html)"
192.178.7.37 - - [24/Aug/2026:20:55:30 +0530] "GET /?item/31124664551107.html HTTP/1.1" 200 841 "-" "Mozilla/5.0 (Linux; Android 6.0.1; Nexus 5X Build/MMB29P) AppleWebKit/537.36 (KHTML, like Gecko) Chrome/151.0.7922.137 Mobile Safari/537.36 (compatible; Googlebot/2.1; +http://www.google.com/bot.html)"
192.178.7.37 - - [24/Aug/2026:20:55:37 +0530] "GET /?item/31318405230224.html HTTP/1.1" 200 841 "-" "Mozilla/5.0 (Linux; Android 6.0.1; Nexus 5X Build/MMB29P) AppleWebKit/537.36 (KHTML, like Gecko) Chrome/151.0.7922.137 Mobile Safari/537.36 (compatible; Googlebot/2.1; +http://www.google.com/bot.html)"
199.45.155.86 - - [24/Aug/2026:20:56:33 +0530] "GET / HTTP/1.1" 200 841 "-" "Mozilla/5.0 (compatible; CensysInspect/1.1; +https://about.censys.io/)"
199.45.155.86 - - [24/Aug/2026:20:56:34 +0530] "GET /wp-content HTTP/1.1" 301 293 "-" "Mozilla/5.0 (compatible; CensysInspect/1.1; +https://about.censys.io/)"
199.45.155.86 - - [24/Aug/2026:20:56:35 +0530] "GET /wp-content/ HTTP/1.1" 200 1525 "https://www.sge.lk.websparkit.com:443/wp-content" "Mozilla/5.0 (compatible; CensysInspect/1.1; +https://about.censys.io/)"
199.45.155.86 - - [24/Aug/2026:20:56:35 +0530] "GET /wp-content/wp75bc3c HTTP/1.1" 301 302 "-" "Mozilla/5.0 (compatible; CensysInspect/1.1; +https://about.censys.io/)"
199.45.155.86 - - [24/Aug/2026:20:56:36 +0530] "GET /wp-content/wp75bc3c/ HTTP/1.1" 200 - "https://www.sge.lk.websparkit.com:443/wp-content/wp75bc3c" "Mozilla/5.0 (compatible; CensysInspect/1.1; +https://about.censys.io/)"
199.45.155.86 - - [24/Aug/2026:20:56:37 +0530] "GET /wp-content/updraft HTTP/1.1" 301 301 "-" "Mozilla/5.0 (compatible; CensysInspect/1.1; +https://about.censys.io/)"
199.45.155.86 - - [24/Aug/2026:20:56:48 +0530] "GET /wp-content/updraft/ HTTP/1.1" 200 1031 "https://www.sge.lk.websparkit.com:443/wp-content/updraft" "Mozilla/5.0 (compatible; CensysInspect/1.1; +https://about.censys.io/)"
199.45.155.86 - - [24/Aug/2026:20:56:49 +0530] "GET /wp-content/updraft/themes-old HTTP/1.1" 301 312 "-" "Mozilla/5.0 (compatible; CensysInspect/1.1; +https://about.censys.io/)"
199.45.155.86 - - [24/Aug/2026:20:56:49 +0530] "GET /wp-content/updraft/themes-old/ HTTP/1.1" 200 1258 "https://www.sge.lk.websparkit.com:443/wp-content/updraft/themes-old" "Mozilla/5.0 (compatible; CensysInspect/1.1; +https://about.censys.io/)"
199.45.155.86 - - [24/Aug/2026:20:56:50 +0530] "GET /wp-content/updraft/themes-old/twentytwentyfive HTTP/1.1" 301 329 "-" "Mozilla/5.0 (compatible; CensysInspect/1.1; +https://about.censys.io/)"
199.45.155.86 - - [24/Aug/2026:20:56:50 +0530] "GET /wp-content/updraft/themes-old/twentytwentyfive/ HTTP/1.1" 200 1097 "https://www.sge.lk.websparkit.com:443/wp-content/updraft/themes-old/twentytwentyfive" "Mozilla/5.0 (compatible; CensysInspect/1.1; +https://about.censys.io/)"
199.45.155.86 - - [24/Aug/2026:20:56:51 +0530] "GET /wp-content/updraft/themes-old/twentytwentyfive/styles HTTP/1.1" 301 336 "-" "Mozilla/5.0 (compatible; CensysInspect/1.1; +https://about.censys.io/)"
199.45.155.86 - - [24/Aug/2026:20:56:51 +0530] "GET /wp-content/updraft/themes-old/twentytwentyfive/styles/ HTTP/1.1" 200 1484 "https://www.sge.lk.websparkit.com:443/wp-content/updraft/themes-old/twentytwentyfive/styles" "Mozilla/5.0 (compatible; CensysInspect/1.1; +https://about.censys.io/)"
199.45.155.86 - - [24/Aug/2026:20:56:52 +0530] "GET /wp-content/updraft/themes-old/twentytwentyfive/styles/sections HTTP/1.1" 301 345 "-" "Mozilla/5.0 (compatible; CensysInspect/1.1; +https://about.censys.io/)"
199.45.155.86 - - [24/Aug/2026:20:56:52 +0530] "GET /wp-content/updraft/themes-old/twentytwentyfive/styles/sections/ HTTP/1.1" 200 1713 "https://www.sge.lk.websparkit.com:443/wp-content/updraft/themes-old/twentytwentyfive/styles/sections" "Mozilla/5.0 (compatible; CensysInspect/1.1; +https://about.censys.io/)"
192.178.7.39 - - [24/Aug/2026:20:56:53 +0530] "GET /?item/22630586213117.html HTTP/1.1" 200 841 "-" "Mozilla/5.0 (Linux; Android 6.0.1; Nexus 5X Build/MMB29P) AppleWebKit/537.36 (KHTML, like Gecko) Chrome/151.0.7922.137 Mobile Safari/537.36 (compatible; Googlebot/2.1; +http://www.google.com/bot.html)"
199.45.155.86 - - [24/Aug/2026:20:56:53 +0530] "GET /wp-content/updraft/themes-old/twentytwentyfive/styles/colors HTTP/1.1" 301 343 "-" "Mozilla/5.0 (compatible; CensysInspect/1.1; +https://about.censys.io/)"
199.45.155.86 - - [24/Aug/2026:20:56:53 +0530] "GET /wp-content/updraft/themes-old/twentytwentyfive/styles/colors/ HTTP/1.1" 200 2261 "https://www.sge.lk.websparkit.com:443/wp-content/updraft/themes-old/twentytwentyfive/styles/colors" "Mozilla/5.0 (compatible; CensysInspect/1.1; +https://about.censys.io/)"
199.45.155.86 - - [24/Aug/2026:20:56:54 +0530] "GET /wp-content/updraft/themes-old/twentytwentyfive/styles/typography HTTP/1.1" 301 347 "-" "Mozilla/5.0 (compatible; CensysInspect/1.1; +https://about.censys.io/)"
199.45.155.86 - - [24/Aug/2026:20:56:54 +0530] "GET /wp-content/updraft/themes-old/twentytwentyfive/styles/typography/ HTTP/1.1" 200 2172 "https://www.sge.lk.websparkit.com:443/wp-content/updraft/themes-old/twentytwentyfive/styles/typography" "Mozilla/5.0 (compatible; CensysInspect/1.1; +https://about.censys.io/)"
192.178.7.37 - - [24/Aug/2026:20:58:02 +0530] "GET /?item/31224675749778.html HTTP/1.1" 200 841 "-" "Mozilla/5.0 (Linux; Android 6.0.1; Nexus 5X Build/MMB29P) AppleWebKit/537.36 (KHTML, like Gecko) Chrome/151.0.7922.137 Mobile Safari/537.36 (compatible; Googlebot/2.1; +http://www.google.com/bot.html)"
192.178.7.37 - - [24/Aug/2026:20:58:40 +0530] "GET /?item/28476335897445.html HTTP/1.1" 200 841 "-" "Mozilla/5.0 (Linux; Android 6.0.1; Nexus 5X Build/MMB29P) AppleWebKit/537.36 (KHTML, like Gecko) Chrome/151.0.7922.137 Mobile Safari/537.36 (compatible; Googlebot/2.1; +http://www.google.com/bot.html)"
192.178.7.37 - - [24/Aug/2026:20:58:55 +0530] "GET /?item/25701785734369.html HTTP/1.1" 200 841 "-" "Mozilla/5.0 (Linux; Android 6.0.1; Nexus 5X Build/MMB29P) AppleWebKit/537.36 (KHTML, like Gecko) Chrome/151.0.7922.137 Mobile Safari/537.36 (compatible; Googlebot/2.1; +http://www.google.com/bot.html)"
192.178.7.38 - - [24/Aug/2026:20:59:05 +0530] "GET /?item/24560417894913.htmlm HTTP/1.1" 200 841 "-" "Mozilla/5.0 (Linux; Android 6.0.1; Nexus 5X Build/MMB29P) AppleWebKit/537.36 (KHTML, like Gecko) Chrome/151.0.7922.137 Mobile Safari/537.36 (compatible; Googlebot/2.1; +http://www.google.com/bot.html)"
192.178.7.39 - - [24/Aug/2026:21:00:10 +0530] "GET /?item/46421115165495.html HTTP/1.1" 200 841 "-" "Mozilla/5.0 (Linux; Android 6.0.1; Nexus 5X Build/MMB29P) AppleWebKit/537.36 (KHTML, like Gecko) Chrome/151.0.7922.137 Mobile Safari/537.36 (compatible; Googlebot/2.1; +http://www.google.com/bot.html)"
192.178.7.38 - - [24/Aug/2026:21:00:30 +0530] "GET /?q=878184480 HTTP/1.1" 200 841 "-" "Mozilla/5.0 (Linux; Android 6.0.1; Nexus 5X Build/MMB29P) AppleWebKit/537.36 (KHTML, like Gecko) Chrome/151.0.7922.173 Mobile Safari/537.36 (compatible; Googlebot/2.1; +http://www.google.com/bot.html)"
192.178.7.38 - - [24/Aug/2026:21:00:32 +0530] "GET /?item/29074976003207.html HTTP/1.1" 200 841 "-" "Mozilla/5.0 (Linux; Android 6.0.1; Nexus 5X Build/MMB29P) AppleWebKit/537.36 (KHTML, like Gecko) Chrome/151.0.7922.137 Mobile Safari/537.36 (compatible; Googlebot/2.1; +http://www.google.com/bot.html)"
57.141.8.13 - - [24/Aug/2026:21:01:19 +0530] "GET / HTTP/1.1" 200 841 "-" "facebookexternalhit/1.1 (+http://www.facebook.com/externalhit_uatext.php)"
192.178.7.38 - - [24/Aug/2026:21:01:31 +0530] "GET /?item/45673447153579.html HTTP/1.1" 200 841 "-" "Mozilla/5.0 (Linux; Android 6.0.1; Nexus 5X Build/MMB29P) AppleWebKit/537.36 (KHTML, like Gecko) Chrome/151.0.7922.137 Mobile Safari/537.36 (compatible; Googlebot/2.1; +http://www.google.com/bot.html)"
192.178.7.38 - - [24/Aug/2026:21:01:51 +0530] "GET /?item/15861547525381.htmlm HTTP/1.1" 200 841 "-" "Mozilla/5.0 (Linux; Android 6.0.1; Nexus 5X Build/MMB29P) AppleWebKit/537.36 (KHTML, like Gecko) Chrome/151.0.7922.137 Mobile Safari/537.36 (compatible; Googlebot/2.1; +http://www.google.com/bot.html)"
192.178.7.37 - - [24/Aug/2026:21:02:26 +0530] "GET /?item/35039595048902.html HTTP/1.1" 200 841 "-" "Mozilla/5.0 (Linux; Android 6.0.1; Nexus 5X Build/MMB29P) AppleWebKit/537.36 (KHTML, like Gecko) Chrome/151.0.7922.137 Mobile Safari/537.36 (compatible; Googlebot/2.1; +http://www.google.com/bot.html)"
57.141.20.38 - - [24/Aug/2026:21:02:57 +0530] "GET / HTTP/1.1" 200 841 "-" "facebookexternalhit/1.1 (+http://www.facebook.com/externalhit_uatext.php)"
192.178.7.37 - - [24/Aug/2026:21:03:47 +0530] "GET /?item/33604046346443.html HTTP/1.1" 200 841 "-" "Mozilla/5.0 (Linux; Android 6.0.1; Nexus 5X Build/MMB29P) AppleWebKit/537.36 (KHTML, like Gecko) Chrome/151.0.7922.137 Mobile Safari/537.36 (compatible; Googlebot/2.1; +http://www.google.com/bot.html)"
57.141.0.10 - - [24/Aug/2026:21:04:08 +0530] "GET / HTTP/1.1" 200 841 "-" "facebookexternalhit/1.1 (+http://www.facebook.com/externalhit_uatext.php)"
192.178.7.38 - - [24/Aug/2026:21:04:25 +0530] "GET /?item/12597595860431.htmlm HTTP/1.1" 200 841 "-" "Mozilla/5.0 (Linux; Android 6.0.1; Nexus 5X Build/MMB29P) AppleWebKit/537.36 (KHTML, like Gecko) Chrome/151.0.7922.137 Mobile Safari/537.36 (compatible; Googlebot/2.1; +http://www.google.com/bot.html)"
192.178.7.39 - - [24/Aug/2026:21:04:26 +0530] "GET /?y=61202281582 HTTP/1.1" 200 841 "-" "Mozilla/5.0 (Linux; Android 6.0.1; Nexus 5X Build/MMB29P) AppleWebKit/537.36 (KHTML, like Gecko) Chrome/151.0.7922.173 Mobile Safari/537.36 (compatible; Googlebot/2.1; +http://www.google.com/bot.html)"
192.178.7.38 - - [24/Aug/2026:21:04:29 +0530] "GET /?n=85501211976 HTTP/1.1" 200 841 "-" "Mozilla/5.0 (Linux; Android 6.0.1; Nexus 5X Build/MMB29P) AppleWebKit/537.36 (KHTML, like Gecko) Chrome/151.0.7922.173 Mobile Safari/537.36 (compatible; Googlebot/2.1; +http://www.google.com/bot.html)"
57.141.10.8 - - [24/Aug/2026:21:05:04 +0530] "GET / HTTP/1.1" 200 841 "-" "facebookexternalhit/1.1 (+http://www.facebook.com/externalhit_uatext.php)"
192.178.7.38 - - [24/Aug/2026:21:05:12 +0530] "GET /?item/42590825144699.htmlm HTTP/1.1" 200 841 "-" "Mozilla/5.0 (Linux; Android 6.0.1; Nexus 5X Build/MMB29P) AppleWebKit/537.36 (KHTML, like Gecko) Chrome/151.0.7922.137 Mobile Safari/537.36 (compatible; Googlebot/2.1; +http://www.google.com/bot.html)"
192.178.7.38 - - [24/Aug/2026:21:05:13 +0530] "GET /?item/41089124305854.html HTTP/1.1" 200 841 "-" "Mozilla/5.0 (Linux; Android 6.0.1; Nexus 5X Build/MMB29P) AppleWebKit/537.36 (KHTML, like Gecko) Chrome/151.0.7922.137 Mobile Safari/537.36 (compatible; Googlebot/2.1; +http://www.google.com/bot.html)"
57.141.14.85 - - [24/Aug/2026:21:06:12 +0530] "GET / HTTP/1.1" 200 841 "-" "facebookexternalhit/1.1 (+http://www.facebook.com/externalhit_uatext.php)"
192.178.7.39 - - [24/Aug/2026:21:06:29 +0530] "GET /?item/11786345005727.html HTTP/1.1" 200 841 "-" "Mozilla/5.0 (Linux; Android 6.0.1; Nexus 5X Build/MMB29P) AppleWebKit/537.36 (KHTML, like Gecko) Chrome/151.0.7922.137 Mobile Safari/537.36 (compatible; Googlebot/2.1; +http://www.google.com/bot.html)"
192.178.7.37 - - [24/Aug/2026:21:06:58 +0530] "GET /?item/46955175842121.htmlm HTTP/1.1" 200 841 "-" "Mozilla/5.0 (Linux; Android 6.0.1; Nexus 5X Build/MMB29P) AppleWebKit/537.36 (KHTML, like Gecko) Chrome/151.0.7922.137 Mobile Safari/537.36 (compatible; Googlebot/2.1; +http://www.google.com/bot.html)"
192.178.7.37 - - [24/Aug/2026:21:07:25 +0530] "GET /?item/44285017643456.html HTTP/1.1" 200 841 "-" "Mozilla/5.0 (Linux; Android 6.0.1; Nexus 5X Build/MMB29P) AppleWebKit/537.36 (KHTML, like Gecko) Chrome/151.0.7922.137 Mobile Safari/537.36 (compatible; Googlebot/2.1; +http://www.google.com/bot.html)"
57.141.22.44 - - [24/Aug/2026:21:07:37 +0530] "GET / HTTP/1.1" 200 841 "-" "facebookexternalhit/1.1 (+http://www.facebook.com/externalhit_uatext.php)"
192.178.7.39 - - [24/Aug/2026:21:08:06 +0530] "GET /?item/40629456001115.htmlm HTTP/1.1" 200 841 "-" "Mozilla/5.0 (Linux; Android 6.0.1; Nexus 5X Build/MMB29P) AppleWebKit/537.36 (KHTML, like Gecko) Chrome/151.0.7922.137 Mobile Safari/537.36 (compatible; Googlebot/2.1; +http://www.google.com/bot.html)"
192.178.7.39 - - [24/Aug/2026:21:08:09 +0530] "GET /?item/13512976803343.htmlm HTTP/1.1" 200 841 "-" "Mozilla/5.0 (Linux; Android 6.0.1; Nexus 5X Build/MMB29P) AppleWebKit/537.36 (KHTML, like Gecko) Chrome/151.0.7922.137 Mobile Safari/537.36 (compatible; Googlebot/2.1; +http://www.google.com/bot.html)"
57.141.20.8 - - [24/Aug/2026:21:08:25 +0530] "GET / HTTP/1.1" 200 841 "-" "facebookexternalhit/1.1 (+http://www.facebook.com/externalhit_uatext.php)"
57.141.4.16 - - [24/Aug/2026:21:09:29 +0530] "GET / HTTP/1.1" 200 841 "-" "facebookexternalhit/1.1 (+http://www.facebook.com/externalhit_uatext.php)"
192.178.7.38 - - [24/Aug/2026:21:10:01 +0530] "GET /?item/40076564545716.html HTTP/1.1" 200 841 "-" "Mozilla/5.0 (Linux; Android 6.0.1; Nexus 5X Build/MMB29P) AppleWebKit/537.36 (KHTML, like Gecko) Chrome/151.0.7922.137 Mobile Safari/537.36 (compatible; Googlebot/2.1; +http://www.google.com/bot.html)"
192.178.7.37 - - [24/Aug/2026:21:10:22 +0530] "GET /?item/31797407083808.html HTTP/1.1" 200 841 "-" "Mozilla/5.0 (Linux; Android 6.0.1; Nexus 5X Build/MMB29P) AppleWebKit/537.36 (KHTML, like Gecko) Chrome/151.0.7922.137 Mobile Safari/537.36 (compatible; Googlebot/2.1; +http://www.google.com/bot.html)"
192.178.7.37 - - [24/Aug/2026:21:10:33 +0530] "GET /?item/14039904470496.html HTTP/1.1" 200 841 "-" "Mozilla/5.0 (Linux; Android 6.0.1; Nexus 5X Build/MMB29P) AppleWebKit/537.36 (KHTML, like Gecko) Chrome/151.0.7922.137 Mobile Safari/537.36 (compatible; Googlebot/2.1; +http://www.google.com/bot.html)"
192.178.7.37 - - [24/Aug/2026:21:10:37 +0530] "GET /?item/12187197357409.html HTTP/1.1" 200 841 "-" "Mozilla/5.0 (Linux; Android 6.0.1; Nexus 5X Build/MMB29P) AppleWebKit/537.36 (KHTML, like Gecko) Chrome/151.0.7922.137 Mobile Safari/537.36 (compatible; Googlebot/2.1; +http://www.google.com/bot.html)"
192.178.7.37 - - [24/Aug/2026:21:10:46 +0530] "GET /?item/49503324839147.html HTTP/1.1" 200 841 "-" "Mozilla/5.0 (Linux; Android 6.0.1; Nexus 5X Build/MMB29P) AppleWebKit/537.36 (KHTML, like Gecko) Chrome/151.0.7922.137 Mobile Safari/537.36 (compatible; Googlebot/2.1; +http://www.google.com/bot.html)"
57.141.10.38 - - [24/Aug/2026:21:10:48 +0530] "GET / HTTP/1.1" 200 841 "-" "facebookexternalhit/1.1 (+http://www.facebook.com/externalhit_uatext.php)"
192.178.7.37 - - [24/Aug/2026:21:10:51 +0530] "GET /?item/38145944986860.html HTTP/1.1" 200 841 "-" "Mozilla/5.0 (Linux; Android 6.0.1; Nexus 5X Build/MMB29P) AppleWebKit/537.36 (KHTML, like Gecko) Chrome/151.0.7922.137 Mobile Safari/537.36 (compatible; Googlebot/2.1; +http://www.google.com/bot.html)"
192.178.7.37 - - [24/Aug/2026:21:10:52 +0530] "GET /?item/21137447652283.html HTTP/1.1" 200 841 "-" "Mozilla/5.0 (Linux; Android 6.0.1; Nexus 5X Build/MMB29P) AppleWebKit/537.36 (KHTML, like Gecko) Chrome/151.0.7922.137 Mobile Safari/537.36 (compatible; Googlebot/2.1; +http://www.google.com/bot.html)"
192.178.7.38 - - [24/Aug/2026:21:11:02 +0530] "GET /?item/13363124785863.html HTTP/1.1" 200 841 "-" "Mozilla/5.0 (Linux; Android 6.0.1; Nexus 5X Build/MMB29P) AppleWebKit/537.36 (KHTML, like Gecko) Chrome/151.0.7922.137 Mobile Safari/537.36 (compatible; Googlebot/2.1; +http://www.google.com/bot.html)"
192.178.7.38 - - [24/Aug/2026:21:11:09 +0530] "GET /?item/49636506340525.html HTTP/1.1" 200 841 "-" "Mozilla/5.0 (Linux; Android 6.0.1; Nexus 5X Build/MMB29P) AppleWebKit/537.36 (KHTML, like Gecko) Chrome/151.0.7922.137 Mobile Safari/537.36 (compatible; Googlebot/2.1; +http://www.google.com/bot.html)"
192.178.7.37 - - [24/Aug/2026:21:11:13 +0530] "GET /?item/23379176122048.html HTTP/1.1" 200 841 "-" "Mozilla/5.0 (Linux; Android 6.0.1; Nexus 5X Build/MMB29P) AppleWebKit/537.36 (KHTML, like Gecko) Chrome/151.0.7922.137 Mobile Safari/537.36 (compatible; Googlebot/2.1; +http://www.google.com/bot.html)"
192.178.7.37 - - [24/Aug/2026:21:11:14 +0530] "GET /?item/43754074587083.html HTTP/1.1" 200 841 "-" "Mozilla/5.0 (Linux; Android 6.0.1; Nexus 5X Build/MMB29P) AppleWebKit/537.36 (KHTML, like Gecko) Chrome/151.0.7922.137 Mobile Safari/537.36 (compatible; Googlebot/2.1; +http://www.google.com/bot.html)"
192.178.7.37 - - [24/Aug/2026:21:11:17 +0530] "GET /?item/42555367470235.html HTTP/1.1" 200 841 "-" "Mozilla/5.0 (Linux; Android 6.0.1; Nexus 5X Build/MMB29P) AppleWebKit/537.36 (KHTML, like Gecko) Chrome/151.0.7922.137 Mobile Safari/537.36 (compatible; Googlebot/2.1; +http://www.google.com/bot.html)"
192.178.7.37 - - [24/Aug/2026:21:11:29 +0530] "GET /?item/31782546342701.html HTTP/1.1" 200 841 "-" "Mozilla/5.0 (Linux; Android 6.0.1; Nexus 5X Build/MMB29P) AppleWebKit/537.36 (KHTML, like Gecko) Chrome/151.0.7922.137 Mobile Safari/537.36 (compatible; Googlebot/2.1; +http://www.google.com/bot.html)"
192.178.7.37 - - [24/Aug/2026:21:11:38 +0530] "GET /?item/25279944172723.html HTTP/1.1" 200 841 "-" "Mozilla/5.0 (Linux; Android 6.0.1; Nexus 5X Build/MMB29P) AppleWebKit/537.36 (KHTML, like Gecko) Chrome/151.0.7922.137 Mobile Safari/537.36 (compatible; Googlebot/2.1; +http://www.google.com/bot.html)"
192.178.7.37 - - [24/Aug/2026:21:11:41 +0530] "GET /?item/19523266899816.html HTTP/1.1" 200 841 "-" "Mozilla/5.0 (Linux; Android 6.0.1; Nexus 5X Build/MMB29P) AppleWebKit/537.36 (KHTML, like Gecko) Chrome/151.0.7922.137 Mobile Safari/537.36 (compatible; Googlebot/2.1; +http://www.google.com/bot.html)"
192.178.7.37 - - [24/Aug/2026:21:11:48 +0530] "GET /?item/26659834290227.html HTTP/1.1" 200 841 "-" "Mozilla/5.0 (Linux; Android 6.0.1; Nexus 5X Build/MMB29P) AppleWebKit/537.36 (KHTML, like Gecko) Chrome/151.0.7922.137 Mobile Safari/537.36 (compatible; Googlebot/2.1; +http://www.google.com/bot.html)"
192.178.7.37 - - [24/Aug/2026:21:11:49 +0530] "GET /?item/47122117330797.html HTTP/1.1" 200 841 "-" "Mozilla/5.0 (Linux; Android 6.0.1; Nexus 5X Build/MMB29P) AppleWebKit/537.36 (KHTML, like Gecko) Chrome/151.0.7922.137 Mobile Safari/537.36 (compatible; Googlebot/2.1; +http://www.google.com/bot.html)"
57.141.16.52 - - [24/Aug/2026:21:12:14 +0530] "GET / HTTP/1.1" 200 841 "-" "facebookexternalhit/1.1 (+http://www.facebook.com/externalhit_uatext.php)"
192.178.7.37 - - [24/Aug/2026:21:12:42 +0530] "GET /?item/17655447191931.html HTTP/1.1" 200 841 "-" "Mozilla/5.0 (Linux; Android 6.0.1; Nexus 5X Build/MMB29P) AppleWebKit/537.36 (KHTML, like Gecko) Chrome/151.0.7922.137 Mobile Safari/537.36 (compatible; Googlebot/2.1; +http://www.google.com/bot.html)"
192.178.7.38 - - [24/Aug/2026:21:12:56 +0530] "GET /?item/46170616911932.html HTTP/1.1" 200 841 "-" "Mozilla/5.0 (Linux; Android 6.0.1; Nexus 5X Build/MMB29P) AppleWebKit/537.36 (KHTML, like Gecko) Chrome/151.0.7922.137 Mobile Safari/537.36 (compatible; Googlebot/2.1; +http://www.google.com/bot.html)"
57.141.22.38 - - [24/Aug/2026:21:13:50 +0530] "GET / HTTP/1.1" 200 841 "-" "facebookexternalhit/1.1 (+http://www.facebook.com/externalhit_uatext.php)"
192.178.7.38 - - [24/Aug/2026:21:14:18 +0530] "GET /?item/31251885762179.html HTTP/1.1" 200 841 "-" "Mozilla/5.0 (Linux; Android 6.0.1; Nexus 5X Build/MMB29P) AppleWebKit/537.36 (KHTML, like Gecko) Chrome/151.0.7922.137 Mobile Safari/537.36 (compatible; Googlebot/2.1; +http://www.google.com/bot.html)"
192.178.7.37 - - [24/Aug/2026:21:14:19 +0530] "GET /?item/48471286206311.html HTTP/1.1" 200 841 "-" "Mozilla/5.0 (Linux; Android 6.0.1; Nexus 5X Build/MMB29P) AppleWebKit/537.36 (KHTML, like Gecko) Chrome/151.0.7922.137 Mobile Safari/537.36 (compatible; Googlebot/2.1; +http://www.google.com/bot.html)"
192.178.7.38 - - [24/Aug/2026:21:14:31 +0530] "GET /?item/17708997120519.html HTTP/1.1" 200 841 "-" "Mozilla/5.0 (Linux; Android 6.0.1; Nexus 5X Build/MMB29P) AppleWebKit/537.36 (KHTML, like Gecko) Chrome/151.0.7922.137 Mobile Safari/537.36 (compatible; Googlebot/2.1; +http://www.google.com/bot.html)"
192.178.7.38 - - [24/Aug/2026:21:15:05 +0530] "GET /?item/19257797239806.htmlm HTTP/1.1" 200 841 "-" "Mozilla/5.0 (Linux; Android 6.0.1; Nexus 5X Build/MMB29P) AppleWebKit/537.36 (KHTML, like Gecko) Chrome/151.0.7922.137 Mobile Safari/537.36 (compatible; Googlebot/2.1; +http://www.google.com/bot.html)"
192.178.7.38 - - [24/Aug/2026:21:15:07 +0530] "GET /?item/37659055401387.html HTTP/1.1" 200 841 "-" "Mozilla/5.0 (Linux; Android 6.0.1; Nexus 5X Build/MMB29P) AppleWebKit/537.36 (KHTML, like Gecko) Chrome/151.0.7922.137 Mobile Safari/537.36 (compatible; Googlebot/2.1; +http://www.google.com/bot.html)"
192.178.7.37 - - [24/Aug/2026:21:15:30 +0530] "GET /?d=40433241564 HTTP/1.1" 200 841 "-" "Mozilla/5.0 (Linux; Android 6.0.1; Nexus 5X Build/MMB29P) AppleWebKit/537.36 (KHTML, like Gecko) Chrome/151.0.7922.173 Mobile Safari/537.36 (compatible; Googlebot/2.1; +http://www.google.com/bot.html)"
192.178.7.37 - - [24/Aug/2026:21:15:49 +0530] "GET /?item/43137067628475.html HTTP/1.1" 200 841 "-" "Mozilla/5.0 (Linux; Android 6.0.1; Nexus 5X Build/MMB29P) AppleWebKit/537.36 (KHTML, like Gecko) Chrome/151.0.7922.137 Mobile Safari/537.36 (compatible; Googlebot/2.1; +http://www.google.com/bot.html)"
192.178.7.38 - - [24/Aug/2026:21:16:07 +0530] "GET /?item/27498715864790.html HTTP/1.1" 200 841 "-" "Mozilla/5.0 (Linux; Android 6.0.1; Nexus 5X Build/MMB29P) AppleWebKit/537.36 (KHTML, like Gecko) Chrome/151.0.7922.137 Mobile Safari/537.36 (compatible; Googlebot/2.1; +http://www.google.com/bot.html)"
192.178.7.37 - - [24/Aug/2026:21:16:24 +0530] "GET /?item/27061554773646.html HTTP/1.1" 200 841 "-" "Mozilla/5.0 (Linux; Android 6.0.1; Nexus 5X Build/MMB29P) AppleWebKit/537.36 (KHTML, like Gecko) Chrome/151.0.7922.137 Mobile Safari/537.36 (compatible; Googlebot/2.1; +http://www.google.com/bot.html)"
194.247.173.99 - - [24/Aug/2026:21:16:47 +0530] "GET /robots.txt HTTP/1.1" 404 - "-" "Mozilla/5.0 (compatible; MJ12bot/v1.4.8; http://mj12bot.com/)"
194.247.173.99 - - [24/Aug/2026:21:16:49 +0530] "GET /wp-content/plugins/code-snippets/js/components/Import/shared/?C=N;O=D HTTP/1.1" 200 1154 "-" "Mozilla/5.0 (compatible; MJ12bot/v1.4.8; http://mj12bot.com/)"
192.178.7.39 - - [24/Aug/2026:21:16:49 +0530] "GET /?item/34775777836904.html HTTP/1.1" 200 841 "-" "Mozilla/5.0 (Linux; Android 6.0.1; Nexus 5X Build/MMB29P) AppleWebKit/537.36 (KHTML, like Gecko) Chrome/151.0.7922.137 Mobile Safari/537.36 (compatible; Googlebot/2.1; +http://www.google.com/bot.html)"
194.247.173.99 - - [24/Aug/2026:21:16:51 +0530] "GET /wp-content/plugins/elementor-pro/assets/lib/html2canvas/js/?C=S;O=D HTTP/1.1" 200 1165 "-" "Mozilla/5.0 (compatible; MJ12bot/v1.4.8; http://mj12bot.com/)"
57.141.4.61 - - [24/Aug/2026:21:16:57 +0530] "GET / HTTP/1.1" 200 841 "-" "facebookexternalhit/1.1 (+http://www.facebook.com/externalhit_uatext.php)"
192.178.7.38 - - [24/Aug/2026:21:17:07 +0530] "GET /?item/16488364356402.html HTTP/1.1" 200 841 "-" "Mozilla/5.0 (Linux; Android 6.0.1; Nexus 5X Build/MMB29P) AppleWebKit/537.36 (KHTML, like Gecko) Chrome/151.0.7922.137 Mobile Safari/537.36 (compatible; Googlebot/2.1; +http://www.google.com/bot.html)"
192.178.7.38 - - [24/Aug/2026:21:17:17 +0530] "GET /?item/16083576612980.html HTTP/1.1" 200 841 "-" "Mozilla/5.0 (Linux; Android 6.0.1; Nexus 5X Build/MMB29P) AppleWebKit/537.36 (KHTML, like Gecko) Chrome/151.0.7922.137 Mobile Safari/537.36 (compatible; Googlebot/2.1; +http://www.google.com/bot.html)"
57.141.12.67 - - [24/Aug/2026:21:18:31 +0530] "GET / HTTP/1.1" 200 841 "-" "facebookexternalhit/1.1 (+http://www.facebook.com/externalhit_uatext.php)"
74.7.241.151 - - [24/Aug/2026:21:19:06 +0530] "GET /robots.txt HTTP/1.1" 404 - "-" "Mozilla/5.0 (Macintosh; Intel Mac OS X 10_15_7) AppleWebKit/537.36 (KHTML, like Gecko) Chrome/131.0.0.0 Safari/537.36; compatible; OAI-SearchBot/1.4; robots.txt; +https://openai.com/searchbot"
57.141.2.32 - - [24/Aug/2026:21:19:32 +0530] "GET / HTTP/1.1" 200 841 "-" "facebookexternalhit/1.1 (+http://www.facebook.com/externalhit_uatext.php)"
57.141.16.96 - - [24/Aug/2026:21:20:03 +0530] "GET / HTTP/1.1" 200 841 "-" "facebookexternalhit/1.1 (+http://www.facebook.com/externalhit_uatext.php)"
57.141.6.61 - - [24/Aug/2026:21:21:24 +0530] "GET / HTTP/1.1" 200 841 "-" "facebookexternalhit/1.1 (+http://www.facebook.com/externalhit_uatext.php)"
57.141.24.13 - - [24/Aug/2026:21:24:24 +0530] "GET / HTTP/1.1" 200 841 "-" "facebookexternalhit/1.1 (+http://www.facebook.com/externalhit_uatext.php)"
57.141.12.44 - - [24/Aug/2026:21:26:15 +0530] "GET / HTTP/1.1" 200 841 "-" "facebookexternalhit/1.1 (+http://www.facebook.com/externalhit_uatext.php)"
34.74.181.51 - - [24/Aug/2026:21:26:31 +0530] "GET /.git/config HTTP/1.1" 401 53 "-" "-"
57.141.2.72 - - [24/Aug/2026:21:27:14 +0530] "GET / HTTP/1.1" 200 841 "-" "facebookexternalhit/1.1 (+http://www.facebook.com/externalhit_uatext.php)"
57.141.18.103 - - [24/Aug/2026:21:27:22 +0530] "GET / HTTP/1.1" 200 841 "-" "facebookexternalhit/1.1 (+http://www.facebook.com/externalhit_uatext.php)"
207.46.13.102 - - [24/Aug/2026:21:29:09 +0530] "GET /?d=62039111892 HTTP/1.1" 200 841 "-" "Mozilla/5.0 AppleWebKit/537.36 (KHTML, like Gecko; compatible; bingbot/2.0; +http://www.bing.com/bingbot.htm) Chrome/116.0.1938.76 Safari/537.36"
57.141.6.17 - - [24/Aug/2026:21:29:16 +0530] "GET / HTTP/1.1" 200 841 "-" "facebookexternalhit/1.1 (+http://www.facebook.com/externalhit_uatext.php)"
57.141.8.52 - - [24/Aug/2026:21:30:20 +0530] "GET / HTTP/1.1" 200 841 "-" "facebookexternalhit/1.1 (+http://www.facebook.com/externalhit_uatext.php)"
57.141.24.120 - - [24/Aug/2026:21:32:20 +0530] "GET / HTTP/1.1" 200 841 "-" "facebookexternalhit/1.1 (+http://www.facebook.com/externalhit_uatext.php)"
57.141.0.1 - - [24/Aug/2026:21:33:49 +0530] "GET / HTTP/1.1" 200 841 "-" "facebookexternalhit/1.1 (+http://www.facebook.com/externalhit_uatext.php)"
57.141.18.59 - - [24/Aug/2026:21:35:28 +0530] "GET / HTTP/1.1" 200 841 "-" "facebookexternalhit/1.1 (+http://www.facebook.com/externalhit_uatext.php)"
194.247.173.99 - - [24/Aug/2026:21:35:34 +0530] "GET /wp-content/plugins/elementor-pro/core/app/assets/styles/?C=D;O=D HTTP/1.1" 200 968 "-" "Mozilla/5.0 (compatible; MJ12bot/v1.4.8; http://mj12bot.com/)"
194.247.173.99 - - [24/Aug/2026:21:35:36 +0530] "GET /wp-content/plugins/elementor-pro/core/app/assets/styles/?C=M;O=A HTTP/1.1" 200 968 "-" "Mozilla/5.0 (compatible; MJ12bot/v1.4.8; http://mj12bot.com/)"
194.247.173.99 - - [24/Aug/2026:21:35:38 +0530] "GET /wp-content/plugins/elementor-pro/core/app/assets/styles/?C=N;O=A HTTP/1.1" 200 968 "-" "Mozilla/5.0 (compatible; MJ12bot/v1.4.8; http://mj12bot.com/)"
194.247.173.99 - - [24/Aug/2026:21:35:39 +0530] "GET /wp-content/plugins/elementor-pro/core/app/assets/styles/?C=S;O=A HTTP/1.1" 200 968 "-" "Mozilla/5.0 (compatible; MJ12bot/v1.4.8; http://mj12bot.com/)"
194.247.173.99 - - [24/Aug/2026:21:35:41 +0530] "GET /wp-content/plugins/elementor-pro/core/app/assets/styles/app-imports.scss HTTP/1.1" 200 580 "-" "Mozilla/5.0 (compatible; MJ12bot/v1.4.8; http://mj12bot.com/)"
141.94.94.61 - - [24/Aug/2026:21:35:42 +0530] "GET /wp-content/plugins/elementor/includes/controls/ HTTP/1.1" 200 930 "-" "Mozilla/5.0 (Windows NT 10.0; Win64; x64) AppleWebKit/537.36 (KHTML, like Gecko) Chrome/148.0.0.0 Safari/537.36"
141.94.94.45 - - [24/Aug/2026:21:35:42 +0530] "GET /wp-content/plugins/elementor/core/?C=N%3BO%3DD HTTP/1.1" 200 3530 "-" "Mozilla/5.0 (Windows NT 10.0; Win64; x64) AppleWebKit/537.36 (KHTML, like Gecko) Chrome/148.0.0.0 Safari/537.36"
194.247.173.99 - - [24/Aug/2026:21:35:43 +0530] "GET /wp-content/plugins/elementor-pro/core/app/modules/import-export-customization/?C=D;O=A HTTP/1.1" 200 1358 "-" "Mozilla/5.0 (compatible; MJ12bot/v1.4.8; http://mj12bot.com/)"
194.247.173.99 - - [24/Aug/2026:21:35:44 +0530] "GET /wp-content/plugins/elementor-pro/core/app/modules/import-export-customization/?C=M;O=A HTTP/1.1" 200 1358 "-" "Mozilla/5.0 (compatible; MJ12bot/v1.4.8; http://mj12bot.com/)"
194.247.173.99 - - [24/Aug/2026:21:35:46 +0530] "GET /wp-content/plugins/elementor-pro/core/app/modules/import-export-customization/?C=N;O=D HTTP/1.1" 200 1358 "-" "Mozilla/5.0 (compatible; MJ12bot/v1.4.8; http://mj12bot.com/)"
57.129.81.152 - - [24/Aug/2026:21:35:47 +0530] "GET /wp-content/plugins/elementor/core/logger/ HTTP/1.1" 200 1089 "-" "Mozilla/5.0 (Windows NT 10.0; Win64; x64) AppleWebKit/537.36 (KHTML, like Gecko) Chrome/148.0.0.0 Safari/537.36"
194.247.173.99 - - [24/Aug/2026:21:35:48 +0530] "GET /wp-content/plugins/elementor-pro/core/app/modules/import-export-customization/?C=S;O=A HTTP/1.1" 200 1358 "-" "Mozilla/5.0 (compatible; MJ12bot/v1.4.8; http://mj12bot.com/)"
194.247.173.99 - - [24/Aug/2026:21:35:49 +0530] "GET /wp-content/plugins/elementor-pro/core/app/modules/import-export-customization/module.php HTTP/1.1" 200 - "-" "Mozilla/5.0 (compatible; MJ12bot/v1.4.8; http://mj12bot.com/)"
194.247.173.99 - - [24/Aug/2026:21:35:53 +0530] "GET /wp-content/plugins/elementor/app/modules/import-export-customization/data/?C=D;O=A HTTP/1.1" 200 1377 "-" "Mozilla/5.0 (compatible; MJ12bot/v1.4.8; http://mj12bot.com/)"
194.247.173.99 - - [24/Aug/2026:21:35:55 +0530] "GET /wp-content/plugins/elementor/app/modules/import-export-customization/data/?C=N;O=D HTTP/1.1" 200 1377 "-" "Mozilla/5.0 (compatible; MJ12bot/v1.4.8; http://mj12bot.com/)"
194.247.173.99 - - [24/Aug/2026:21:35:57 +0530] "GET /wp-content/plugins/elementor/vendor_prefixed/twig/twig/twig/src/Node/Expression/Binary/?C=M;O=D HTTP/1.1" 200 6221 "-" "Mozilla/5.0 (compatible; MJ12bot/v1.4.8; http://mj12bot.com/)"
194.247.173.99 - - [24/Aug/2026:21:35:59 +0530] "GET /wp-content/plugins/elementor/vendor_prefixed/twig/twig/twig/src/Node/Expression/Binary/?C=N;O=A HTTP/1.1" 200 6221 "-" "Mozilla/5.0 (compatible; MJ12bot/v1.4.8; http://mj12bot.com/)"
194.247.173.99 - - [24/Aug/2026:21:36:00 +0530] "GET /wp-content/plugins/elementor/vendor_prefixed/twig/twig/twig/src/Node/Expression/Binary/?C=S;O=D HTTP/1.1" 200 6221 "-" "Mozilla/5.0 (compatible; MJ12bot/v1.4.8; http://mj12bot.com/)"
194.247.173.99 - - [24/Aug/2026:21:36:02 +0530] "GET /wp-content/plugins/elementor/vendor_prefixed/twig/twig/twig/src/Node/Expression/Filter/?C=D;O=D HTTP/1.1" 200 1243 "-" "Mozilla/5.0 (compatible; MJ12bot/v1.4.8; http://mj12bot.com/)"
194.247.173.99 - - [24/Aug/2026:21:36:04 +0530] "GET /wp-content/plugins/elementor/vendor_prefixed/twig/twig/twig/src/Node/Expression/Filter/?C=M;O=D HTTP/1.1" 200 1243 "-" "Mozilla/5.0 (compatible; MJ12bot/v1.4.8; http://mj12bot.com/)"
194.247.173.99 - - [24/Aug/2026:21:36:06 +0530] "GET /wp-content/plugins/elementor/vendor_prefixed/twig/twig/twig/src/Node/Expression/Filter/?C=N;O=A HTTP/1.1" 200 1243 "-" "Mozilla/5.0 (compatible; MJ12bot/v1.4.8; http://mj12bot.com/)"
194.247.173.99 - - [24/Aug/2026:21:36:08 +0530] "GET /wp-content/plugins/elementor/vendor_prefixed/twig/twig/twig/src/Node/Expression/Filter/?C=S;O=D HTTP/1.1" 200 1243 "-" "Mozilla/5.0 (compatible; MJ12bot/v1.4.8; http://mj12bot.com/)"
194.247.173.99 - - [24/Aug/2026:21:36:10 +0530] "GET /wp-content/plugins/elementor/vendor_prefixed/twig/twig/twig/src/Node/Expression/Test/?C=D;O=D HTTP/1.1" 200 2148 "-" "Mozilla/5.0 (compatible; MJ12bot/v1.4.8; http://mj12bot.com/)"
194.247.173.99 - - [24/Aug/2026:21:36:12 +0530] "GET /wp-content/plugins/elementor/vendor_prefixed/twig/twig/twig/src/Node/Expression/Test/?C=M;O=D HTTP/1.1" 200 2148 "-" "Mozilla/5.0 (compatible; MJ12bot/v1.4.8; http://mj12bot.com/)"
194.247.173.99 - - [24/Aug/2026:21:36:19 +0530] "GET /wp-content/plugins/updraftplus/vendor/guzzle/guzzle/src/Guzzle/Http/Message/Header/?C=D;O=D HTTP/1.1" 200 1982 "-" "Mozilla/5.0 (compatible; MJ12bot/v1.4.8; http://mj12bot.com/)"
194.247.173.99 - - [24/Aug/2026:21:36:21 +0530] "GET /wp-content/plugins/updraftplus/vendor/guzzle/guzzle/src/Guzzle/Http/Message/Header/?C=M;O=D HTTP/1.1" 200 1982 "-" "Mozilla/5.0 (compatible; MJ12bot/v1.4.8; http://mj12bot.com/)"
130.49.9.207 - - [24/Aug/2026:21:36:23 +0530] "GET / HTTP/1.1" 206 841 "-" "Mozilla/5.0 (Windows NT 10.0; Win64; x64) AppleWebKit/537.36 (KHTML, like Gecko) Chrome/135.0.0.0 Safari/537.36"
194.247.173.99 - - [24/Aug/2026:21:36:23 +0530] "GET /wp-content/plugins/updraftplus/vendor/guzzle/guzzle/src/Guzzle/Http/Message/Header/?C=N;O=A HTTP/1.1" 200 1982 "-" "Mozilla/5.0 (compatible; MJ12bot/v1.4.8; http://mj12bot.com/)"
130.49.9.207 - - [24/Aug/2026:21:36:24 +0530] "POST /?rest_route=/batch/v1 HTTP/1.1" 404 - "-" "Mozilla/5.0 (Windows NT 10.0; Win64; x64) AppleWebKit/537.36 (KHTML, like Gecko) Chrome/135.0.0.0 Safari/537.36"
130.49.9.207 - - [24/Aug/2026:21:36:24 +0530] "POST /wp-json/batch/v1 HTTP/1.1" 404 - "-" "Mozilla/5.0 (Windows NT 10.0; Win64; x64) AppleWebKit/537.36 (KHTML, like Gecko) Chrome/135.0.0.0 Safari/537.36"
194.247.173.99 - - [24/Aug/2026:21:36:25 +0530] "GET /wp-content/plugins/updraftplus/vendor/guzzle/guzzle/src/Guzzle/Http/Message/Header/?C=S;O=D HTTP/1.1" 200 1982 "-" "Mozilla/5.0 (compatible; MJ12bot/v1.4.8; http://mj12bot.com/)"
194.247.173.99 - - [24/Aug/2026:21:36:27 +0530] "GET /wp-content/plugins/updraftplus/vendor/guzzle/guzzle/src/Guzzle/Plugin/Cookie/CookieJar/?C=D;O=D HTTP/1.1" 200 1435 "-" "Mozilla/5.0 (compatible; MJ12bot/v1.4.8; http://mj12bot.com/)"
57.141.14.66 - - [24/Aug/2026:21:36:29 +0530] "GET / HTTP/1.1" 200 841 "-" "facebookexternalhit/1.1 (+http://www.facebook.com/externalhit_uatext.php)"
194.247.173.99 - - [24/Aug/2026:21:36:29 +0530] "GET /wp-content/plugins/updraftplus/vendor/guzzle/guzzle/src/Guzzle/Plugin/Cookie/CookieJar/?C=M;O=D HTTP/1.1" 200 1435 "-" "Mozilla/5.0 (compatible; MJ12bot/v1.4.8; http://mj12bot.com/)"
194.247.173.99 - - [24/Aug/2026:21:36:31 +0530] "GET /wp-content/plugins/updraftplus/vendor/guzzle/guzzle/src/Guzzle/Plugin/Cookie/CookieJar/?C=N;O=A HTTP/1.1" 200 1435 "-" "Mozilla/5.0 (compatible; MJ12bot/v1.4.8; http://mj12bot.com/)"
194.247.173.99 - - [24/Aug/2026:21:36:33 +0530] "GET /wp-content/plugins/updraftplus/vendor/guzzle/guzzle/src/Guzzle/Plugin/Cookie/CookieJar/?C=S;O=D HTTP/1.1" 200 1435 "-" "Mozilla/5.0 (compatible; MJ12bot/v1.4.8; http://mj12bot.com/)"
