65.21.164.231 - - [25/Aug/2026:00:07:57 +0530] "GET /wp-includes/php-ai-client/?C=S;O=D HTTP/1.1" 200 1039 "-" "Mozilla/5.0 (compatible; AwarioBot/1.0; +https://awario.com/bots.html)"
65.21.164.231 - - [25/Aug/2026:00:08:01 +0530] "GET /wp-includes/php-ai-client/src/?C=D;O=A HTTP/1.1" 200 887 "-" "Mozilla/5.0 (compatible; AwarioBot/1.0; +https://awario.com/bots.html)"
65.21.164.231 - - [25/Aug/2026:00:08:03 +0530] "GET /wp-includes/php-ai-client/src/?C=M;O=A HTTP/1.1" 200 887 "-" "Mozilla/5.0 (compatible; AwarioBot/1.0; +https://awario.com/bots.html)"
192.178.7.37 - - [25/Aug/2026:00:08:05 +0530] "GET /?item/17942848045257.htmlm HTTP/1.1" 200 841 "-" "Mozilla/5.0 (Linux; Android 6.0.1; Nexus 5X Build/MMB29P) AppleWebKit/537.36 (KHTML, like Gecko) Chrome/151.0.7922.137 Mobile Safari/537.36 (compatible; Googlebot/2.1; +http://www.google.com/bot.html)"
65.21.164.231 - - [25/Aug/2026:00:08:07 +0530] "GET /wp-includes/php-ai-client/src/?C=N;O=D HTTP/1.1" 200 887 "-" "Mozilla/5.0 (compatible; AwarioBot/1.0; +https://awario.com/bots.html)"
65.21.164.231 - - [25/Aug/2026:00:08:10 +0530] "GET /wp-includes/php-ai-client/src/?C=S;O=A HTTP/1.1" 200 887 "-" "Mozilla/5.0 (compatible; AwarioBot/1.0; +https://awario.com/bots.html)"
65.21.164.231 - - [25/Aug/2026:00:08:13 +0530] "GET /wp-includes/php-ai-client/src/Providers/ HTTP/1.1" 200 1272 "-" "Mozilla/5.0 (compatible; AwarioBot/1.0; +https://awario.com/bots.html)"
57.141.20.3 - - [25/Aug/2026:00:08:15 +0530] "GET / HTTP/1.1" 200 841 "-" "facebookexternalhit/1.1 (+http://www.facebook.com/externalhit_uatext.php)"
65.21.164.231 - - [25/Aug/2026:00:08:16 +0530] "GET /robots.txt HTTP/1.1" 404 - "-" "Mozilla/5.0 (compatible; AwarioBot/1.0; +https://awario.com/bots.html)"
65.21.164.231 - - [25/Aug/2026:00:08:16 +0530] "GET /wp-includes/php-ai-client/third-party/?C=D;O=A HTTP/1.1" 200 1245 "-" "Mozilla/5.0 (compatible; AwarioBot/1.0; +https://awario.com/bots.html)"
65.21.164.231 - - [25/Aug/2026:00:08:58 +0530] "GET /wp-includes/php-ai-client/third-party/?C=M;O=A HTTP/1.1" 200 1245 "-" "Mozilla/5.0 (compatible; AwarioBot/1.0; +https://awario.com/bots.html)"
65.21.164.231 - - [25/Aug/2026:00:09:01 +0530] "GET /wp-includes/php-ai-client/third-party/?C=N;O=D HTTP/1.1" 200 1245 "-" "Mozilla/5.0 (compatible; AwarioBot/1.0; +https://awario.com/bots.html)"
65.21.164.231 - - [25/Aug/2026:00:09:04 +0530] "GET /wp-includes/php-ai-client/third-party/?C=S;O=A HTTP/1.1" 200 1245 "-" "Mozilla/5.0 (compatible; AwarioBot/1.0; +https://awario.com/bots.html)"
57.141.4.28 - - [25/Aug/2026:00:09:06 +0530] "GET / HTTP/1.1" 200 841 "-" "facebookexternalhit/1.1 (+http://www.facebook.com/externalhit_uatext.php)"
65.21.164.231 - - [25/Aug/2026:00:09:06 +0530] "GET /wp-includes/php-ai-client/third-party/Http/ HTTP/1.1" 200 925 "-" "Mozilla/5.0 (compatible; AwarioBot/1.0; +https://awario.com/bots.html)"
65.21.164.231 - - [25/Aug/2026:00:09:09 +0530] "GET /wp-includes/php-ai-client/third-party/Nyholm/ HTTP/1.1" 200 924 "-" "Mozilla/5.0 (compatible; AwarioBot/1.0; +https://awario.com/bots.html)"
65.21.164.231 - - [25/Aug/2026:00:09:12 +0530] "GET /wp-includes/php-ai-client/third-party/Psr/ HTTP/1.1" 200 918 "-" "Mozilla/5.0 (compatible; AwarioBot/1.0; +https://awario.com/bots.html)"
65.21.164.231 - - [25/Aug/2026:00:09:15 +0530] "GET /wp-includes/sodium_compat/?C=D;O=D HTTP/1.1" 200 1038 "-" "Mozilla/5.0 (compatible; AwarioBot/1.0; +https://awario.com/bots.html)"
65.21.164.231 - - [25/Aug/2026:00:09:27 +0530] "GET /wp-includes/sodium_compat/?C=M;O=D HTTP/1.1" 200 1038 "-" "Mozilla/5.0 (compatible; AwarioBot/1.0; +https://awario.com/bots.html)"
65.21.164.231 - - [25/Aug/2026:00:09:30 +0530] "GET /wp-includes/sodium_compat/?C=N;O=A HTTP/1.1" 200 1038 "-" "Mozilla/5.0 (compatible; AwarioBot/1.0; +https://awario.com/bots.html)"
65.21.164.231 - - [25/Aug/2026:00:09:33 +0530] "GET /wp-includes/sodium_compat/?C=S;O=D HTTP/1.1" 200 1038 "-" "Mozilla/5.0 (compatible; AwarioBot/1.0; +https://awario.com/bots.html)"
157.55.39.195 - - [25/Aug/2026:00:09:35 +0530] "GET /?y=5082837811 HTTP/1.1" 200 841 "-" "Mozilla/5.0 AppleWebKit/537.36 (KHTML, like Gecko; compatible; bingbot/2.0; +http://www.bing.com/bingbot.htm) Chrome/116.0.1938.76 Safari/537.36"
65.21.164.231 - - [25/Aug/2026:00:09:37 +0530] "GET /wp-includes/sodium_compat/namespaced/?C=D;O=A HTTP/1.1" 200 896 "-" "Mozilla/5.0 (compatible; AwarioBot/1.0; +https://awario.com/bots.html)"
192.178.7.39 - - [25/Aug/2026:00:09:40 +0530] "GET /?item/29426685584744.html HTTP/1.1" 200 841 "-" "Mozilla/5.0 (Linux; Android 6.0.1; Nexus 5X Build/MMB29P) AppleWebKit/537.36 (KHTML, like Gecko) Chrome/151.0.7922.137 Mobile Safari/537.36 (compatible; Googlebot/2.1; +http://www.google.com/bot.html)"
192.178.7.38 - - [25/Aug/2026:00:09:40 +0530] "GET /?item/11658797830522.html HTTP/1.1" 200 841 "-" "Mozilla/5.0 (Linux; Android 6.0.1; Nexus 5X Build/MMB29P) AppleWebKit/537.36 (KHTML, like Gecko) Chrome/151.0.7922.137 Mobile Safari/537.36 (compatible; Googlebot/2.1; +http://www.google.com/bot.html)"
65.21.164.231 - - [25/Aug/2026:00:09:40 +0530] "GET /wp-includes/sodium_compat/namespaced/?C=M;O=A HTTP/1.1" 200 896 "-" "Mozilla/5.0 (compatible; AwarioBot/1.0; +https://awario.com/bots.html)"
65.21.164.231 - - [25/Aug/2026:00:09:44 +0530] "GET /wp-includes/sodium_compat/namespaced/?C=N;O=D HTTP/1.1" 200 896 "-" "Mozilla/5.0 (compatible; AwarioBot/1.0; +https://awario.com/bots.html)"
65.21.164.231 - - [25/Aug/2026:00:09:47 +0530] "GET /wp-includes/sodium_compat/namespaced/?C=S;O=A HTTP/1.1" 200 896 "-" "Mozilla/5.0 (compatible; AwarioBot/1.0; +https://awario.com/bots.html)"
65.21.164.231 - - [25/Aug/2026:00:09:50 +0530] "GET /wp-includes/sodium_compat/namespaced/Core/ HTTP/1.1" 200 923 "-" "Mozilla/5.0 (compatible; AwarioBot/1.0; +https://awario.com/bots.html)"
65.21.164.231 - - [25/Aug/2026:00:09:54 +0530] "GET /wp-includes/sodium_compat/src/?C=D;O=A HTTP/1.1" 200 1057 "-" "Mozilla/5.0 (compatible; AwarioBot/1.0; +https://awario.com/bots.html)"
65.21.164.231 - - [25/Aug/2026:00:09:58 +0530] "GET /wp-includes/sodium_compat/src/?C=M;O=A HTTP/1.1" 200 1057 "-" "Mozilla/5.0 (compatible; AwarioBot/1.0; +https://awario.com/bots.html)"
65.21.164.231 - - [25/Aug/2026:00:10:01 +0530] "GET /wp-includes/sodium_compat/src/?C=N;O=D HTTP/1.1" 200 1057 "-" "Mozilla/5.0 (compatible; AwarioBot/1.0; +https://awario.com/bots.html)"
57.141.10.61 - - [25/Aug/2026:00:10:13 +0530] "GET / HTTP/1.1" 200 841 "-" "facebookexternalhit/1.1 (+http://www.facebook.com/externalhit_uatext.php)"
192.178.7.38 - - [25/Aug/2026:00:10:19 +0530] "GET /?item/37919446259821.html HTTP/1.1" 200 841 "-" "Mozilla/5.0 (Linux; Android 6.0.1; Nexus 5X Build/MMB29P) AppleWebKit/537.36 (KHTML, like Gecko) Chrome/151.0.7922.137 Mobile Safari/537.36 (compatible; Googlebot/2.1; +http://www.google.com/bot.html)"
192.178.7.38 - - [25/Aug/2026:00:10:31 +0530] "GET /?item/48469587550328.html HTTP/1.1" 200 841 "-" "Mozilla/5.0 (Linux; Android 6.0.1; Nexus 5X Build/MMB29P) AppleWebKit/537.36 (KHTML, like Gecko) Chrome/151.0.7922.137 Mobile Safari/537.36 (compatible; Googlebot/2.1; +http://www.google.com/bot.html)"
65.21.164.231 - - [25/Aug/2026:00:10:34 +0530] "GET /robots.txt HTTP/1.1" 404 - "-" "Mozilla/5.0 (compatible; AwarioBot/1.0; +https://awario.com/bots.html)"
65.21.164.231 - - [25/Aug/2026:00:10:34 +0530] "GET /wp-includes/sodium_compat/src/?C=S;O=A HTTP/1.1" 200 1057 "-" "Mozilla/5.0 (compatible; AwarioBot/1.0; +https://awario.com/bots.html)"
65.21.164.231 - - [25/Aug/2026:00:10:37 +0530] "GET /wp-includes/sodium_compat/src/Core/ HTTP/1.1" 200 902 "-" "Mozilla/5.0 (compatible; AwarioBot/1.0; +https://awario.com/bots.html)"
65.21.164.231 - - [25/Aug/2026:00:10:40 +0530] "GET /wp-includes/sodium_compat/src/Core32/ HTTP/1.1" 200 906 "-" "Mozilla/5.0 (compatible; AwarioBot/1.0; +https://awario.com/bots.html)"
192.178.7.37 - - [25/Aug/2026:00:10:59 +0530] "GET /?item/38227518025192.html HTTP/1.1" 200 841 "-" "Mozilla/5.0 (Linux; Android 6.0.1; Nexus 5X Build/MMB29P) AppleWebKit/537.36 (KHTML, like Gecko) Chrome/151.0.7922.137 Mobile Safari/537.36 (compatible; Googlebot/2.1; +http://www.google.com/bot.html)"
192.178.7.37 - - [25/Aug/2026:00:11:28 +0530] "GET /?item/29390197376304.html HTTP/1.1" 200 841 "-" "Mozilla/5.0 (Linux; Android 6.0.1; Nexus 5X Build/MMB29P) AppleWebKit/537.36 (KHTML, like Gecko) Chrome/151.0.7922.137 Mobile Safari/537.36 (compatible; Googlebot/2.1; +http://www.google.com/bot.html)"
57.141.16.88 - - [25/Aug/2026:00:11:37 +0530] "GET / HTTP/1.1" 200 841 "-" "facebookexternalhit/1.1 (+http://www.facebook.com/externalhit_uatext.php)"
192.178.7.37 - - [25/Aug/2026:00:11:40 +0530] "GET /?item/27586564543761.html HTTP/1.1" 200 841 "-" "Mozilla/5.0 (Linux; Android 6.0.1; Nexus 5X Build/MMB29P) AppleWebKit/537.36 (KHTML, like Gecko) Chrome/151.0.7922.137 Mobile Safari/537.36 (compatible; Googlebot/2.1; +http://www.google.com/bot.html)"
192.178.7.37 - - [25/Aug/2026:00:11:47 +0530] "GET /?item/35750384324825.html HTTP/1.1" 200 841 "-" "Mozilla/5.0 (Linux; Android 6.0.1; Nexus 5X Build/MMB29P) AppleWebKit/537.36 (KHTML, like Gecko) Chrome/151.0.7922.137 Mobile Safari/537.36 (compatible; Googlebot/2.1; +http://www.google.com/bot.html)"
192.178.7.37 - - [25/Aug/2026:00:11:56 +0530] "GET /?item/13702866437975.html HTTP/1.1" 200 841 "-" "Mozilla/5.0 (Linux; Android 6.0.1; Nexus 5X Build/MMB29P) AppleWebKit/537.36 (KHTML, like Gecko) Chrome/151.0.7922.137 Mobile Safari/537.36 (compatible; Googlebot/2.1; +http://www.google.com/bot.html)"
192.178.7.39 - - [25/Aug/2026:00:12:07 +0530] "GET /?item/40182587329606.html HTTP/1.1" 200 841 "-" "Mozilla/5.0 (Linux; Android 6.0.1; Nexus 5X Build/MMB29P) AppleWebKit/537.36 (KHTML, like Gecko) Chrome/151.0.7922.137 Mobile Safari/537.36 (compatible; Googlebot/2.1; +http://www.google.com/bot.html)"
192.178.7.38 - - [25/Aug/2026:00:12:21 +0530] "GET /?item/18235095019990.html HTTP/1.1" 200 841 "-" "Mozilla/5.0 (Linux; Android 6.0.1; Nexus 5X Build/MMB29P) AppleWebKit/537.36 (KHTML, like Gecko) Chrome/151.0.7922.137 Mobile Safari/537.36 (compatible; Googlebot/2.1; +http://www.google.com/bot.html)"
192.178.7.37 - - [25/Aug/2026:00:12:55 +0530] "GET /?item/21087715239815.html HTTP/1.1" 200 841 "-" "Mozilla/5.0 (Linux; Android 6.0.1; Nexus 5X Build/MMB29P) AppleWebKit/537.36 (KHTML, like Gecko) Chrome/151.0.7922.137 Mobile Safari/537.36 (compatible; Googlebot/2.1; +http://www.google.com/bot.html)"
66.249.70.197 - - [25/Aug/2026:00:12:55 +0530] "GET /robots.txt HTTP/1.1" 404 - "-" "Mozilla/5.0 (compatible; Googlebot/2.1; +http://www.google.com/bot.html)"
57.141.22.34 - - [25/Aug/2026:00:13:08 +0530] "GET / HTTP/1.1" 200 841 "-" "facebookexternalhit/1.1 (+http://www.facebook.com/externalhit_uatext.php)"
192.178.7.37 - - [25/Aug/2026:00:13:53 +0530] "GET /?item/45649065948951.html HTTP/1.1" 200 841 "-" "Mozilla/5.0 (Linux; Android 6.0.1; Nexus 5X Build/MMB29P) AppleWebKit/537.36 (KHTML, like Gecko) Chrome/151.0.7922.137 Mobile Safari/537.36 (compatible; Googlebot/2.1; +http://www.google.com/bot.html)"
192.178.7.37 - - [25/Aug/2026:00:15:54 +0530] "GET /robots.txt HTTP/1.1" 404 - "-" "Mozilla/5.0 (compatible; Googlebot/2.1; +http://www.google.com/bot.html)"
192.178.7.37 - - [25/Aug/2026:00:15:54 +0530] "GET /?item/30397484942395.html HTTP/1.1" 200 841 "-" "Mozilla/5.0 (Linux; Android 6.0.1; Nexus 5X Build/MMB29P) AppleWebKit/537.36 (KHTML, like Gecko) Chrome/151.0.7922.137 Mobile Safari/537.36 (compatible; Googlebot/2.1; +http://www.google.com/bot.html)"
57.141.4.60 - - [25/Aug/2026:00:16:02 +0530] "GET / HTTP/1.1" 200 841 "-" "facebookexternalhit/1.1 (+http://www.facebook.com/externalhit_uatext.php)"
192.178.7.38 - - [25/Aug/2026:00:16:17 +0530] "GET /?item/45724087280149.html HTTP/1.1" 200 841 "-" "Mozilla/5.0 (Linux; Android 6.0.1; Nexus 5X Build/MMB29P) AppleWebKit/537.36 (KHTML, like Gecko) Chrome/151.0.7922.137 Mobile Safari/537.36 (compatible; Googlebot/2.1; +http://www.google.com/bot.html)"
192.178.7.37 - - [25/Aug/2026:00:16:47 +0530] "GET /?item/31153754438521.html HTTP/1.1" 200 841 "-" "Mozilla/5.0 (Linux; Android 6.0.1; Nexus 5X Build/MMB29P) AppleWebKit/537.36 (KHTML, like Gecko) Chrome/151.0.7922.137 Mobile Safari/537.36 (compatible; Googlebot/2.1; +http://www.google.com/bot.html)"
57.141.12.49 - - [25/Aug/2026:00:17:33 +0530] "GET / HTTP/1.1" 200 841 "-" "facebookexternalhit/1.1 (+http://www.facebook.com/externalhit_uatext.php)"
192.178.7.38 - - [25/Aug/2026:00:17:33 +0530] "GET /?item/22029927086050.html HTTP/1.1" 200 841 "-" "Mozilla/5.0 (Linux; Android 6.0.1; Nexus 5X Build/MMB29P) AppleWebKit/537.36 (KHTML, like Gecko) Chrome/151.0.7922.137 Mobile Safari/537.36 (compatible; Googlebot/2.1; +http://www.google.com/bot.html)"
192.178.7.39 - - [25/Aug/2026:00:17:33 +0530] "GET /robots.txt HTTP/1.1" 404 - "-" "Mozilla/5.0 (compatible; Googlebot/2.1; +http://www.google.com/bot.html)"
192.178.7.38 - - [25/Aug/2026:00:18:03 +0530] "GET /?item/34853305095161.html HTTP/1.1" 200 841 "-" "Mozilla/5.0 (Linux; Android 6.0.1; Nexus 5X Build/MMB29P) AppleWebKit/537.36 (KHTML, like Gecko) Chrome/151.0.7922.137 Mobile Safari/537.36 (compatible; Googlebot/2.1; +http://www.google.com/bot.html)"
57.141.2.46 - - [25/Aug/2026:00:18:33 +0530] "GET / HTTP/1.1" 200 841 "-" "facebookexternalhit/1.1 (+http://www.facebook.com/externalhit_uatext.php)"
192.178.7.37 - - [25/Aug/2026:00:18:34 +0530] "GET /?item/21846616015085.html HTTP/1.1" 200 841 "-" "Mozilla/5.0 (Linux; Android 6.0.1; Nexus 5X Build/MMB29P) AppleWebKit/537.36 (KHTML, like Gecko) Chrome/151.0.7922.137 Mobile Safari/537.36 (compatible; Googlebot/2.1; +http://www.google.com/bot.html)"
57.141.16.94 - - [25/Aug/2026:00:18:57 +0530] "GET / HTTP/1.1" 200 841 "-" "facebookexternalhit/1.1 (+http://www.facebook.com/externalhit_uatext.php)"
192.178.7.37 - - [25/Aug/2026:00:18:58 +0530] "GET /robots.txt HTTP/1.1" 404 - "-" "Mozilla/5.0 (compatible; Googlebot/2.1; +http://www.google.com/bot.html)"
192.178.7.37 - - [25/Aug/2026:00:18:58 +0530] "GET /?item/18202007501241.html HTTP/1.1" 200 841 "-" "Mozilla/5.0 (Linux; Android 6.0.1; Nexus 5X Build/MMB29P) AppleWebKit/537.36 (KHTML, like Gecko) Chrome/151.0.7922.137 Mobile Safari/537.36 (compatible; Googlebot/2.1; +http://www.google.com/bot.html)"
192.178.7.38 - - [25/Aug/2026:00:19:26 +0530] "GET /?item/34039738042139.html HTTP/1.1" 200 841 "-" "Mozilla/5.0 (Linux; Android 6.0.1; Nexus 5X Build/MMB29P) AppleWebKit/537.36 (KHTML, like Gecko) Chrome/151.0.7922.137 Mobile Safari/537.36 (compatible; Googlebot/2.1; +http://www.google.com/bot.html)"
192.178.7.37 - - [25/Aug/2026:00:19:54 +0530] "GET /?item/28957414795016.html HTTP/1.1" 200 841 "-" "Mozilla/5.0 (Linux; Android 6.0.1; Nexus 5X Build/MMB29P) AppleWebKit/537.36 (KHTML, like Gecko) Chrome/151.0.7922.137 Mobile Safari/537.36 (compatible; Googlebot/2.1; +http://www.google.com/bot.html)"
57.141.6.14 - - [25/Aug/2026:00:20:21 +0530] "GET / HTTP/1.1" 200 841 "-" "facebookexternalhit/1.1 (+http://www.facebook.com/externalhit_uatext.php)"
192.178.7.39 - - [25/Aug/2026:00:20:24 +0530] "GET /robots.txt HTTP/1.1" 404 - "-" "Mozilla/5.0 (compatible; Googlebot/2.1; +http://www.google.com/bot.html)"
192.178.7.39 - - [25/Aug/2026:00:20:25 +0530] "GET /?item/41016517463748.html HTTP/1.1" 200 841 "-" "Mozilla/5.0 (Linux; Android 6.0.1; Nexus 5X Build/MMB29P) AppleWebKit/537.36 (KHTML, like Gecko) Chrome/151.0.7922.137 Mobile Safari/537.36 (compatible; Googlebot/2.1; +http://www.google.com/bot.html)"
192.178.7.37 - - [25/Aug/2026:00:20:30 +0530] "GET /?item/44564376337647.html HTTP/1.1" 200 841 "-" "Mozilla/5.0 (Linux; Android 6.0.1; Nexus 5X Build/MMB29P) AppleWebKit/537.36 (KHTML, like Gecko) Chrome/151.0.7922.137 Mobile Safari/537.36 (compatible; Googlebot/2.1; +http://www.google.com/bot.html)"
192.178.7.37 - - [25/Aug/2026:00:20:51 +0530] "GET /?item/22445846511855.html HTTP/1.1" 200 841 "-" "Mozilla/5.0 (Linux; Android 6.0.1; Nexus 5X Build/MMB29P) AppleWebKit/537.36 (KHTML, like Gecko) Chrome/151.0.7922.137 Mobile Safari/537.36 (compatible; Googlebot/2.1; +http://www.google.com/bot.html)"
192.178.7.37 - - [25/Aug/2026:00:21:21 +0530] "GET /?item/16605137600817.html HTTP/1.1" 200 841 "-" "Mozilla/5.0 (Linux; Android 6.0.1; Nexus 5X Build/MMB29P) AppleWebKit/537.36 (KHTML, like Gecko) Chrome/151.0.7922.137 Mobile Safari/537.36 (compatible; Googlebot/2.1; +http://www.google.com/bot.html)"
192.178.7.37 - - [25/Aug/2026:00:21:23 +0530] "GET /?item/34364085037259.html HTTP/1.1" 200 841 "-" "Mozilla/5.0 (Linux; Android 6.0.1; Nexus 5X Build/MMB29P) AppleWebKit/537.36 (KHTML, like Gecko) Chrome/151.0.7922.137 Mobile Safari/537.36 (compatible; Googlebot/2.1; +http://www.google.com/bot.html)"
192.178.7.37 - - [25/Aug/2026:00:21:46 +0530] "GET /robots.txt HTTP/1.1" 404 - "-" "Mozilla/5.0 (compatible; Googlebot/2.1; +http://www.google.com/bot.html)"
192.178.7.38 - - [25/Aug/2026:00:21:46 +0530] "GET /?item/44203376354135.html HTTP/1.1" 200 841 "-" "Mozilla/5.0 (Linux; Android 6.0.1; Nexus 5X Build/MMB29P) AppleWebKit/537.36 (KHTML, like Gecko) Chrome/151.0.7922.137 Mobile Safari/537.36 (compatible; Googlebot/2.1; +http://www.google.com/bot.html)"
57.141.24.24 - - [25/Aug/2026:00:23:14 +0530] "GET / HTTP/1.1" 200 841 "-" "facebookexternalhit/1.1 (+http://www.facebook.com/externalhit_uatext.php)"
192.178.7.37 - - [25/Aug/2026:00:23:19 +0530] "GET /robots.txt HTTP/1.1" 404 - "-" "Mozilla/5.0 (compatible; Googlebot/2.1; +http://www.google.com/bot.html)"
192.178.7.39 - - [25/Aug/2026:00:23:19 +0530] "GET /?item/39894887866834.html HTTP/1.1" 200 841 "-" "Mozilla/5.0 (Linux; Android 6.0.1; Nexus 5X Build/MMB29P) AppleWebKit/537.36 (KHTML, like Gecko) Chrome/151.0.7922.137 Mobile Safari/537.36 (compatible; Googlebot/2.1; +http://www.google.com/bot.html)"
192.178.7.38 - - [25/Aug/2026:00:23:39 +0530] "GET /?item/35230825979522.html HTTP/1.1" 200 841 "-" "Mozilla/5.0 (Linux; Android 6.0.1; Nexus 5X Build/MMB29P) AppleWebKit/537.36 (KHTML, like Gecko) Chrome/151.0.7922.137 Mobile Safari/537.36 (compatible; Googlebot/2.1; +http://www.google.com/bot.html)"
45.139.104.172 - - [25/Aug/2026:00:23:43 +0530] "GET / HTTP/1.1" 400 52 "-" "Python-urllib/2.5"
192.178.7.38 - - [25/Aug/2026:00:24:06 +0530] "GET /?item/25206007599901.html HTTP/1.1" 200 841 "-" "Mozilla/5.0 (Linux; Android 6.0.1; Nexus 5X Build/MMB29P) AppleWebKit/537.36 (KHTML, like Gecko) Chrome/151.0.7922.137 Mobile Safari/537.36 (compatible; Googlebot/2.1; +http://www.google.com/bot.html)"
192.178.7.37 - - [25/Aug/2026:00:24:16 +0530] "GET /?item/14255786171272.html HTTP/1.1" 200 841 "-" "Mozilla/5.0 (Linux; Android 6.0.1; Nexus 5X Build/MMB29P) AppleWebKit/537.36 (KHTML, like Gecko) Chrome/151.0.7922.137 Mobile Safari/537.36 (compatible; Googlebot/2.1; +http://www.google.com/bot.html)"
192.178.7.37 - - [25/Aug/2026:00:24:31 +0530] "GET /robots.txt HTTP/1.1" 404 - "-" "Mozilla/5.0 (compatible; Googlebot/2.1; +http://www.google.com/bot.html)"
192.178.7.37 - - [25/Aug/2026:00:24:31 +0530] "GET /?item/36785934842876.html HTTP/1.1" 200 841 "-" "Mozilla/5.0 (Linux; Android 6.0.1; Nexus 5X Build/MMB29P) AppleWebKit/537.36 (KHTML, like Gecko) Chrome/151.0.7922.137 Mobile Safari/537.36 (compatible; Googlebot/2.1; +http://www.google.com/bot.html)"
192.178.7.37 - - [25/Aug/2026:00:24:36 +0530] "GET /?item/16241267621343.html HTTP/1.1" 200 841 "-" "Mozilla/5.0 (Linux; Android 6.0.1; Nexus 5X Build/MMB29P) AppleWebKit/537.36 (KHTML, like Gecko) Chrome/151.0.7922.137 Mobile Safari/537.36 (compatible; Googlebot/2.1; +http://www.google.com/bot.html)"
192.178.7.37 - - [25/Aug/2026:00:24:37 +0530] "GET /?item/34065267600571.html HTTP/1.1" 200 841 "-" "Mozilla/5.0 (Linux; Android 6.0.1; Nexus 5X Build/MMB29P) AppleWebKit/537.36 (KHTML, like Gecko) Chrome/151.0.7922.137 Mobile Safari/537.36 (compatible; Googlebot/2.1; +http://www.google.com/bot.html)"
57.141.12.62 - - [25/Aug/2026:00:24:52 +0530] "GET / HTTP/1.1" 200 841 "-" "facebookexternalhit/1.1 (+http://www.facebook.com/externalhit_uatext.php)"
192.178.7.37 - - [25/Aug/2026:00:25:00 +0530] "GET /?item/44972835972349.html HTTP/1.1" 200 841 "-" "Mozilla/5.0 (Linux; Android 6.0.1; Nexus 5X Build/MMB29P) AppleWebKit/537.36 (KHTML, like Gecko) Chrome/151.0.7922.137 Mobile Safari/537.36 (compatible; Googlebot/2.1; +http://www.google.com/bot.html)"
208.76.40.197 - - [25/Aug/2026:00:25:23 +0530] "GET /wp-login.php HTTP/1.1" 404 16 "https://www.bing.com/" "Mozilla/5.0 (Macintosh; Intel Mac OS X 10_15_7) AppleWebKit/537.36 (KHTML, like Gecko) Chrome/121.0.0.0 Safari/537.36"
208.76.40.197 - - [25/Aug/2026:00:25:23 +0530] "GET /wp-admin/ HTTP/1.1" 404 - "" "Mozilla/5.0 (Macintosh; Intel Mac OS X 10_15_7; rv:119.0) Gecko/20100101 Firefox/119.0"
192.178.7.37 - - [25/Aug/2026:00:25:28 +0530] "GET /?item/23544846822345.html HTTP/1.1" 200 841 "-" "Mozilla/5.0 (Linux; Android 6.0.1; Nexus 5X Build/MMB29P) AppleWebKit/537.36 (KHTML, like Gecko) Chrome/151.0.7922.137 Mobile Safari/537.36 (compatible; Googlebot/2.1; +http://www.google.com/bot.html)"
57.141.2.28 - - [25/Aug/2026:00:25:52 +0530] "GET / HTTP/1.1" 200 841 "-" "facebookexternalhit/1.1 (+http://www.facebook.com/externalhit_uatext.php)"
192.178.7.37 - - [25/Aug/2026:00:25:59 +0530] "GET /?item/43375674657565.html HTTP/1.1" 200 841 "-" "Mozilla/5.0 (Linux; Android 6.0.1; Nexus 5X Build/MMB29P) AppleWebKit/537.36 (KHTML, like Gecko) Chrome/151.0.7922.137 Mobile Safari/537.36 (compatible; Googlebot/2.1; +http://www.google.com/bot.html)"
57.141.18.13 - - [25/Aug/2026:00:26:07 +0530] "GET / HTTP/1.1" 200 841 "-" "facebookexternalhit/1.1 (+http://www.facebook.com/externalhit_uatext.php)"
192.178.7.38 - - [25/Aug/2026:00:26:11 +0530] "GET /shop/pg/69162679-1 HTTP/1.1" 404 - "-" "Mozilla/5.0 (Linux; Android 6.0.1; Nexus 5X Build/MMB29P) AppleWebKit/537.36 (KHTML, like Gecko) Chrome/151.0.7922.137 Mobile Safari/537.36 (compatible; Googlebot/2.1; +http://www.google.com/bot.html)"
192.178.7.38 - - [25/Aug/2026:00:26:24 +0530] "GET /?item/49873975168039.html HTTP/1.1" 200 841 "-" "Mozilla/5.0 (Linux; Android 6.0.1; Nexus 5X Build/MMB29P) AppleWebKit/537.36 (KHTML, like Gecko) Chrome/151.0.7922.137 Mobile Safari/537.36 (compatible; Googlebot/2.1; +http://www.google.com/bot.html)"
192.178.7.37 - - [25/Aug/2026:00:26:24 +0530] "GET /?item/20219737595533.html HTTP/1.1" 200 841 "-" "Mozilla/5.0 (Linux; Android 6.0.1; Nexus 5X Build/MMB29P) AppleWebKit/537.36 (KHTML, like Gecko) Chrome/151.0.7922.137 Mobile Safari/537.36 (compatible; Googlebot/2.1; +http://www.google.com/bot.html)"
192.178.7.37 - - [25/Aug/2026:00:26:40 +0530] "GET /shop/pg/60411137-1 HTTP/1.1" 404 - "-" "Mozilla/5.0 (Linux; Android 6.0.1; Nexus 5X Build/MMB29P) AppleWebKit/537.36 (KHTML, like Gecko) Chrome/151.0.7922.137 Mobile Safari/537.36 (compatible; Googlebot/2.1; +http://www.google.com/bot.html)"
192.178.7.37 - - [25/Aug/2026:00:26:46 +0530] "GET /?item/16680735304941.html HTTP/1.1" 200 841 "-" "Mozilla/5.0 (Linux; Android 6.0.1; Nexus 5X Build/MMB29P) AppleWebKit/537.36 (KHTML, like Gecko) Chrome/151.0.7922.137 Mobile Safari/537.36 (compatible; Googlebot/2.1; +http://www.google.com/bot.html)"
192.178.7.37 - - [25/Aug/2026:00:27:41 +0530] "GET /?item/21350574743830.html HTTP/1.1" 200 841 "-" "Mozilla/5.0 (Linux; Android 6.0.1; Nexus 5X Build/MMB29P) AppleWebKit/537.36 (KHTML, like Gecko) Chrome/151.0.7922.137 Mobile Safari/537.36 (compatible; Googlebot/2.1; +http://www.google.com/bot.html)"
57.141.6.20 - - [25/Aug/2026:00:27:44 +0530] "GET / HTTP/1.1" 200 841 "-" "facebookexternalhit/1.1 (+http://www.facebook.com/externalhit_uatext.php)"
192.178.7.38 - - [25/Aug/2026:00:28:02 +0530] "GET /?item/18215675534171.html HTTP/1.1" 200 841 "-" "Mozilla/5.0 (Linux; Android 6.0.1; Nexus 5X Build/MMB29P) AppleWebKit/537.36 (KHTML, like Gecko) Chrome/151.0.7922.137 Mobile Safari/537.36 (compatible; Googlebot/2.1; +http://www.google.com/bot.html)"
192.178.7.38 - - [25/Aug/2026:00:28:13 +0530] "GET /?item/32323447625532.html HTTP/1.1" 200 841 "-" "Mozilla/5.0 (Linux; Android 6.0.1; Nexus 5X Build/MMB29P) AppleWebKit/537.36 (KHTML, like Gecko) Chrome/151.0.7922.137 Mobile Safari/537.36 (compatible; Googlebot/2.1; +http://www.google.com/bot.html)"
192.178.7.37 - - [25/Aug/2026:00:28:31 +0530] "GET /?item/32820264913075.html HTTP/1.1" 200 841 "-" "Mozilla/5.0 (Linux; Android 6.0.1; Nexus 5X Build/MMB29P) AppleWebKit/537.36 (KHTML, like Gecko) Chrome/151.0.7922.137 Mobile Safari/537.36 (compatible; Googlebot/2.1; +http://www.google.com/bot.html)"
192.178.7.37 - - [25/Aug/2026:00:28:31 +0530] "GET /?item/46199817432284.html HTTP/1.1" 200 841 "-" "Mozilla/5.0 (Linux; Android 6.0.1; Nexus 5X Build/MMB29P) AppleWebKit/537.36 (KHTML, like Gecko) Chrome/151.0.7922.137 Mobile Safari/537.36 (compatible; Googlebot/2.1; +http://www.google.com/bot.html)"
192.178.7.37 - - [25/Aug/2026:00:28:38 +0530] "GET /?item/42565504276529.html HTTP/1.1" 200 841 "-" "Mozilla/5.0 (Linux; Android 6.0.1; Nexus 5X Build/MMB29P) AppleWebKit/537.36 (KHTML, like Gecko) Chrome/151.0.7922.137 Mobile Safari/537.36 (compatible; Googlebot/2.1; +http://www.google.com/bot.html)"
57.141.8.37 - - [25/Aug/2026:00:28:59 +0530] "GET / HTTP/1.1" 200 841 "-" "facebookexternalhit/1.1 (+http://www.facebook.com/externalhit_uatext.php)"
192.178.7.39 - - [25/Aug/2026:00:29:08 +0530] "GET /?item/10989085832453.html HTTP/1.1" 200 841 "-" "Mozilla/5.0 (Linux; Android 6.0.1; Nexus 5X Build/MMB29P) AppleWebKit/537.36 (KHTML, like Gecko) Chrome/151.0.7922.137 Mobile Safari/537.36 (compatible; Googlebot/2.1; +http://www.google.com/bot.html)"
192.178.7.38 - - [25/Aug/2026:00:29:08 +0530] "GET /?item/14075566089907.htmlm HTTP/1.1" 200 841 "-" "Mozilla/5.0 (Linux; Android 6.0.1; Nexus 5X Build/MMB29P) AppleWebKit/537.36 (KHTML, like Gecko) Chrome/151.0.7922.137 Mobile Safari/537.36 (compatible; Googlebot/2.1; +http://www.google.com/bot.html)"
192.178.7.38 - - [25/Aug/2026:00:30:08 +0530] "GET /?item/29069096453831.htmlm HTTP/1.1" 200 841 "-" "Mozilla/5.0 (Linux; Android 6.0.1; Nexus 5X Build/MMB29P) AppleWebKit/537.36 (KHTML, like Gecko) Chrome/151.0.7922.137 Mobile Safari/537.36 (compatible; Googlebot/2.1; +http://www.google.com/bot.html)"
192.178.7.37 - - [25/Aug/2026:00:30:33 +0530] "GET /shop/pg/30553413-2 HTTP/1.1" 404 - "-" "Mozilla/5.0 (Linux; Android 6.0.1; Nexus 5X Build/MMB29P) AppleWebKit/537.36 (KHTML, like Gecko) Chrome/151.0.7922.137 Mobile Safari/537.36 (compatible; Googlebot/2.1; +http://www.google.com/bot.html)"
57.141.24.118 - - [25/Aug/2026:00:30:40 +0530] "GET / HTTP/1.1" 200 841 "-" "facebookexternalhit/1.1 (+http://www.facebook.com/externalhit_uatext.php)"
192.178.7.37 - - [25/Aug/2026:00:30:49 +0530] "GET /shop/pg/23150833-2 HTTP/1.1" 404 - "-" "Mozilla/5.0 (Linux; Android 6.0.1; Nexus 5X Build/MMB29P) AppleWebKit/537.36 (KHTML, like Gecko) Chrome/151.0.7922.137 Mobile Safari/537.36 (compatible; Googlebot/2.1; +http://www.google.com/bot.html)"
20.48.160.90 - - [25/Aug/2026:00:31:08 +0530] "GET /wp-content/plugins/hellopress/wp_filemanager.php HTTP/1.1" 404 5749 "-" "-"
20.48.160.90 - - [25/Aug/2026:00:31:08 +0530] "GET /this_is_a_new_hello_world.php HTTP/1.1" 404 5749 "-" "-"
20.48.160.90 - - [25/Aug/2026:00:31:08 +0530] "GET /images.php HTTP/1.1" 404 5749 "-" "-"
20.48.160.90 - - [25/Aug/2026:00:31:09 +0530] "GET /222.php HTTP/1.1" 404 5749 "-" "-"
20.48.160.90 - - [25/Aug/2026:00:31:09 +0530] "GET /ops.php HTTP/1.1" 404 5749 "-" "-"
20.48.160.90 - - [25/Aug/2026:00:31:09 +0530] "GET /4PJcpMFsD8B.php HTTP/1.1" 404 5749 "-" "-"
20.48.160.90 - - [25/Aug/2026:00:31:09 +0530] "GET /3PJcpMFsD8B.php HTTP/1.1" 404 5749 "-" "-"
20.48.160.90 - - [25/Aug/2026:00:31:09 +0530] "GET /new.php HTTP/1.1" 404 5749 "-" "-"
20.48.160.90 - - [25/Aug/2026:00:31:10 +0530] "GET /confag.php HTTP/1.1" 404 5749 "-" "-"
20.48.160.90 - - [25/Aug/2026:00:31:10 +0530] "GET /9b97ec/index.php HTTP/1.1" 404 5749 "-" "-"
20.48.160.90 - - [25/Aug/2026:00:31:10 +0530] "GET /b9007d/index.php HTTP/1.1" 404 5749 "-" "-"
20.48.160.90 - - [25/Aug/2026:00:31:10 +0530] "GET /aaa.php HTTP/1.1" 404 5749 "-" "-"
20.48.160.90 - - [25/Aug/2026:00:31:10 +0530] "GET /000.php HTTP/1.1" 404 5749 "-" "-"
20.48.160.90 - - [25/Aug/2026:00:31:11 +0530] "GET /11.php?p= HTTP/1.1" 404 5749 "-" "-"
20.48.160.90 - - [25/Aug/2026:00:31:11 +0530] "GET /about.php HTTP/1.1" 404 5749 "-" "-"
20.48.160.90 - - [25/Aug/2026:00:31:11 +0530] "GET /admin.php/admin.php HTTP/1.1" 404 5749 "-" "-"
20.48.160.90 - - [25/Aug/2026:00:31:11 +0530] "GET /media.php HTTP/1.1" 404 5749 "-" "-"
20.48.160.90 - - [25/Aug/2026:00:31:12 +0530] "GET /admin.php HTTP/1.1" 404 5749 "-" "-"
20.48.160.90 - - [25/Aug/2026:00:31:12 +0530] "GET /mac.php HTTP/1.1" 404 5749 "-" "-"
20.48.160.90 - - [25/Aug/2026:00:31:12 +0530] "GET /1.php HTTP/1.1" 404 5749 "-" "-"
20.48.160.90 - - [25/Aug/2026:00:31:12 +0530] "GET /coffee.php HTTP/1.1" 404 5749 "-" "-"
20.48.160.90 - - [25/Aug/2026:00:31:12 +0530] "GET /classwithtostring.php?p= HTTP/1.1" 404 5749 "-" "-"
20.48.160.90 - - [25/Aug/2026:00:31:13 +0530] "GET /wp-ws68.php?p= HTTP/1.1" 404 5749 "-" "-"
20.48.160.90 - - [25/Aug/2026:00:31:13 +0530] "GET /yj09.php HTTP/1.1" 404 5749 "-" "-"
20.48.160.90 - - [25/Aug/2026:00:31:13 +0530] "GET /scxy.php HTTP/1.1" 404 5749 "-" "-"
20.48.160.90 - - [25/Aug/2026:00:31:13 +0530] "GET /blurbs.php HTTP/1.1" 404 5749 "-" "-"
20.48.160.90 - - [25/Aug/2026:00:31:13 +0530] "GET /bajah.php HTTP/1.1" 404 5749 "-" "-"
20.48.160.90 - - [25/Aug/2026:00:31:14 +0530] "GET /domvf.php HTTP/1.1" 404 5749 "-" "-"
20.48.160.90 - - [25/Aug/2026:00:31:14 +0530] "GET /fpwch.php HTTP/1.1" 404 5749 "-" "-"
20.48.160.90 - - [25/Aug/2026:00:31:14 +0530] "GET /adminner.php HTTP/1.1" 404 5749 "-" "-"
20.48.160.90 - - [25/Aug/2026:00:31:14 +0530] "GET /abcd.php HTTP/1.1" 404 5749 "-" "-"
20.48.160.90 - - [25/Aug/2026:00:31:15 +0530] "GET /simple.php HTTP/1.1" 404 5749 "-" "-"
20.48.160.90 - - [25/Aug/2026:00:31:15 +0530] "GET /wp-load.php HTTP/1.1" 404 5749 "-" "-"
20.48.160.90 - - [25/Aug/2026:00:31:15 +0530] "GET /155.php HTTP/1.1" 404 5749 "-" "-"
20.48.160.90 - - [25/Aug/2026:00:31:15 +0530] "GET /aaa.php?p= HTTP/1.1" 404 5749 "-" "-"
20.48.160.90 - - [25/Aug/2026:00:31:15 +0530] "GET /FWAZ.php HTTP/1.1" 404 5749 "-" "-"
20.48.160.90 - - [25/Aug/2026:00:31:16 +0530] "GET /ccc.php?p= HTTP/1.1" 404 5749 "-" "-"
20.48.160.90 - - [25/Aug/2026:00:31:16 +0530] "GET /admin.php?p= HTTP/1.1" 404 5749 "-" "-"
20.48.160.90 - - [25/Aug/2026:00:31:16 +0530] "GET /reviall.php HTTP/1.1" 404 5749 "-" "-"
20.48.160.90 - - [25/Aug/2026:00:31:16 +0530] "GET /hp2.php HTTP/1.1" 404 5749 "-" "-"
20.48.160.90 - - [25/Aug/2026:00:31:16 +0530] "GET /doc.php HTTP/1.1" 404 5749 "-" "-"
20.48.160.90 - - [25/Aug/2026:00:31:17 +0530] "GET /too.php HTTP/1.1" 404 5749 "-" "-"
20.48.160.90 - - [25/Aug/2026:00:31:17 +0530] "GET /kir.php HTTP/1.1" 404 5749 "-" "-"
20.48.160.90 - - [25/Aug/2026:00:31:17 +0530] "GET /wp-includes/Requests/ HTTP/1.1" 404 5749 "-" "-"
20.48.160.90 - - [25/Aug/2026:00:31:17 +0530] "GET /wp-admin/css/colors/modern/ HTTP/1.1" 404 5749 "-" "-"
20.48.160.90 - - [25/Aug/2026:00:31:17 +0530] "GET /wp-includes/assets/ HTTP/1.1" 404 5749 "-" "-"
20.48.160.90 - - [25/Aug/2026:00:31:18 +0530] "GET /wp-admin/css/colors/sunrise/ HTTP/1.1" 404 5749 "-" "-"
20.48.160.90 - - [25/Aug/2026:00:31:18 +0530] "GET /wp-includes/l10n/ HTTP/1.1" 404 5749 "-" "-"
20.48.160.90 - - [25/Aug/2026:00:31:18 +0530] "GET /wp-content/uploads/ HTTP/1.1" 404 5749 "-" "-"
20.48.160.90 - - [25/Aug/2026:00:31:18 +0530] "GET /cgi-bin/index.php HTTP/1.1" 404 5749 "-" "-"
20.48.160.90 - - [25/Aug/2026:00:31:19 +0530] "GET /wp-includes/css/dist/ HTTP/1.1" 404 5749 "-" "-"
20.48.160.90 - - [25/Aug/2026:00:31:19 +0530] "GET /wp-includes/js/jquery/ HTTP/1.1" 404 5749 "-" "-"
20.48.160.90 - - [25/Aug/2026:00:31:19 +0530] "GET /wp-content/admin.php HTTP/1.1" 404 5749 "-" "-"
20.48.160.90 - - [25/Aug/2026:00:31:19 +0530] "GET /wp-content/themes/index.php HTTP/1.1" 404 5749 "-" "-"
20.48.160.90 - - [25/Aug/2026:00:31:19 +0530] "GET /wp-includes/blocks/details/ HTTP/1.1" 404 5749 "-" "-"
20.48.160.90 - - [25/Aug/2026:00:31:20 +0530] "GET /.well-known/about.php HTTP/1.1" 404 5749 "-" "-"
20.48.160.90 - - [25/Aug/2026:00:31:20 +0530] "GET /wp-includes/ID3/about.php HTTP/1.1" 404 5749 "-" "-"
20.48.160.90 - - [25/Aug/2026:00:31:20 +0530] "GET /wp-includes/Text/ HTTP/1.1" 404 5749 "-" "-"
20.48.160.90 - - [25/Aug/2026:00:31:20 +0530] "GET /ts.php HTTP/1.1" 404 5749 "-" "-"
20.48.160.90 - - [25/Aug/2026:00:31:20 +0530] "GET /bak.php HTTP/1.1" 404 5749 "-" "-"
20.48.160.90 - - [25/Aug/2026:00:31:21 +0530] "GET /olik.php HTTP/1.1" 404 5749 "-" "-"
20.48.160.90 - - [25/Aug/2026:00:31:21 +0530] "GET /about.php HTTP/1.1" 404 5749 "-" "-"
20.48.160.90 - - [25/Aug/2026:00:31:21 +0530] "GET /19.php HTTP/1.1" 404 5749 "-" "-"
20.48.160.90 - - [25/Aug/2026:00:31:21 +0530] "GET /3cf97/index.php HTTP/1.1" 404 5749 "-" "-"
20.48.160.90 - - [25/Aug/2026:00:31:22 +0530] "GET /12.php HTTP/1.1" 404 5749 "-" "-"
20.48.160.90 - - [25/Aug/2026:00:31:22 +0530] "GET /term.php HTTP/1.1" 404 5749 "-" "-"
192.178.7.39 - - [25/Aug/2026:00:31:41 +0530] "GET /item/29799774123705.html HTTP/1.1" 404 - "-" "Mozilla/5.0 (Linux; Android 6.0.1; Nexus 5X Build/MMB29P) AppleWebKit/537.36 (KHTML, like Gecko) Chrome/151.0.7922.137 Mobile Safari/537.36 (compatible; Googlebot/2.1; +http://www.google.com/bot.html)"
57.141.0.52 - - [25/Aug/2026:00:31:51 +0530] "GET / HTTP/1.1" 200 841 "-" "facebookexternalhit/1.1 (+http://www.facebook.com/externalhit_uatext.php)"
192.178.7.38 - - [25/Aug/2026:00:32:57 +0530] "GET /item/17970307021980.html HTTP/1.1" 404 - "-" "Mozilla/5.0 (Linux; Android 6.0.1; Nexus 5X Build/MMB29P) AppleWebKit/537.36 (KHTML, like Gecko) Chrome/151.0.7922.137 Mobile Safari/537.36 (compatible; Googlebot/2.1; +http://www.google.com/bot.html)"
192.178.7.39 - - [25/Aug/2026:00:33:02 +0530] "GET /shop/pg/94285051-4 HTTP/1.1" 404 - "-" "Mozilla/5.0 (Linux; Android 6.0.1; Nexus 5X Build/MMB29P) AppleWebKit/537.36 (KHTML, like Gecko) Chrome/151.0.7922.137 Mobile Safari/537.36 (compatible; Googlebot/2.1; +http://www.google.com/bot.html)"
57.141.18.72 - - [25/Aug/2026:00:33:40 +0530] "GET / HTTP/1.1" 200 841 "-" "facebookexternalhit/1.1 (+http://www.facebook.com/externalhit_uatext.php)"
57.141.14.59 - - [25/Aug/2026:00:34:47 +0530] "GET / HTTP/1.1" 200 841 "-" "facebookexternalhit/1.1 (+http://www.facebook.com/externalhit_uatext.php)"
192.178.7.39 - - [25/Aug/2026:00:39:34 +0530] "GET /?item/45612154586706.html HTTP/1.1" 200 841 "-" "Mozilla/5.0 (Linux; Android 6.0.1; Nexus 5X Build/MMB29P) AppleWebKit/537.36 (KHTML, like Gecko) Chrome/151.0.7922.137 Mobile Safari/537.36 (compatible; Googlebot/2.1; +http://www.google.com/bot.html)"
192.178.7.38 - - [25/Aug/2026:00:39:42 +0530] "GET /?item/46927784725655.html HTTP/1.1" 200 841 "-" "Mozilla/5.0 (Linux; Android 6.0.1; Nexus 5X Build/MMB29P) AppleWebKit/537.36 (KHTML, like Gecko) Chrome/151.0.7922.137 Mobile Safari/537.36 (compatible; Googlebot/2.1; +http://www.google.com/bot.html)"
151.80.133.55 - - [25/Aug/2026:00:40:19 +0530] "GET /wp-content/plugins/elementor/modules/nested-elements/ HTTP/1.1" 200 1116 "-" "Mozilla/5.0 (Windows NT 10.0; Win64; x64) AppleWebKit/537.36 (KHTML, like Gecko) Chrome/148.0.0.0 Safari/537.36"
151.80.133.238 - - [25/Aug/2026:00:40:19 +0530] "GET /wp-content/plugins/elementor/core/settings/ HTTP/1.1" 200 1452 "-" "Mozilla/5.0 (Windows NT 10.0; Win64; x64) AppleWebKit/537.36 (KHTML, like Gecko) Chrome/148.0.0.0 Safari/537.36"
51.77.211.229 - - [25/Aug/2026:00:40:23 +0530] "GET /wp-content/plugins/elementor/includes/?C=N%3BO%3DD HTTP/1.1" 200 1621 "-" "Mozilla/5.0 (Windows NT 10.0; Win64; x64) AppleWebKit/537.36 (KHTML, like Gecko) Chrome/148.0.0.0 Safari/537.36"
192.178.7.38 - - [25/Aug/2026:00:40:31 +0530] "GET /?item/26131616953839.html HTTP/1.1" 200 841 "-" "Mozilla/5.0 (Linux; Android 6.0.1; Nexus 5X Build/MMB29P) AppleWebKit/537.36 (KHTML, like Gecko) Chrome/151.0.7922.137 Mobile Safari/537.36 (compatible; Googlebot/2.1; +http://www.google.com/bot.html)"
192.178.7.37 - - [25/Aug/2026:00:41:07 +0530] "GET /?item/26253057213735.html HTTP/1.1" 200 841 "-" "Mozilla/5.0 (Linux; Android 6.0.1; Nexus 5X Build/MMB29P) AppleWebKit/537.36 (KHTML, like Gecko) Chrome/151.0.7922.137 Mobile Safari/537.36 (compatible; Googlebot/2.1; +http://www.google.com/bot.html)"
40.77.167.50 - - [25/Aug/2026:00:41:08 +0530] "GET /?x=5753526151 HTTP/1.1" 200 841 "-" "Mozilla/5.0 AppleWebKit/537.36 (KHTML, like Gecko; compatible; bingbot/2.0; +http://www.bing.com/bingbot.htm) Chrome/116.0.1938.76 Safari/537.36"
192.178.7.38 - - [25/Aug/2026:00:41:22 +0530] "GET /?item/14795005982538.html HTTP/1.1" 200 841 "-" "Mozilla/5.0 (Linux; Android 6.0.1; Nexus 5X Build/MMB29P) AppleWebKit/537.36 (KHTML, like Gecko) Chrome/151.0.7922.137 Mobile Safari/537.36 (compatible; Googlebot/2.1; +http://www.google.com/bot.html)"
192.178.7.37 - - [25/Aug/2026:00:41:27 +0530] "GET /?item/46267866401548.html HTTP/1.1" 200 841 "-" "Mozilla/5.0 (Linux; Android 6.0.1; Nexus 5X Build/MMB29P) AppleWebKit/537.36 (KHTML, like Gecko) Chrome/151.0.7922.137 Mobile Safari/537.36 (compatible; Googlebot/2.1; +http://www.google.com/bot.html)"
192.178.7.37 - - [25/Aug/2026:00:41:32 +0530] "GET /?item/42511956561650.html HTTP/1.1" 200 841 "-" "Mozilla/5.0 (Linux; Android 6.0.1; Nexus 5X Build/MMB29P) AppleWebKit/537.36 (KHTML, like Gecko) Chrome/151.0.7922.137 Mobile Safari/537.36 (compatible; Googlebot/2.1; +http://www.google.com/bot.html)"
192.178.7.37 - - [25/Aug/2026:00:41:38 +0530] "GET /shop/pg/19070371-2 HTTP/1.1" 404 - "-" "Mozilla/5.0 (Linux; Android 6.0.1; Nexus 5X Build/MMB29P) AppleWebKit/537.36 (KHTML, like Gecko) Chrome/151.0.7922.137 Mobile Safari/537.36 (compatible; Googlebot/2.1; +http://www.google.com/bot.html)"
192.178.7.37 - - [25/Aug/2026:00:41:39 +0530] "GET /?item/10858577172980.html HTTP/1.1" 200 841 "-" "Mozilla/5.0 (Linux; Android 6.0.1; Nexus 5X Build/MMB29P) AppleWebKit/537.36 (KHTML, like Gecko) Chrome/151.0.7922.137 Mobile Safari/537.36 (compatible; Googlebot/2.1; +http://www.google.com/bot.html)"
192.178.7.37 - - [25/Aug/2026:00:41:49 +0530] "GET /?item/33838987393863.html HTTP/1.1" 200 841 "-" "Mozilla/5.0 (Linux; Android 6.0.1; Nexus 5X Build/MMB29P) AppleWebKit/537.36 (KHTML, like Gecko) Chrome/151.0.7922.137 Mobile Safari/537.36 (compatible; Googlebot/2.1; +http://www.google.com/bot.html)"
192.178.7.38 - - [25/Aug/2026:00:42:17 +0530] "GET /?item/26933067345819.html HTTP/1.1" 200 841 "-" "Mozilla/5.0 (Linux; Android 6.0.1; Nexus 5X Build/MMB29P) AppleWebKit/537.36 (KHTML, like Gecko) Chrome/151.0.7922.137 Mobile Safari/537.36 (compatible; Googlebot/2.1; +http://www.google.com/bot.html)"
192.178.7.38 - - [25/Aug/2026:00:42:41 +0530] "GET /?item/11954617185696.html HTTP/1.1" 200 841 "-" "Mozilla/5.0 (Linux; Android 6.0.1; Nexus 5X Build/MMB29P) AppleWebKit/537.36 (KHTML, like Gecko) Chrome/151.0.7922.137 Mobile Safari/537.36 (compatible; Googlebot/2.1; +http://www.google.com/bot.html)"
192.178.7.37 - - [25/Aug/2026:00:42:47 +0530] "GET /?item/41968567683793.html HTTP/1.1" 200 841 "-" "Mozilla/5.0 (Linux; Android 6.0.1; Nexus 5X Build/MMB29P) AppleWebKit/537.36 (KHTML, like Gecko) Chrome/151.0.7922.137 Mobile Safari/537.36 (compatible; Googlebot/2.1; +http://www.google.com/bot.html)"
192.178.7.37 - - [25/Aug/2026:00:42:47 +0530] "GET /?item/42417214470679.html HTTP/1.1" 200 841 "-" "Mozilla/5.0 (Linux; Android 6.0.1; Nexus 5X Build/MMB29P) AppleWebKit/537.36 (KHTML, like Gecko) Chrome/151.0.7922.137 Mobile Safari/537.36 (compatible; Googlebot/2.1; +http://www.google.com/bot.html)"
192.178.7.39 - - [25/Aug/2026:00:43:12 +0530] "GET /?item/21966856169987.html HTTP/1.1" 200 841 "-" "Mozilla/5.0 (Linux; Android 6.0.1; Nexus 5X Build/MMB29P) AppleWebKit/537.36 (KHTML, like Gecko) Chrome/151.0.7922.137 Mobile Safari/537.36 (compatible; Googlebot/2.1; +http://www.google.com/bot.html)"
192.178.7.38 - - [25/Aug/2026:00:43:22 +0530] "GET /?item/35259027171512.html HTTP/1.1" 200 841 "-" "Mozilla/5.0 (Linux; Android 6.0.1; Nexus 5X Build/MMB29P) AppleWebKit/537.36 (KHTML, like Gecko) Chrome/151.0.7922.137 Mobile Safari/537.36 (compatible; Googlebot/2.1; +http://www.google.com/bot.html)"
192.178.7.37 - - [25/Aug/2026:00:43:30 +0530] "GET /?item/28101036172200.html HTTP/1.1" 200 841 "-" "Mozilla/5.0 (Linux; Android 6.0.1; Nexus 5X Build/MMB29P) AppleWebKit/537.36 (KHTML, like Gecko) Chrome/151.0.7922.137 Mobile Safari/537.36 (compatible; Googlebot/2.1; +http://www.google.com/bot.html)"
192.178.7.37 - - [25/Aug/2026:00:43:46 +0530] "GET /?item/24539606827303.html HTTP/1.1" 200 841 "-" "Mozilla/5.0 (Linux; Android 6.0.1; Nexus 5X Build/MMB29P) AppleWebKit/537.36 (KHTML, like Gecko) Chrome/151.0.7922.137 Mobile Safari/537.36 (compatible; Googlebot/2.1; +http://www.google.com/bot.html)"
192.178.7.37 - - [25/Aug/2026:00:44:12 +0530] "GET /?item/36239956559372.html HTTP/1.1" 200 841 "-" "Mozilla/5.0 (Linux; Android 6.0.1; Nexus 5X Build/MMB29P) AppleWebKit/537.36 (KHTML, like Gecko) Chrome/151.0.7922.137 Mobile Safari/537.36 (compatible; Googlebot/2.1; +http://www.google.com/bot.html)"
192.178.7.39 - - [25/Aug/2026:00:44:13 +0530] "GET /?item/21938595473476.html HTTP/1.1" 200 841 "-" "Mozilla/5.0 (Linux; Android 6.0.1; Nexus 5X Build/MMB29P) AppleWebKit/537.36 (KHTML, like Gecko) Chrome/151.0.7922.137 Mobile Safari/537.36 (compatible; Googlebot/2.1; +http://www.google.com/bot.html)"
192.178.7.38 - - [25/Aug/2026:00:44:43 +0530] "GET /?item/23818796718532.html HTTP/1.1" 200 841 "-" "Mozilla/5.0 (Linux; Android 6.0.1; Nexus 5X Build/MMB29P) AppleWebKit/537.36 (KHTML, like Gecko) Chrome/151.0.7922.137 Mobile Safari/537.36 (compatible; Googlebot/2.1; +http://www.google.com/bot.html)"
192.178.7.37 - - [25/Aug/2026:00:44:44 +0530] "GET /?item/22720457754228.html HTTP/1.1" 200 841 "-" "Mozilla/5.0 (Linux; Android 6.0.1; Nexus 5X Build/MMB29P) AppleWebKit/537.36 (KHTML, like Gecko) Chrome/151.0.7922.137 Mobile Safari/537.36 (compatible; Googlebot/2.1; +http://www.google.com/bot.html)"
192.178.7.39 - - [25/Aug/2026:00:45:05 +0530] "GET /?item/26902524776645.html HTTP/1.1" 200 841 "-" "Mozilla/5.0 (Linux; Android 6.0.1; Nexus 5X Build/MMB29P) AppleWebKit/537.36 (KHTML, like Gecko) Chrome/151.0.7922.137 Mobile Safari/537.36 (compatible; Googlebot/2.1; +http://www.google.com/bot.html)"
192.178.7.38 - - [25/Aug/2026:00:45:24 +0530] "GET /?item/42748216571537.html HTTP/1.1" 200 841 "-" "Mozilla/5.0 (Linux; Android 6.0.1; Nexus 5X Build/MMB29P) AppleWebKit/537.36 (KHTML, like Gecko) Chrome/151.0.7922.137 Mobile Safari/537.36 (compatible; Googlebot/2.1; +http://www.google.com/bot.html)"
192.178.7.37 - - [25/Aug/2026:00:45:49 +0530] "GET /?item/48518744238686.html HTTP/1.1" 200 841 "-" "Mozilla/5.0 (Linux; Android 6.0.1; Nexus 5X Build/MMB29P) AppleWebKit/537.36 (KHTML, like Gecko) Chrome/151.0.7922.137 Mobile Safari/537.36 (compatible; Googlebot/2.1; +http://www.google.com/bot.html)"
192.178.7.37 - - [25/Aug/2026:00:45:53 +0530] "GET /?item/44398925309305.html HTTP/1.1" 200 841 "-" "Mozilla/5.0 (Linux; Android 6.0.1; Nexus 5X Build/MMB29P) AppleWebKit/537.36 (KHTML, like Gecko) Chrome/151.0.7922.137 Mobile Safari/537.36 (compatible; Googlebot/2.1; +http://www.google.com/bot.html)"
192.178.7.39 - - [25/Aug/2026:00:46:01 +0530] "GET /?item/35935546326677.html HTTP/1.1" 200 841 "-" "Mozilla/5.0 (Linux; Android 6.0.1; Nexus 5X Build/MMB29P) AppleWebKit/537.36 (KHTML, like Gecko) Chrome/151.0.7922.137 Mobile Safari/537.36 (compatible; Googlebot/2.1; +http://www.google.com/bot.html)"
192.178.7.37 - - [25/Aug/2026:00:46:06 +0530] "GET /?item/33394187650190.html HTTP/1.1" 200 841 "-" "Mozilla/5.0 (Linux; Android 6.0.1; Nexus 5X Build/MMB29P) AppleWebKit/537.36 (KHTML, like Gecko) Chrome/151.0.7922.137 Mobile Safari/537.36 (compatible; Googlebot/2.1; +http://www.google.com/bot.html)"
192.178.7.37 - - [25/Aug/2026:00:46:11 +0530] "GET /?item/28866644873570.html HTTP/1.1" 200 841 "-" "Mozilla/5.0 (Linux; Android 6.0.1; Nexus 5X Build/MMB29P) AppleWebKit/537.36 (KHTML, like Gecko) Chrome/151.0.7922.137 Mobile Safari/537.36 (compatible; Googlebot/2.1; +http://www.google.com/bot.html)"
192.178.7.37 - - [25/Aug/2026:00:46:22 +0530] "GET /?item/42813028038818.html HTTP/1.1" 200 841 "-" "Mozilla/5.0 (Linux; Android 6.0.1; Nexus 5X Build/MMB29P) AppleWebKit/537.36 (KHTML, like Gecko) Chrome/151.0.7922.137 Mobile Safari/537.36 (compatible; Googlebot/2.1; +http://www.google.com/bot.html)"
192.178.7.37 - - [25/Aug/2026:00:46:32 +0530] "GET /?item/12293026757848.html HTTP/1.1" 200 841 "-" "Mozilla/5.0 (Linux; Android 6.0.1; Nexus 5X Build/MMB29P) AppleWebKit/537.36 (KHTML, like Gecko) Chrome/151.0.7922.137 Mobile Safari/537.36 (compatible; Googlebot/2.1; +http://www.google.com/bot.html)"
192.178.7.37 - - [25/Aug/2026:00:46:37 +0530] "GET /?item/11068317214824.html HTTP/1.1" 200 841 "-" "Mozilla/5.0 (Linux; Android 6.0.1; Nexus 5X Build/MMB29P) AppleWebKit/537.36 (KHTML, like Gecko) Chrome/151.0.7922.137 Mobile Safari/537.36 (compatible; Googlebot/2.1; +http://www.google.com/bot.html)"
192.178.7.37 - - [25/Aug/2026:00:46:42 +0530] "GET /?item/32154887347283.html HTTP/1.1" 200 841 "-" "Mozilla/5.0 (Linux; Android 6.0.1; Nexus 5X Build/MMB29P) AppleWebKit/537.36 (KHTML, like Gecko) Chrome/151.0.7922.137 Mobile Safari/537.36 (compatible; Googlebot/2.1; +http://www.google.com/bot.html)"
192.178.7.37 - - [25/Aug/2026:00:46:55 +0530] "GET /?item/30698075508326.html HTTP/1.1" 200 841 "-" "Mozilla/5.0 (Linux; Android 6.0.1; Nexus 5X Build/MMB29P) AppleWebKit/537.36 (KHTML, like Gecko) Chrome/151.0.7922.137 Mobile Safari/537.36 (compatible; Googlebot/2.1; +http://www.google.com/bot.html)"
192.178.7.37 - - [25/Aug/2026:00:46:55 +0530] "GET /?item/16491564246971.html HTTP/1.1" 200 841 "-" "Mozilla/5.0 (Linux; Android 6.0.1; Nexus 5X Build/MMB29P) AppleWebKit/537.36 (KHTML, like Gecko) Chrome/151.0.7922.137 Mobile Safari/537.36 (compatible; Googlebot/2.1; +http://www.google.com/bot.html)"
192.178.7.39 - - [25/Aug/2026:00:47:21 +0530] "GET /?item/49340847233080.html HTTP/1.1" 200 841 "-" "Mozilla/5.0 (Linux; Android 6.0.1; Nexus 5X Build/MMB29P) AppleWebKit/537.36 (KHTML, like Gecko) Chrome/151.0.7922.137 Mobile Safari/537.36 (compatible; Googlebot/2.1; +http://www.google.com/bot.html)"
192.178.7.37 - - [25/Aug/2026:00:47:26 +0530] "GET /?item/12480074188998.html HTTP/1.1" 200 841 "-" "Mozilla/5.0 (Linux; Android 6.0.1; Nexus 5X Build/MMB29P) AppleWebKit/537.36 (KHTML, like Gecko) Chrome/151.0.7922.137 Mobile Safari/537.36 (compatible; Googlebot/2.1; +http://www.google.com/bot.html)"
195.178.110.211 - - [25/Aug/2026:00:47:28 +0530] "GET /wp-json/gravitysmtp/v1/tests/mock-data?page=gravitysmtp-settings HTTP/1.1" 404 3417 "http://cpanel.sge.lk/wp-json/gravitysmtp/v1/tests/mock-data?page=gravitysmtp-settings" "Mozilla/5.0 (compatible; SecurityResearch/1.0; )"
192.178.7.37 - - [25/Aug/2026:00:47:53 +0530] "GET /?item/45507935643392.html HTTP/1.1" 200 841 "-" "Mozilla/5.0 (Linux; Android 6.0.1; Nexus 5X Build/MMB29P) AppleWebKit/537.36 (KHTML, like Gecko) Chrome/151.0.7922.137 Mobile Safari/537.36 (compatible; Googlebot/2.1; +http://www.google.com/bot.html)"
192.178.7.39 - - [25/Aug/2026:00:48:03 +0530] "GET /?item/25813696538230.html HTTP/1.1" 200 841 "-" "Mozilla/5.0 (Linux; Android 6.0.1; Nexus 5X Build/MMB29P) AppleWebKit/537.36 (KHTML, like Gecko) Chrome/151.0.7922.137 Mobile Safari/537.36 (compatible; Googlebot/2.1; +http://www.google.com/bot.html)"
192.178.7.38 - - [25/Aug/2026:00:48:18 +0530] "GET /?item/23715426611692.html HTTP/1.1" 200 841 "-" "Mozilla/5.0 (Linux; Android 6.0.1; Nexus 5X Build/MMB29P) AppleWebKit/537.36 (KHTML, like Gecko) Chrome/151.0.7922.137 Mobile Safari/537.36 (compatible; Googlebot/2.1; +http://www.google.com/bot.html)"
192.178.7.37 - - [25/Aug/2026:00:48:18 +0530] "GET /?item/43443254723740.html HTTP/1.1" 200 841 "-" "Mozilla/5.0 (Linux; Android 6.0.1; Nexus 5X Build/MMB29P) AppleWebKit/537.36 (KHTML, like Gecko) Chrome/151.0.7922.137 Mobile Safari/537.36 (compatible; Googlebot/2.1; +http://www.google.com/bot.html)"
192.178.7.37 - - [25/Aug/2026:00:48:19 +0530] "GET /?item/43709135963453.html HTTP/1.1" 200 841 "-" "Mozilla/5.0 (Linux; Android 6.0.1; Nexus 5X Build/MMB29P) AppleWebKit/537.36 (KHTML, like Gecko) Chrome/151.0.7922.137 Mobile Safari/537.36 (compatible; Googlebot/2.1; +http://www.google.com/bot.html)"
192.178.7.37 - - [25/Aug/2026:00:48:56 +0530] "GET /?item/41797365692273.html HTTP/1.1" 200 841 "-" "Mozilla/5.0 (Linux; Android 6.0.1; Nexus 5X Build/MMB29P) AppleWebKit/537.36 (KHTML, like Gecko) Chrome/151.0.7922.137 Mobile Safari/537.36 (compatible; Googlebot/2.1; +http://www.google.com/bot.html)"
192.178.7.39 - - [25/Aug/2026:00:49:12 +0530] "GET /?item/22239397932983.html HTTP/1.1" 200 841 "-" "Mozilla/5.0 (Linux; Android 6.0.1; Nexus 5X Build/MMB29P) AppleWebKit/537.36 (KHTML, like Gecko) Chrome/151.0.7922.137 Mobile Safari/537.36 (compatible; Googlebot/2.1; +http://www.google.com/bot.html)"
192.178.7.38 - - [25/Aug/2026:00:49:23 +0530] "GET /?item/41471294352872.html HTTP/1.1" 200 841 "-" "Mozilla/5.0 (Linux; Android 6.0.1; Nexus 5X Build/MMB29P) AppleWebKit/537.36 (KHTML, like Gecko) Chrome/151.0.7922.137 Mobile Safari/537.36 (compatible; Googlebot/2.1; +http://www.google.com/bot.html)"
192.178.7.37 - - [25/Aug/2026:00:49:35 +0530] "GET /?item/41773934404933.html HTTP/1.1" 200 841 "-" "Mozilla/5.0 (Linux; Android 6.0.1; Nexus 5X Build/MMB29P) AppleWebKit/537.36 (KHTML, like Gecko) Chrome/151.0.7922.137 Mobile Safari/537.36 (compatible; Googlebot/2.1; +http://www.google.com/bot.html)"
192.178.7.37 - - [25/Aug/2026:00:49:35 +0530] "GET /item/29437624686297.html HTTP/1.1" 404 - "-" "Mozilla/5.0 (Linux; Android 6.0.1; Nexus 5X Build/MMB29P) AppleWebKit/537.36 (KHTML, like Gecko) Chrome/151.0.7922.137 Mobile Safari/537.36 (compatible; Googlebot/2.1; +http://www.google.com/bot.html)"
