185.231.100.76 - - [24/Aug/2026:23:12:14 +0530] "GET /wp-content/updraft/plugins-old/updraftplus/vendor/guzzle/guzzle/src/Guzzle/Plugin/Backoff/ExponentialBackoffStrategy.php HTTP/1.1" 500 - "-" "Mozilla/5.0 (compatible; MJ12bot/v1.4.8; http://mj12bot.com/)"
192.178.7.37 - - [24/Aug/2026:23:12:16 +0530] "GET /?item/11254774793689.html HTTP/1.1" 200 841 "-" "Mozilla/5.0 (Linux; Android 6.0.1; Nexus 5X Build/MMB29P) AppleWebKit/537.36 (KHTML, like Gecko) Chrome/151.0.7922.137 Mobile Safari/537.36 (compatible; Googlebot/2.1; +http://www.google.com/bot.html)"
185.231.100.76 - - [24/Aug/2026:23:12:19 +0530] "GET /wp-content/updraft/plugins-old/updraftplus/vendor/guzzle/guzzle/src/Guzzle/Plugin/Backoff/HttpBackoffStrategy.php HTTP/1.1" 500 - "-" "Mozilla/5.0 (compatible; MJ12bot/v1.4.8; http://mj12bot.com/)"
192.178.7.37 - - [24/Aug/2026:23:12:20 +0530] "GET /?item/29963835060625.html HTTP/1.1" 200 841 "-" "Mozilla/5.0 (Linux; Android 6.0.1; Nexus 5X Build/MMB29P) AppleWebKit/537.36 (KHTML, like Gecko) Chrome/151.0.7922.137 Mobile Safari/537.36 (compatible; Googlebot/2.1; +http://www.google.com/bot.html)"
192.178.7.37 - - [24/Aug/2026:23:12:20 +0530] "GET /?item/49619334730091.html HTTP/1.1" 200 841 "-" "Mozilla/5.0 (Linux; Android 6.0.1; Nexus 5X Build/MMB29P) AppleWebKit/537.36 (KHTML, like Gecko) Chrome/151.0.7922.137 Mobile Safari/537.36 (compatible; Googlebot/2.1; +http://www.google.com/bot.html)"
185.231.100.76 - - [24/Aug/2026:23:12:25 +0530] "GET /wp-content/updraft/plugins-old/updraftplus/vendor/guzzle/guzzle/src/Guzzle/Plugin/Backoff/LinearBackoffStrategy.php HTTP/1.1" 500 - "-" "Mozilla/5.0 (compatible; MJ12bot/v1.4.8; http://mj12bot.com/)"
185.231.100.76 - - [24/Aug/2026:23:12:32 +0530] "GET /wp-content/updraft/plugins-old/updraftplus/vendor/guzzle/guzzle/src/Guzzle/Plugin/Backoff/ReasonPhraseBackoffStrategy.php HTTP/1.1" 500 - "-" "Mozilla/5.0 (compatible; MJ12bot/v1.4.8; http://mj12bot.com/)"
185.231.100.76 - - [24/Aug/2026:23:12:35 +0530] "GET /wp-content/updraft/plugins-old/updraftplus/vendor/guzzle/guzzle/src/Guzzle/Plugin/Backoff/TruncatedBackoffStrategy.php HTTP/1.1" 500 - "-" "Mozilla/5.0 (compatible; MJ12bot/v1.4.8; http://mj12bot.com/)"
185.231.100.76 - - [24/Aug/2026:23:12:39 +0530] "GET /wp-content/updraft/plugins-old/updraftplus/vendor/guzzle/guzzle/src/Guzzle/Plugin/Backoff/composer.json HTTP/1.1" 200 713 "-" "Mozilla/5.0 (compatible; MJ12bot/v1.4.8; http://mj12bot.com/)"
185.231.100.76 - - [24/Aug/2026:23:12:45 +0530] "GET /wp-content/updraft/plugins-old/updraftplus/vendor/guzzle/guzzle/src/Guzzle/Plugin/Cache/?C=D;O=A HTTP/1.1" 200 3390 "-" "Mozilla/5.0 (compatible; MJ12bot/v1.4.8; http://mj12bot.com/)"
185.231.100.76 - - [24/Aug/2026:23:12:49 +0530] "GET /wp-content/updraft/plugins-old/updraftplus/vendor/guzzle/guzzle/src/Guzzle/Plugin/Cache/?C=M;O=A HTTP/1.1" 200 3390 "-" "Mozilla/5.0 (compatible; MJ12bot/v1.4.8; http://mj12bot.com/)"
192.178.7.37 - - [24/Aug/2026:23:12:51 +0530] "GET /item/39098365659037.html HTTP/1.1" 404 - "-" "Mozilla/5.0 (Linux; Android 6.0.1; Nexus 5X Build/MMB29P) AppleWebKit/537.36 (KHTML, like Gecko) Chrome/151.0.7922.137 Mobile Safari/537.36 (compatible; Googlebot/2.1; +http://www.google.com/bot.html)"
185.231.100.76 - - [24/Aug/2026:23:12:53 +0530] "GET /wp-content/updraft/plugins-old/updraftplus/vendor/guzzle/guzzle/src/Guzzle/Plugin/Cache/?C=N;O=D HTTP/1.1" 200 3390 "-" "Mozilla/5.0 (compatible; MJ12bot/v1.4.8; http://mj12bot.com/)"
185.231.100.76 - - [24/Aug/2026:23:12:57 +0530] "GET /wp-content/updraft/plugins-old/updraftplus/vendor/guzzle/guzzle/src/Guzzle/Plugin/Cache/?C=S;O=A HTTP/1.1" 200 3390 "-" "Mozilla/5.0 (compatible; MJ12bot/v1.4.8; http://mj12bot.com/)"
185.231.100.76 - - [24/Aug/2026:23:13:02 +0530] "GET /wp-content/updraft/plugins-old/updraftplus/vendor/guzzle/guzzle/src/Guzzle/Plugin/Cache/CacheKeyProviderInterface.php HTTP/1.1" 500 - "-" "Mozilla/5.0 (compatible; MJ12bot/v1.4.8; http://mj12bot.com/)"
192.178.7.38 - - [24/Aug/2026:23:13:06 +0530] "GET /?item/36284817735979.html HTTP/1.1" 200 841 "-" "Mozilla/5.0 (Linux; Android 6.0.1; Nexus 5X Build/MMB29P) AppleWebKit/537.36 (KHTML, like Gecko) Chrome/151.0.7922.137 Mobile Safari/537.36 (compatible; Googlebot/2.1; +http://www.google.com/bot.html)"
185.231.100.76 - - [24/Aug/2026:23:13:07 +0530] "GET /wp-content/updraft/plugins-old/updraftplus/vendor/guzzle/guzzle/src/Guzzle/Plugin/Cache/CachePlugin.php HTTP/1.1" 500 - "-" "Mozilla/5.0 (compatible; MJ12bot/v1.4.8; http://mj12bot.com/)"
185.231.100.76 - - [24/Aug/2026:23:13:12 +0530] "GET /wp-content/updraft/plugins-old/updraftplus/vendor/guzzle/guzzle/src/Guzzle/Plugin/Cache/CacheStorageInterface.php HTTP/1.1" 200 - "-" "Mozilla/5.0 (compatible; MJ12bot/v1.4.8; http://mj12bot.com/)"
192.178.7.37 - - [24/Aug/2026:23:13:14 +0530] "GET /?item/12772497902266.html HTTP/1.1" 200 841 "-" "Mozilla/5.0 (Linux; Android 6.0.1; Nexus 5X Build/MMB29P) AppleWebKit/537.36 (KHTML, like Gecko) Chrome/151.0.7922.137 Mobile Safari/537.36 (compatible; Googlebot/2.1; +http://www.google.com/bot.html)"
185.231.100.76 - - [24/Aug/2026:23:13:15 +0530] "GET /wp-content/updraft/plugins-old/updraftplus/vendor/guzzle/guzzle/src/Guzzle/Plugin/Cache/CallbackCanCacheStrategy.php HTTP/1.1" 500 - "-" "Mozilla/5.0 (compatible; MJ12bot/v1.4.8; http://mj12bot.com/)"
185.231.100.76 - - [24/Aug/2026:23:13:19 +0530] "GET /wp-content/updraft/plugins-old/updraftplus/vendor/guzzle/guzzle/src/Guzzle/Plugin/Cache/CanCacheStrategyInterface.php HTTP/1.1" 200 - "-" "Mozilla/5.0 (compatible; MJ12bot/v1.4.8; http://mj12bot.com/)"
185.231.100.76 - - [24/Aug/2026:23:13:22 +0530] "GET /wp-content/updraft/plugins-old/updraftplus/vendor/guzzle/guzzle/src/Guzzle/Plugin/Cache/DefaultCacheKeyProvider.php HTTP/1.1" 500 - "-" "Mozilla/5.0 (compatible; MJ12bot/v1.4.8; http://mj12bot.com/)"
185.231.100.76 - - [24/Aug/2026:23:13:27 +0530] "GET /wp-content/updraft/plugins-old/updraftplus/vendor/guzzle/guzzle/src/Guzzle/Plugin/Cache/DefaultCacheStorage.php HTTP/1.1" 500 - "-" "Mozilla/5.0 (compatible; MJ12bot/v1.4.8; http://mj12bot.com/)"
185.231.100.76 - - [24/Aug/2026:23:13:32 +0530] "GET /wp-content/updraft/plugins-old/updraftplus/vendor/guzzle/guzzle/src/Guzzle/Plugin/Cache/DefaultCanCacheStrategy.php HTTP/1.1" 500 - "-" "Mozilla/5.0 (compatible; MJ12bot/v1.4.8; http://mj12bot.com/)"
185.231.100.76 - - [24/Aug/2026:23:13:36 +0530] "GET /wp-content/updraft/plugins-old/updraftplus/vendor/guzzle/guzzle/src/Guzzle/Plugin/Cache/DefaultRevalidation.php HTTP/1.1" 500 - "-" "Mozilla/5.0 (compatible; MJ12bot/v1.4.8; http://mj12bot.com/)"
185.231.100.76 - - [24/Aug/2026:23:13:40 +0530] "GET /wp-content/updraft/plugins-old/updraftplus/vendor/guzzle/guzzle/src/Guzzle/Plugin/Cache/DenyRevalidation.php HTTP/1.1" 500 - "-" "Mozilla/5.0 (compatible; MJ12bot/v1.4.8; http://mj12bot.com/)"
57.141.22.45 - - [24/Aug/2026:23:13:41 +0530] "GET / HTTP/1.1" 200 841 "-" "facebookexternalhit/1.1 (+http://www.facebook.com/externalhit_uatext.php)"
185.231.100.76 - - [24/Aug/2026:23:13:43 +0530] "GET /wp-content/updraft/plugins-old/updraftplus/vendor/guzzle/guzzle/src/Guzzle/Plugin/Cache/RevalidationInterface.php HTTP/1.1" 200 - "-" "Mozilla/5.0 (compatible; MJ12bot/v1.4.8; http://mj12bot.com/)"
185.231.100.76 - - [24/Aug/2026:23:13:46 +0530] "GET /wp-content/updraft/plugins-old/updraftplus/vendor/guzzle/guzzle/src/Guzzle/Plugin/Cache/SkipRevalidation.php HTTP/1.1" 500 - "-" "Mozilla/5.0 (compatible; MJ12bot/v1.4.8; http://mj12bot.com/)"
185.231.100.76 - - [24/Aug/2026:23:13:50 +0530] "GET /wp-content/updraft/plugins-old/updraftplus/vendor/guzzle/guzzle/src/Guzzle/Plugin/Cache/composer.json HTTP/1.1" 200 705 "-" "Mozilla/5.0 (compatible; MJ12bot/v1.4.8; http://mj12bot.com/)"
185.231.100.76 - - [24/Aug/2026:23:13:54 +0530] "GET /wp-content/updraft/plugins-old/updraftplus/vendor/guzzle/guzzle/src/Guzzle/Plugin/Cookie/?C=D;O=A HTTP/1.1" 200 1782 "-" "Mozilla/5.0 (compatible; MJ12bot/v1.4.8; http://mj12bot.com/)"
185.231.100.76 - - [24/Aug/2026:23:13:57 +0530] "GET /wp-content/updraft/plugins-old/updraftplus/vendor/guzzle/guzzle/src/Guzzle/Plugin/Cookie/?C=M;O=A HTTP/1.1" 200 1782 "-" "Mozilla/5.0 (compatible; MJ12bot/v1.4.8; http://mj12bot.com/)"
192.178.7.37 - - [24/Aug/2026:23:13:57 +0530] "GET /?item/36045517155831.html HTTP/1.1" 200 841 "-" "Mozilla/5.0 (Linux; Android 6.0.1; Nexus 5X Build/MMB29P) AppleWebKit/537.36 (KHTML, like Gecko) Chrome/151.0.7922.137 Mobile Safari/537.36 (compatible; Googlebot/2.1; +http://www.google.com/bot.html)"
185.231.100.76 - - [24/Aug/2026:23:14:01 +0530] "GET /wp-content/updraft/plugins-old/updraftplus/vendor/guzzle/guzzle/src/Guzzle/Plugin/Cookie/?C=N;O=D HTTP/1.1" 200 1782 "-" "Mozilla/5.0 (compatible; MJ12bot/v1.4.8; http://mj12bot.com/)"
192.178.7.37 - - [24/Aug/2026:23:14:01 +0530] "GET /?item/17807434816580.html HTTP/1.1" 200 841 "-" "Mozilla/5.0 (Linux; Android 6.0.1; Nexus 5X Build/MMB29P) AppleWebKit/537.36 (KHTML, like Gecko) Chrome/151.0.7922.137 Mobile Safari/537.36 (compatible; Googlebot/2.1; +http://www.google.com/bot.html)"
185.231.100.76 - - [24/Aug/2026:23:14:04 +0530] "GET /wp-content/updraft/plugins-old/updraftplus/vendor/guzzle/guzzle/src/Guzzle/Plugin/Cookie/?C=S;O=A HTTP/1.1" 200 1782 "-" "Mozilla/5.0 (compatible; MJ12bot/v1.4.8; http://mj12bot.com/)"
185.231.100.76 - - [24/Aug/2026:23:14:08 +0530] "GET /wp-content/updraft/plugins-old/updraftplus/vendor/guzzle/guzzle/src/Guzzle/Plugin/Cookie/Cookie.php HTTP/1.1" 500 - "-" "Mozilla/5.0 (compatible; MJ12bot/v1.4.8; http://mj12bot.com/)"
185.231.100.76 - - [24/Aug/2026:23:14:13 +0530] "GET /wp-content/updraft/plugins-old/updraftplus/vendor/guzzle/guzzle/src/Guzzle/Plugin/Cookie/CookiePlugin.php HTTP/1.1" 500 - "-" "Mozilla/5.0 (compatible; MJ12bot/v1.4.8; http://mj12bot.com/)"
185.231.100.76 - - [24/Aug/2026:23:14:16 +0530] "GET /wp-content/updraft/plugins-old/updraftplus/vendor/guzzle/guzzle/src/Guzzle/Plugin/Cookie/composer.json HTTP/1.1" 200 664 "-" "Mozilla/5.0 (compatible; MJ12bot/v1.4.8; http://mj12bot.com/)"
192.178.7.37 - - [24/Aug/2026:23:14:17 +0530] "GET /?item/46715327673933.html HTTP/1.1" 200 841 "-" "Mozilla/5.0 (Linux; Android 6.0.1; Nexus 5X Build/MMB29P) AppleWebKit/537.36 (KHTML, like Gecko) Chrome/151.0.7922.137 Mobile Safari/537.36 (compatible; Googlebot/2.1; +http://www.google.com/bot.html)"
185.231.100.76 - - [24/Aug/2026:23:14:19 +0530] "GET /wp-content/updraft/plugins-old/updraftplus/vendor/guzzle/guzzle/src/Guzzle/Plugin/CurlAuth/?C=D;O=A HTTP/1.1" 200 1254 "-" "Mozilla/5.0 (compatible; MJ12bot/v1.4.8; http://mj12bot.com/)"
185.231.100.76 - - [24/Aug/2026:23:14:23 +0530] "GET /wp-content/updraft/plugins-old/updraftplus/vendor/guzzle/guzzle/src/Guzzle/Plugin/CurlAuth/?C=M;O=A HTTP/1.1" 200 1254 "-" "Mozilla/5.0 (compatible; MJ12bot/v1.4.8; http://mj12bot.com/)"
185.231.100.76 - - [24/Aug/2026:23:14:26 +0530] "GET /wp-content/updraft/plugins-old/updraftplus/vendor/guzzle/guzzle/src/Guzzle/Plugin/CurlAuth/?C=N;O=D HTTP/1.1" 200 1254 "-" "Mozilla/5.0 (compatible; MJ12bot/v1.4.8; http://mj12bot.com/)"
192.178.7.37 - - [24/Aug/2026:23:14:27 +0530] "GET /?item/30480246184072.html HTTP/1.1" 200 841 "-" "Mozilla/5.0 (Linux; Android 6.0.1; Nexus 5X Build/MMB29P) AppleWebKit/537.36 (KHTML, like Gecko) Chrome/151.0.7922.137 Mobile Safari/537.36 (compatible; Googlebot/2.1; +http://www.google.com/bot.html)"
185.231.100.76 - - [24/Aug/2026:23:14:30 +0530] "GET /wp-content/updraft/plugins-old/updraftplus/vendor/guzzle/guzzle/src/Guzzle/Plugin/CurlAuth/?C=S;O=A HTTP/1.1" 200 1254 "-" "Mozilla/5.0 (compatible; MJ12bot/v1.4.8; http://mj12bot.com/)"
185.231.100.76 - - [24/Aug/2026:23:14:33 +0530] "GET /wp-content/updraft/plugins-old/updraftplus/vendor/guzzle/guzzle/src/Guzzle/Plugin/CurlAuth/CurlAuthPlugin.php HTTP/1.1" 500 - "-" "Mozilla/5.0 (compatible; MJ12bot/v1.4.8; http://mj12bot.com/)"
185.231.100.76 - - [24/Aug/2026:23:14:38 +0530] "GET /wp-content/updraft/plugins-old/updraftplus/vendor/guzzle/guzzle/src/Guzzle/Plugin/CurlAuth/composer.json HTTP/1.1" 200 690 "-" "Mozilla/5.0 (compatible; MJ12bot/v1.4.8; http://mj12bot.com/)"
185.231.100.76 - - [24/Aug/2026:23:14:41 +0530] "GET /wp-content/updraft/plugins-old/updraftplus/vendor/guzzle/guzzle/src/Guzzle/Plugin/ErrorResponse/?C=D;O=A HTTP/1.1" 200 1653 "-" "Mozilla/5.0 (compatible; MJ12bot/v1.4.8; http://mj12bot.com/)"
185.231.100.76 - - [24/Aug/2026:23:14:45 +0530] "GET /wp-content/updraft/plugins-old/updraftplus/vendor/guzzle/guzzle/src/Guzzle/Plugin/ErrorResponse/?C=M;O=A HTTP/1.1" 200 1653 "-" "Mozilla/5.0 (compatible; MJ12bot/v1.4.8; http://mj12bot.com/)"
185.231.100.76 - - [24/Aug/2026:23:14:48 +0530] "GET /wp-content/updraft/plugins-old/updraftplus/vendor/guzzle/guzzle/src/Guzzle/Plugin/ErrorResponse/?C=N;O=D HTTP/1.1" 200 1653 "-" "Mozilla/5.0 (compatible; MJ12bot/v1.4.8; http://mj12bot.com/)"
185.231.100.76 - - [24/Aug/2026:23:14:51 +0530] "GET /wp-content/updraft/plugins-old/updraftplus/vendor/guzzle/guzzle/src/Guzzle/Plugin/ErrorResponse/?C=S;O=A HTTP/1.1" 200 1653 "-" "Mozilla/5.0 (compatible; MJ12bot/v1.4.8; http://mj12bot.com/)"
185.231.100.76 - - [24/Aug/2026:23:14:56 +0530] "GET /wp-content/updraft/plugins-old/updraftplus/vendor/guzzle/guzzle/src/Guzzle/Plugin/ErrorResponse/ErrorResponseExceptionInterface.php HTTP/1.1" 200 - "-" "Mozilla/5.0 (compatible; MJ12bot/v1.4.8; http://mj12bot.com/)"
185.231.100.76 - - [24/Aug/2026:23:14:59 +0530] "GET /wp-content/updraft/plugins-old/updraftplus/vendor/guzzle/guzzle/src/Guzzle/Plugin/ErrorResponse/ErrorResponsePlugin.php HTTP/1.1" 500 - "-" "Mozilla/5.0 (compatible; MJ12bot/v1.4.8; http://mj12bot.com/)"
185.231.100.76 - - [24/Aug/2026:23:15:02 +0530] "GET /wp-content/updraft/plugins-old/updraftplus/vendor/guzzle/guzzle/src/Guzzle/Plugin/ErrorResponse/composer.json HTTP/1.1" 200 757 "-" "Mozilla/5.0 (compatible; MJ12bot/v1.4.8; http://mj12bot.com/)"
185.231.100.76 - - [24/Aug/2026:23:15:05 +0530] "GET /wp-content/updraft/plugins-old/updraftplus/vendor/guzzle/guzzle/src/Guzzle/Plugin/History/?C=D;O=A HTTP/1.1" 200 1251 "-" "Mozilla/5.0 (compatible; MJ12bot/v1.4.8; http://mj12bot.com/)"
185.231.100.76 - - [24/Aug/2026:23:15:10 +0530] "GET /wp-content/updraft/plugins-old/updraftplus/vendor/guzzle/guzzle/src/Guzzle/Plugin/History/?C=M;O=A HTTP/1.1" 200 1251 "-" "Mozilla/5.0 (compatible; MJ12bot/v1.4.8; http://mj12bot.com/)"
185.231.100.76 - - [24/Aug/2026:23:15:14 +0530] "GET /wp-content/updraft/plugins-old/updraftplus/vendor/guzzle/guzzle/src/Guzzle/Plugin/History/?C=N;O=D HTTP/1.1" 200 1251 "-" "Mozilla/5.0 (compatible; MJ12bot/v1.4.8; http://mj12bot.com/)"
185.231.100.76 - - [24/Aug/2026:23:15:18 +0530] "GET /wp-content/updraft/plugins-old/updraftplus/vendor/guzzle/guzzle/src/Guzzle/Plugin/History/?C=S;O=A HTTP/1.1" 200 1251 "-" "Mozilla/5.0 (compatible; MJ12bot/v1.4.8; http://mj12bot.com/)"
185.231.100.76 - - [24/Aug/2026:23:15:21 +0530] "GET /wp-content/updraft/plugins-old/updraftplus/vendor/guzzle/guzzle/src/Guzzle/Plugin/History/HistoryPlugin.php HTTP/1.1" 500 - "-" "Mozilla/5.0 (compatible; MJ12bot/v1.4.8; http://mj12bot.com/)"
185.231.100.76 - - [24/Aug/2026:23:15:25 +0530] "GET /wp-content/updraft/plugins-old/updraftplus/vendor/guzzle/guzzle/src/Guzzle/Plugin/History/composer.json HTTP/1.1" 200 668 "-" "Mozilla/5.0 (compatible; MJ12bot/v1.4.8; http://mj12bot.com/)"
185.231.100.76 - - [24/Aug/2026:23:15:28 +0530] "GET /wp-content/updraft/plugins-old/updraftplus/vendor/guzzle/guzzle/src/Guzzle/Plugin/Log/?C=D;O=A HTTP/1.1" 200 1239 "-" "Mozilla/5.0 (compatible; MJ12bot/v1.4.8; http://mj12bot.com/)"
185.231.100.76 - - [24/Aug/2026:23:15:31 +0530] "GET /wp-content/updraft/plugins-old/updraftplus/vendor/guzzle/guzzle/src/Guzzle/Plugin/Log/?C=M;O=A HTTP/1.1" 200 1239 "-" "Mozilla/5.0 (compatible; MJ12bot/v1.4.8; http://mj12bot.com/)"
185.231.100.76 - - [24/Aug/2026:23:15:35 +0530] "GET /wp-content/updraft/plugins-old/updraftplus/vendor/guzzle/guzzle/src/Guzzle/Plugin/Log/?C=N;O=D HTTP/1.1" 200 1239 "-" "Mozilla/5.0 (compatible; MJ12bot/v1.4.8; http://mj12bot.com/)"
185.231.100.76 - - [24/Aug/2026:23:15:39 +0530] "GET /wp-content/updraft/plugins-old/updraftplus/vendor/guzzle/guzzle/src/Guzzle/Plugin/Md5/?C=S;O=A HTTP/1.1" 200 1446 "-" "Mozilla/5.0 (compatible; MJ12bot/v1.4.8; http://mj12bot.com/)"
185.231.100.76 - - [24/Aug/2026:23:15:43 +0530] "GET /wp-content/updraft/plugins-old/updraftplus/vendor/guzzle/guzzle/src/Guzzle/Plugin/Md5/CommandContentMd5Plugin.php HTTP/1.1" 500 - "-" "Mozilla/5.0 (compatible; MJ12bot/v1.4.8; http://mj12bot.com/)"
185.231.100.76 - - [24/Aug/2026:23:15:48 +0530] "GET /wp-content/updraft/plugins-old/updraftplus/vendor/guzzle/guzzle/src/Guzzle/Plugin/Md5/Md5ValidatorPlugin.php HTTP/1.1" 500 - "-" "Mozilla/5.0 (compatible; MJ12bot/v1.4.8; http://mj12bot.com/)"
192.178.7.39 - - [24/Aug/2026:23:15:51 +0530] "GET /?item/17839924727215.html HTTP/1.1" 200 841 "-" "Mozilla/5.0 (Linux; Android 6.0.1; Nexus 5X Build/MMB29P) AppleWebKit/537.36 (KHTML, like Gecko) Chrome/151.0.7922.137 Mobile Safari/537.36 (compatible; Googlebot/2.1; +http://www.google.com/bot.html)"
185.231.100.76 - - [24/Aug/2026:23:15:52 +0530] "GET /wp-content/updraft/plugins-old/updraftplus/vendor/guzzle/guzzle/src/Guzzle/Plugin/Md5/composer.json HTTP/1.1" 200 653 "-" "Mozilla/5.0 (compatible; MJ12bot/v1.4.8; http://mj12bot.com/)"
185.231.100.76 - - [24/Aug/2026:23:15:55 +0530] "GET /wp-content/updraft/plugins-old/updraftplus/vendor/guzzle/guzzle/src/Guzzle/Plugin/Mock/?C=D;O=A HTTP/1.1" 200 1242 "-" "Mozilla/5.0 (compatible; MJ12bot/v1.4.8; http://mj12bot.com/)"
185.231.100.76 - - [24/Aug/2026:23:15:58 +0530] "GET /wp-content/updraft/plugins-old/updraftplus/vendor/guzzle/guzzle/src/Guzzle/Plugin/Mock/?C=M;O=A HTTP/1.1" 200 1242 "-" "Mozilla/5.0 (compatible; MJ12bot/v1.4.8; http://mj12bot.com/)"
207.46.13.14 - - [24/Aug/2026:23:16:01 +0530] "GET /?y=6120219069 HTTP/1.1" 200 841 "-" "Mozilla/5.0 AppleWebKit/537.36 (KHTML, like Gecko; compatible; bingbot/2.0; +http://www.bing.com/bingbot.htm) Chrome/116.0.1938.76 Safari/537.36"
185.231.100.76 - - [24/Aug/2026:23:16:02 +0530] "GET /wp-content/updraft/plugins-old/updraftplus/vendor/guzzle/guzzle/src/Guzzle/Plugin/Mock/?C=N;O=D HTTP/1.1" 200 1242 "-" "Mozilla/5.0 (compatible; MJ12bot/v1.4.8; http://mj12bot.com/)"
192.178.7.38 - - [24/Aug/2026:23:16:04 +0530] "GET /?item/12479017162384.html HTTP/1.1" 200 841 "-" "Mozilla/5.0 (Linux; Android 6.0.1; Nexus 5X Build/MMB29P) AppleWebKit/537.36 (KHTML, like Gecko) Chrome/151.0.7922.137 Mobile Safari/537.36 (compatible; Googlebot/2.1; +http://www.google.com/bot.html)"
185.231.100.76 - - [24/Aug/2026:23:16:06 +0530] "GET /wp-content/updraft/plugins-old/updraftplus/vendor/guzzle/guzzle/src/Guzzle/Plugin/Mock/?C=S;O=A HTTP/1.1" 200 1242 "-" "Mozilla/5.0 (compatible; MJ12bot/v1.4.8; http://mj12bot.com/)"
185.231.100.76 - - [24/Aug/2026:23:16:10 +0530] "GET /wp-content/updraft/plugins-old/updraftplus/vendor/guzzle/guzzle/src/Guzzle/Plugin/Mock/MockPlugin.php HTTP/1.1" 500 - "-" "Mozilla/5.0 (compatible; MJ12bot/v1.4.8; http://mj12bot.com/)"
185.231.100.76 - - [24/Aug/2026:23:16:14 +0530] "GET /wp-content/updraft/plugins-old/updraftplus/vendor/guzzle/guzzle/src/Guzzle/Plugin/Mock/composer.json HTTP/1.1" 200 664 "-" "Mozilla/5.0 (compatible; MJ12bot/v1.4.8; http://mj12bot.com/)"
185.231.100.76 - - [24/Aug/2026:23:16:17 +0530] "GET /wp-content/updraft/plugins-old/updraftplus/vendor/guzzle/guzzle/src/Guzzle/Plugin/Oauth/?C=D;O=A HTTP/1.1" 200 1245 "-" "Mozilla/5.0 (compatible; MJ12bot/v1.4.8; http://mj12bot.com/)"
185.231.100.76 - - [24/Aug/2026:23:16:22 +0530] "GET /wp-content/updraft/plugins-old/updraftplus/vendor/guzzle/guzzle/src/Guzzle/Plugin/Oauth/?C=M;O=A HTTP/1.1" 200 1245 "-" "Mozilla/5.0 (compatible; MJ12bot/v1.4.8; http://mj12bot.com/)"
185.231.100.76 - - [24/Aug/2026:23:16:26 +0530] "GET /wp-content/updraft/plugins-old/updraftplus/vendor/guzzle/guzzle/src/Guzzle/Plugin/Oauth/?C=N;O=D HTTP/1.1" 200 1245 "-" "Mozilla/5.0 (compatible; MJ12bot/v1.4.8; http://mj12bot.com/)"
185.231.100.76 - - [24/Aug/2026:23:16:29 +0530] "GET /wp-content/updraft/plugins-old/updraftplus/vendor/guzzle/guzzle/src/Guzzle/Plugin/Oauth/?C=S;O=A HTTP/1.1" 200 1245 "-" "Mozilla/5.0 (compatible; MJ12bot/v1.4.8; http://mj12bot.com/)"
185.231.100.76 - - [24/Aug/2026:23:16:32 +0530] "GET /wp-content/updraft/plugins-old/updraftplus/vendor/guzzle/guzzle/src/Guzzle/Plugin/Oauth/OauthPlugin.php HTTP/1.1" 500 - "-" "Mozilla/5.0 (compatible; MJ12bot/v1.4.8; http://mj12bot.com/)"
185.231.100.76 - - [24/Aug/2026:23:16:35 +0530] "GET /wp-content/updraft/plugins-old/updraftplus/vendor/guzzle/guzzle/src/Guzzle/Plugin/Oauth/composer.json HTTP/1.1" 200 669 "-" "Mozilla/5.0 (compatible; MJ12bot/v1.4.8; http://mj12bot.com/)"
185.231.100.76 - - [24/Aug/2026:23:16:39 +0530] "GET /wp-content/updraft/plugins-old/updraftplus/vendor/guzzle/guzzle/src/Guzzle/Service/Builder/?C=D;O=A HTTP/1.1" 200 1467 "-" "Mozilla/5.0 (compatible; MJ12bot/v1.4.8; http://mj12bot.com/)"
192.178.7.37 - - [24/Aug/2026:23:16:40 +0530] "GET /?item/27910006422356.html HTTP/1.1" 200 841 "-" "Mozilla/5.0 (Linux; Android 6.0.1; Nexus 5X Build/MMB29P) AppleWebKit/537.36 (KHTML, like Gecko) Chrome/151.0.7922.137 Mobile Safari/537.36 (compatible; Googlebot/2.1; +http://www.google.com/bot.html)"
57.141.4.30 - - [24/Aug/2026:23:16:42 +0530] "GET / HTTP/1.1" 200 841 "-" "facebookexternalhit/1.1 (+http://www.facebook.com/externalhit_uatext.php)"
185.231.100.76 - - [24/Aug/2026:23:16:42 +0530] "GET /wp-content/updraft/plugins-old/updraftplus/vendor/guzzle/guzzle/src/Guzzle/Service/Builder/?C=M;O=A HTTP/1.1" 200 1467 "-" "Mozilla/5.0 (compatible; MJ12bot/v1.4.8; http://mj12bot.com/)"
185.231.100.76 - - [24/Aug/2026:23:16:46 +0530] "GET /wp-content/updraft/plugins-old/updraftplus/vendor/guzzle/guzzle/src/Guzzle/Service/Builder/?C=N;O=D HTTP/1.1" 200 1467 "-" "Mozilla/5.0 (compatible; MJ12bot/v1.4.8; http://mj12bot.com/)"
185.231.100.76 - - [24/Aug/2026:23:16:49 +0530] "GET /wp-content/updraft/plugins-old/updraftplus/vendor/guzzle/guzzle/src/Guzzle/Service/Builder/?C=S;O=A HTTP/1.1" 200 1467 "-" "Mozilla/5.0 (compatible; MJ12bot/v1.4.8; http://mj12bot.com/)"
185.231.100.76 - - [24/Aug/2026:23:16:52 +0530] "GET /wp-content/updraft/plugins-old/updraftplus/vendor/guzzle/guzzle/src/Guzzle/Service/Builder/ServiceBuilder.php HTTP/1.1" 500 - "-" "Mozilla/5.0 (compatible; MJ12bot/v1.4.8; http://mj12bot.com/)"
185.231.100.76 - - [24/Aug/2026:23:16:56 +0530] "GET /wp-content/updraft/plugins-old/updraftplus/vendor/guzzle/guzzle/src/Guzzle/Service/Builder/ServiceBuilderInterface.php HTTP/1.1" 200 - "-" "Mozilla/5.0 (compatible; MJ12bot/v1.4.8; http://mj12bot.com/)"
185.231.100.76 - - [24/Aug/2026:23:16:59 +0530] "GET /wp-content/updraft/plugins-old/updraftplus/vendor/guzzle/guzzle/src/Guzzle/Service/Builder/ServiceBuilderLoader.php HTTP/1.1" 500 - "-" "Mozilla/5.0 (compatible; MJ12bot/v1.4.8; http://mj12bot.com/)"
185.231.100.76 - - [24/Aug/2026:23:17:01 +0530] "GET /wp-content/updraft/plugins-old/updraftplus/vendor/guzzle/guzzle/src/Guzzle/Service/Command/?C=D;O=A HTTP/1.1" 200 3385 "-" "Mozilla/5.0 (compatible; MJ12bot/v1.4.8; http://mj12bot.com/)"
185.231.100.76 - - [24/Aug/2026:23:17:04 +0530] "GET /wp-content/updraft/plugins-old/updraftplus/vendor/guzzle/guzzle/src/Guzzle/Service/Command/?C=M;O=A HTTP/1.1" 200 3385 "-" "Mozilla/5.0 (compatible; MJ12bot/v1.4.8; http://mj12bot.com/)"
185.231.100.76 - - [24/Aug/2026:23:17:08 +0530] "GET /wp-content/updraft/plugins-old/updraftplus/vendor/guzzle/guzzle/src/Guzzle/Service/Command/?C=N;O=D HTTP/1.1" 200 3385 "-" "Mozilla/5.0 (compatible; MJ12bot/v1.4.8; http://mj12bot.com/)"
185.231.100.76 - - [24/Aug/2026:23:17:10 +0530] "GET /wp-content/updraft/plugins-old/updraftplus/vendor/guzzle/guzzle/src/Guzzle/Service/Command/?C=S;O=A HTTP/1.1" 200 3385 "-" "Mozilla/5.0 (compatible; MJ12bot/v1.4.8; http://mj12bot.com/)"
192.178.7.38 - - [24/Aug/2026:23:17:11 +0530] "GET /?item/23665427017613.html HTTP/1.1" 200 841 "-" "Mozilla/5.0 (Linux; Android 6.0.1; Nexus 5X Build/MMB29P) AppleWebKit/537.36 (KHTML, like Gecko) Chrome/151.0.7922.137 Mobile Safari/537.36 (compatible; Googlebot/2.1; +http://www.google.com/bot.html)"
185.231.100.76 - - [24/Aug/2026:23:17:13 +0530] "GET /wp-content/updraft/plugins-old/updraftplus/vendor/guzzle/guzzle/src/Guzzle/Service/Command/AbstractCommand.php HTTP/1.1" 500 - "-" "Mozilla/5.0 (compatible; MJ12bot/v1.4.8; http://mj12bot.com/)"
185.231.100.76 - - [24/Aug/2026:23:17:17 +0530] "GET /wp-content/updraft/plugins-old/updraftplus/vendor/guzzle/guzzle/src/Guzzle/Service/Command/ClosureCommand.php HTTP/1.1" 500 - "-" "Mozilla/5.0 (compatible; MJ12bot/v1.4.8; http://mj12bot.com/)"
185.231.100.76 - - [24/Aug/2026:23:17:20 +0530] "GET /wp-content/updraft/plugins-old/updraftplus/vendor/guzzle/guzzle/src/Guzzle/Service/Command/CommandInterface.php HTTP/1.1" 500 - "-" "Mozilla/5.0 (compatible; MJ12bot/v1.4.8; http://mj12bot.com/)"
192.178.7.38 - - [24/Aug/2026:23:17:22 +0530] "GET /?item/17591665588304.html HTTP/1.1" 200 841 "-" "Mozilla/5.0 (Linux; Android 6.0.1; Nexus 5X Build/MMB29P) AppleWebKit/537.36 (KHTML, like Gecko) Chrome/151.0.7922.137 Mobile Safari/537.36 (compatible; Googlebot/2.1; +http://www.google.com/bot.html)"
185.231.100.76 - - [24/Aug/2026:23:17:26 +0530] "GET /wp-content/updraft/plugins-old/updraftplus/vendor/guzzle/guzzle/src/Guzzle/Service/Command/CreateResponseClassEvent.php HTTP/1.1" 500 - "-" "Mozilla/5.0 (compatible; MJ12bot/v1.4.8; http://mj12bot.com/)"
192.178.7.37 - - [24/Aug/2026:23:17:27 +0530] "GET /?item/21104705335936.html HTTP/1.1" 200 841 "-" "Mozilla/5.0 (Linux; Android 6.0.1; Nexus 5X Build/MMB29P) AppleWebKit/537.36 (KHTML, like Gecko) Chrome/151.0.7922.137 Mobile Safari/537.36 (compatible; Googlebot/2.1; +http://www.google.com/bot.html)"
185.231.100.76 - - [24/Aug/2026:23:17:29 +0530] "GET /wp-content/updraft/plugins-old/updraftplus/vendor/guzzle/guzzle/src/Guzzle/Service/Command/DefaultRequestSerializer.php HTTP/1.1" 500 - "-" "Mozilla/5.0 (compatible; MJ12bot/v1.4.8; http://mj12bot.com/)"
185.231.100.76 - - [24/Aug/2026:23:17:33 +0530] "GET /wp-content/updraft/plugins-old/updraftplus/vendor/guzzle/guzzle/src/Guzzle/Service/Command/DefaultResponseParser.php HTTP/1.1" 500 - "-" "Mozilla/5.0 (compatible; MJ12bot/v1.4.8; http://mj12bot.com/)"
185.231.100.76 - - [24/Aug/2026:23:17:36 +0530] "GET /wp-content/updraft/plugins-old/updraftplus/vendor/guzzle/guzzle/src/Guzzle/Service/Command/OperationCommand.php HTTP/1.1" 500 - "-" "Mozilla/5.0 (compatible; MJ12bot/v1.4.8; http://mj12bot.com/)"
185.231.100.76 - - [24/Aug/2026:23:17:39 +0530] "GET /wp-content/updraft/plugins-old/updraftplus/vendor/guzzle/guzzle/src/Guzzle/Service/Command/OperationResponseParser.php HTTP/1.1" 500 - "-" "Mozilla/5.0 (compatible; MJ12bot/v1.4.8; http://mj12bot.com/)"
185.231.100.76 - - [24/Aug/2026:23:17:42 +0530] "GET /wp-content/updraft/plugins-old/updraftplus/vendor/guzzle/guzzle/src/Guzzle/Service/Command/RequestSerializerInterface.php HTTP/1.1" 200 - "-" "Mozilla/5.0 (compatible; MJ12bot/v1.4.8; http://mj12bot.com/)"
185.231.100.76 - - [24/Aug/2026:23:17:44 +0530] "GET /wp-content/updraft/plugins-old/updraftplus/vendor/guzzle/guzzle/src/Guzzle/Service/Command/ResponseClassInterface.php HTTP/1.1" 200 - "-" "Mozilla/5.0 (compatible; MJ12bot/v1.4.8; http://mj12bot.com/)"
185.231.100.76 - - [24/Aug/2026:23:17:48 +0530] "GET /wp-content/updraft/plugins-old/updraftplus/vendor/guzzle/guzzle/src/Guzzle/Service/Command/ResponseParserInterface.php HTTP/1.1" 200 - "-" "Mozilla/5.0 (compatible; MJ12bot/v1.4.8; http://mj12bot.com/)"
185.231.100.76 - - [24/Aug/2026:23:17:51 +0530] "GET /wp-content/updraft/plugins-old/updraftplus/vendor/guzzle/guzzle/src/Guzzle/Service/Description/?C=D;O=A HTTP/1.1" 200 2603 "-" "Mozilla/5.0 (compatible; MJ12bot/v1.4.8; http://mj12bot.com/)"
185.231.100.76 - - [24/Aug/2026:23:17:54 +0530] "GET /wp-content/updraft/plugins-old/updraftplus/vendor/guzzle/guzzle/src/Guzzle/Service/Description/?C=M;O=A HTTP/1.1" 200 2603 "-" "Mozilla/5.0 (compatible; MJ12bot/v1.4.8; http://mj12bot.com/)"
185.231.100.76 - - [24/Aug/2026:23:17:57 +0530] "GET /wp-content/updraft/plugins-old/updraftplus/vendor/guzzle/guzzle/src/Guzzle/Service/Description/?C=N;O=D HTTP/1.1" 200 2603 "-" "Mozilla/5.0 (compatible; MJ12bot/v1.4.8; http://mj12bot.com/)"
185.231.100.76 - - [24/Aug/2026:23:18:00 +0530] "GET /wp-content/updraft/plugins-old/updraftplus/vendor/guzzle/guzzle/src/Guzzle/Service/Description/?C=S;O=A HTTP/1.1" 200 2603 "-" "Mozilla/5.0 (compatible; MJ12bot/v1.4.8; http://mj12bot.com/)"
192.178.7.37 - - [24/Aug/2026:23:18:01 +0530] "GET /?item/10598907604588.html HTTP/1.1" 200 841 "-" "Mozilla/5.0 (Linux; Android 6.0.1; Nexus 5X Build/MMB29P) AppleWebKit/537.36 (KHTML, like Gecko) Chrome/151.0.7922.137 Mobile Safari/537.36 (compatible; Googlebot/2.1; +http://www.google.com/bot.html)"
185.231.100.76 - - [24/Aug/2026:23:18:02 +0530] "GET /wp-content/updraft/plugins-old/updraftplus/vendor/guzzle/guzzle/src/Guzzle/Service/Description/Operation.php HTTP/1.1" 500 - "-" "Mozilla/5.0 (compatible; MJ12bot/v1.4.8; http://mj12bot.com/)"
185.231.100.76 - - [24/Aug/2026:23:18:05 +0530] "GET /wp-content/updraft/plugins-old/updraftplus/vendor/guzzle/guzzle/src/Guzzle/Service/Description/OperationInterface.php HTTP/1.1" 500 - "-" "Mozilla/5.0 (compatible; MJ12bot/v1.4.8; http://mj12bot.com/)"
185.231.100.76 - - [24/Aug/2026:23:18:09 +0530] "GET /wp-content/updraft/plugins-old/updraftplus/vendor/guzzle/guzzle/src/Guzzle/Service/Description/Parameter.php HTTP/1.1" 200 - "-" "Mozilla/5.0 (compatible; MJ12bot/v1.4.8; http://mj12bot.com/)"
185.231.100.76 - - [24/Aug/2026:23:18:11 +0530] "GET /wp-content/updraft/plugins-old/updraftplus/vendor/guzzle/guzzle/src/Guzzle/Service/Description/SchemaFormatter.php HTTP/1.1" 200 - "-" "Mozilla/5.0 (compatible; MJ12bot/v1.4.8; http://mj12bot.com/)"
185.231.100.76 - - [24/Aug/2026:23:18:14 +0530] "GET /wp-content/updraft/plugins-old/updraftplus/vendor/guzzle/guzzle/src/Guzzle/Service/Description/SchemaValidator.php HTTP/1.1" 500 - "-" "Mozilla/5.0 (compatible; MJ12bot/v1.4.8; http://mj12bot.com/)"
57.141.12.11 - - [24/Aug/2026:23:18:16 +0530] "GET / HTTP/1.1" 200 841 "-" "facebookexternalhit/1.1 (+http://www.facebook.com/externalhit_uatext.php)"
185.231.100.76 - - [24/Aug/2026:23:18:17 +0530] "GET /wp-content/updraft/plugins-old/updraftplus/vendor/guzzle/guzzle/src/Guzzle/Service/Description/ServiceDescription.php HTTP/1.1" 500 - "-" "Mozilla/5.0 (compatible; MJ12bot/v1.4.8; http://mj12bot.com/)"
185.231.100.76 - - [24/Aug/2026:23:18:21 +0530] "GET /wp-content/updraft/plugins-old/updraftplus/vendor/guzzle/guzzle/src/Guzzle/Service/Description/ServiceDescriptionInterface.php HTTP/1.1" 200 - "-" "Mozilla/5.0 (compatible; MJ12bot/v1.4.8; http://mj12bot.com/)"
185.231.100.76 - - [24/Aug/2026:23:18:23 +0530] "GET /wp-content/updraft/plugins-old/updraftplus/vendor/guzzle/guzzle/src/Guzzle/Service/Description/ServiceDescriptionLoader.php HTTP/1.1" 500 - "-" "Mozilla/5.0 (compatible; MJ12bot/v1.4.8; http://mj12bot.com/)"
192.178.7.38 - - [24/Aug/2026:23:18:25 +0530] "GET /?item/40489067868089.html HTTP/1.1" 200 841 "-" "Mozilla/5.0 (Linux; Android 6.0.1; Nexus 5X Build/MMB29P) AppleWebKit/537.36 (KHTML, like Gecko) Chrome/151.0.7922.137 Mobile Safari/537.36 (compatible; Googlebot/2.1; +http://www.google.com/bot.html)"
185.231.100.76 - - [24/Aug/2026:23:18:26 +0530] "GET /wp-content/updraft/plugins-old/updraftplus/vendor/guzzle/guzzle/src/Guzzle/Service/Description/ValidatorInterface.php HTTP/1.1" 200 - "-" "Mozilla/5.0 (compatible; MJ12bot/v1.4.8; http://mj12bot.com/)"
104.196.199.234 - - [24/Aug/2026:23:18:28 +0530] "GET / HTTP/1.1" 200 841 "-" "Mozilla/5.0 (Windows NT 10.0; Win64; x64) AppleWebKit/537.36 (KHTML, like Gecko) Chrome/78.0.3904.108 Safari/537.36"
104.196.199.234 - - [24/Aug/2026:23:18:28 +0530] "GET //wp-includes/wlwmanifest.xml HTTP/1.1" 404 - "-" "Mozilla/5.0 (Windows NT 10.0; Win64; x64) AppleWebKit/537.36 (KHTML, like Gecko) Chrome/78.0.3904.108 Safari/537.36"
104.196.199.234 - - [24/Aug/2026:23:18:28 +0530] "GET //xmlrpc.php?rsd HTTP/1.1" 404 16 "-" "Mozilla/5.0 (Windows NT 10.0; Win64; x64) AppleWebKit/537.36 (KHTML, like Gecko) Chrome/78.0.3904.108 Safari/537.36"
104.196.199.234 - - [24/Aug/2026:23:18:29 +0530] "GET / HTTP/1.1" 200 841 "-" "Mozilla/5.0 (Windows NT 10.0; Win64; x64) AppleWebKit/537.36 (KHTML, like Gecko) Chrome/78.0.3904.108 Safari/537.36"
104.196.199.234 - - [24/Aug/2026:23:18:29 +0530] "GET //blog/wp-includes/wlwmanifest.xml HTTP/1.1" 404 - "-" "Mozilla/5.0 (Windows NT 10.0; Win64; x64) AppleWebKit/537.36 (KHTML, like Gecko) Chrome/78.0.3904.108 Safari/537.36"
104.196.199.234 - - [24/Aug/2026:23:18:29 +0530] "GET //web/wp-includes/wlwmanifest.xml HTTP/1.1" 404 - "-" "Mozilla/5.0 (Windows NT 10.0; Win64; x64) AppleWebKit/537.36 (KHTML, like Gecko) Chrome/78.0.3904.108 Safari/537.36"
104.196.199.234 - - [24/Aug/2026:23:18:29 +0530] "GET //wordpress/wp-includes/wlwmanifest.xml HTTP/1.1" 404 - "-" "Mozilla/5.0 (Windows NT 10.0; Win64; x64) AppleWebKit/537.36 (KHTML, like Gecko) Chrome/78.0.3904.108 Safari/537.36"
104.196.199.234 - - [24/Aug/2026:23:18:29 +0530] "GET //website/wp-includes/wlwmanifest.xml HTTP/1.1" 404 - "-" "Mozilla/5.0 (Windows NT 10.0; Win64; x64) AppleWebKit/537.36 (KHTML, like Gecko) Chrome/78.0.3904.108 Safari/537.36"
185.231.100.76 - - [24/Aug/2026:23:18:29 +0530] "GET /wp-content/updraft/plugins-old/updraftplus/vendor/guzzle/guzzle/src/Guzzle/Service/Exception/?C=D;O=A HTTP/1.1" 200 2476 "-" "Mozilla/5.0 (compatible; MJ12bot/v1.4.8; http://mj12bot.com/)"
104.196.199.234 - - [24/Aug/2026:23:18:29 +0530] "GET //wp/wp-includes/wlwmanifest.xml HTTP/1.1" 404 - "-" "Mozilla/5.0 (Windows NT 10.0; Win64; x64) AppleWebKit/537.36 (KHTML, like Gecko) Chrome/78.0.3904.108 Safari/537.36"
104.196.199.234 - - [24/Aug/2026:23:18:29 +0530] "GET //news/wp-includes/wlwmanifest.xml HTTP/1.1" 404 - "-" "Mozilla/5.0 (Windows NT 10.0; Win64; x64) AppleWebKit/537.36 (KHTML, like Gecko) Chrome/78.0.3904.108 Safari/537.36"
104.196.199.234 - - [24/Aug/2026:23:18:29 +0530] "GET //2018/wp-includes/wlwmanifest.xml HTTP/1.1" 404 - "-" "Mozilla/5.0 (Windows NT 10.0; Win64; x64) AppleWebKit/537.36 (KHTML, like Gecko) Chrome/78.0.3904.108 Safari/537.36"
104.196.199.234 - - [24/Aug/2026:23:18:30 +0530] "GET //2019/wp-includes/wlwmanifest.xml HTTP/1.1" 404 - "-" "Mozilla/5.0 (Windows NT 10.0; Win64; x64) AppleWebKit/537.36 (KHTML, like Gecko) Chrome/78.0.3904.108 Safari/537.36"
104.196.199.234 - - [24/Aug/2026:23:18:30 +0530] "GET //shop/wp-includes/wlwmanifest.xml HTTP/1.1" 404 - "-" "Mozilla/5.0 (Windows NT 10.0; Win64; x64) AppleWebKit/537.36 (KHTML, like Gecko) Chrome/78.0.3904.108 Safari/537.36"
104.196.199.234 - - [24/Aug/2026:23:18:30 +0530] "GET //wp1/wp-includes/wlwmanifest.xml HTTP/1.1" 404 - "-" "Mozilla/5.0 (Windows NT 10.0; Win64; x64) AppleWebKit/537.36 (KHTML, like Gecko) Chrome/78.0.3904.108 Safari/537.36"
104.196.199.234 - - [24/Aug/2026:23:18:30 +0530] "GET //test/wp-includes/wlwmanifest.xml HTTP/1.1" 404 - "-" "Mozilla/5.0 (Windows NT 10.0; Win64; x64) AppleWebKit/537.36 (KHTML, like Gecko) Chrome/78.0.3904.108 Safari/537.36"
104.196.199.234 - - [24/Aug/2026:23:18:30 +0530] "GET //media/wp-includes/wlwmanifest.xml HTTP/1.1" 404 - "-" "Mozilla/5.0 (Windows NT 10.0; Win64; x64) AppleWebKit/537.36 (KHTML, like Gecko) Chrome/78.0.3904.108 Safari/537.36"
104.196.199.234 - - [24/Aug/2026:23:18:30 +0530] "GET //wp2/wp-includes/wlwmanifest.xml HTTP/1.1" 404 - "-" "Mozilla/5.0 (Windows NT 10.0; Win64; x64) AppleWebKit/537.36 (KHTML, like Gecko) Chrome/78.0.3904.108 Safari/537.36"
104.196.199.234 - - [24/Aug/2026:23:18:30 +0530] "GET //site/wp-includes/wlwmanifest.xml HTTP/1.1" 404 - "-" "Mozilla/5.0 (Windows NT 10.0; Win64; x64) AppleWebKit/537.36 (KHTML, like Gecko) Chrome/78.0.3904.108 Safari/537.36"
104.196.199.234 - - [24/Aug/2026:23:18:30 +0530] "GET //cms/wp-includes/wlwmanifest.xml HTTP/1.1" 404 - "-" "Mozilla/5.0 (Windows NT 10.0; Win64; x64) AppleWebKit/537.36 (KHTML, like Gecko) Chrome/78.0.3904.108 Safari/537.36"
104.196.199.234 - - [24/Aug/2026:23:18:31 +0530] "GET //sito/wp-includes/wlwmanifest.xml HTTP/1.1" 404 - "-" "Mozilla/5.0 (Windows NT 10.0; Win64; x64) AppleWebKit/537.36 (KHTML, like Gecko) Chrome/78.0.3904.108 Safari/537.36"
185.231.100.76 - - [24/Aug/2026:23:18:32 +0530] "GET /wp-content/updraft/plugins-old/updraftplus/vendor/guzzle/guzzle/src/Guzzle/Service/Exception/?C=M;O=A HTTP/1.1" 200 2476 "-" "Mozilla/5.0 (compatible; MJ12bot/v1.4.8; http://mj12bot.com/)"
185.231.100.76 - - [24/Aug/2026:23:18:34 +0530] "GET /wp-content/updraft/plugins-old/updraftplus/vendor/guzzle/guzzle/src/Guzzle/Service/Exception/?C=N;O=D HTTP/1.1" 200 2476 "-" "Mozilla/5.0 (compatible; MJ12bot/v1.4.8; http://mj12bot.com/)"
185.231.100.76 - - [24/Aug/2026:23:18:37 +0530] "GET /wp-content/updraft/plugins-old/updraftplus/vendor/guzzle/guzzle/src/Guzzle/Service/Exception/?C=S;O=A HTTP/1.1" 200 2476 "-" "Mozilla/5.0 (compatible; MJ12bot/v1.4.8; http://mj12bot.com/)"
185.231.100.76 - - [24/Aug/2026:23:18:39 +0530] "GET /wp-content/updraft/plugins-old/updraftplus/vendor/guzzle/guzzle/src/Guzzle/Service/Exception/CommandException.php HTTP/1.1" 500 - "-" "Mozilla/5.0 (compatible; MJ12bot/v1.4.8; http://mj12bot.com/)"
185.231.100.76 - - [24/Aug/2026:23:18:42 +0530] "GET /wp-content/updraft/plugins-old/updraftplus/vendor/guzzle/guzzle/src/Guzzle/Service/Exception/CommandTransferException.php HTTP/1.1" 500 - "-" "Mozilla/5.0 (compatible; MJ12bot/v1.4.8; http://mj12bot.com/)"
185.231.100.76 - - [24/Aug/2026:23:18:45 +0530] "GET /wp-content/updraft/plugins-old/updraftplus/vendor/guzzle/guzzle/src/Guzzle/Service/Exception/DescriptionBuilderException.php HTTP/1.1" 500 - "-" "Mozilla/5.0 (compatible; MJ12bot/v1.4.8; http://mj12bot.com/)"
185.231.100.76 - - [24/Aug/2026:23:18:48 +0530] "GET /wp-content/updraft/plugins-old/updraftplus/vendor/guzzle/guzzle/src/Guzzle/Service/Exception/InconsistentClientTransferException.php HTTP/1.1" 500 - "-" "Mozilla/5.0 (compatible; MJ12bot/v1.4.8; http://mj12bot.com/)"
185.231.100.76 - - [24/Aug/2026:23:18:52 +0530] "GET /wp-content/updraft/plugins-old/updraftplus/vendor/guzzle/guzzle/src/Guzzle/Service/Exception/ResponseClassException.php HTTP/1.1" 500 - "-" "Mozilla/5.0 (compatible; MJ12bot/v1.4.8; http://mj12bot.com/)"
192.178.7.37 - - [24/Aug/2026:23:18:52 +0530] "GET /?item/10840104823415.html HTTP/1.1" 200 841 "-" "Mozilla/5.0 (Linux; Android 6.0.1; Nexus 5X Build/MMB29P) AppleWebKit/537.36 (KHTML, like Gecko) Chrome/151.0.7922.137 Mobile Safari/537.36 (compatible; Googlebot/2.1; +http://www.google.com/bot.html)"
185.231.100.76 - - [24/Aug/2026:23:18:54 +0530] "GET /wp-content/updraft/plugins-old/updraftplus/vendor/guzzle/guzzle/src/Guzzle/Service/Exception/ServiceBuilderException.php HTTP/1.1" 500 - "-" "Mozilla/5.0 (compatible; MJ12bot/v1.4.8; http://mj12bot.com/)"
185.231.100.76 - - [24/Aug/2026:23:18:57 +0530] "GET /wp-content/updraft/plugins-old/updraftplus/vendor/guzzle/guzzle/src/Guzzle/Service/Exception/ServiceNotFoundException.php HTTP/1.1" 500 - "-" "Mozilla/5.0 (compatible; MJ12bot/v1.4.8; http://mj12bot.com/)"
185.231.100.76 - - [24/Aug/2026:23:19:00 +0530] "GET /wp-content/updraft/plugins-old/updraftplus/vendor/guzzle/guzzle/src/Guzzle/Service/Resource/?C=D;O=A HTTP/1.1" 200 2682 "-" "Mozilla/5.0 (compatible; MJ12bot/v1.4.8; http://mj12bot.com/)"
57.141.2.35 - - [24/Aug/2026:23:19:16 +0530] "GET / HTTP/1.1" 200 841 "-" "facebookexternalhit/1.1 (+http://www.facebook.com/externalhit_uatext.php)"
192.178.7.39 - - [24/Aug/2026:23:19:23 +0530] "GET /?item/29963297716970.html HTTP/1.1" 200 841 "-" "Mozilla/5.0 (Linux; Android 6.0.1; Nexus 5X Build/MMB29P) AppleWebKit/537.36 (KHTML, like Gecko) Chrome/151.0.7922.137 Mobile Safari/537.36 (compatible; Googlebot/2.1; +http://www.google.com/bot.html)"
57.141.16.107 - - [24/Aug/2026:23:19:44 +0530] "GET / HTTP/1.1" 200 841 "-" "facebookexternalhit/1.1 (+http://www.facebook.com/externalhit_uatext.php)"
192.178.7.39 - - [24/Aug/2026:23:20:22 +0530] "GET /?item/43100466180207.html HTTP/1.1" 200 841 "-" "Mozilla/5.0 (Linux; Android 6.0.1; Nexus 5X Build/MMB29P) AppleWebKit/537.36 (KHTML, like Gecko) Chrome/151.0.7922.137 Mobile Safari/537.36 (compatible; Googlebot/2.1; +http://www.google.com/bot.html)"
192.178.7.37 - - [24/Aug/2026:23:20:43 +0530] "GET /?item/29678104875914.html HTTP/1.1" 200 841 "-" "Mozilla/5.0 (Linux; Android 6.0.1; Nexus 5X Build/MMB29P) AppleWebKit/537.36 (KHTML, like Gecko) Chrome/151.0.7922.137 Mobile Safari/537.36 (compatible; Googlebot/2.1; +http://www.google.com/bot.html)"
57.141.6.54 - - [24/Aug/2026:23:21:09 +0530] "GET / HTTP/1.1" 200 841 "-" "facebookexternalhit/1.1 (+http://www.facebook.com/externalhit_uatext.php)"
192.178.7.38 - - [24/Aug/2026:23:21:11 +0530] "GET /?item/26387075129700.html HTTP/1.1" 200 841 "-" "Mozilla/5.0 (Linux; Android 6.0.1; Nexus 5X Build/MMB29P) AppleWebKit/537.36 (KHTML, like Gecko) Chrome/151.0.7922.137 Mobile Safari/537.36 (compatible; Googlebot/2.1; +http://www.google.com/bot.html)"
192.178.7.39 - - [24/Aug/2026:23:23:22 +0530] "GET /?item/31041094908087.html HTTP/1.1" 200 841 "-" "Mozilla/5.0 (Linux; Android 6.0.1; Nexus 5X Build/MMB29P) AppleWebKit/537.36 (KHTML, like Gecko) Chrome/151.0.7922.137 Mobile Safari/537.36 (compatible; Googlebot/2.1; +http://www.google.com/bot.html)"
192.178.7.38 - - [24/Aug/2026:23:23:23 +0530] "GET /?item/35216124223401.html HTTP/1.1" 200 841 "-" "Mozilla/5.0 (Linux; Android 6.0.1; Nexus 5X Build/MMB29P) AppleWebKit/537.36 (KHTML, like Gecko) Chrome/151.0.7922.137 Mobile Safari/537.36 (compatible; Googlebot/2.1; +http://www.google.com/bot.html)"
192.178.7.37 - - [24/Aug/2026:23:24:01 +0530] "GET /?item/45025575537017.html HTTP/1.1" 200 841 "-" "Mozilla/5.0 (Linux; Android 6.0.1; Nexus 5X Build/MMB29P) AppleWebKit/537.36 (KHTML, like Gecko) Chrome/151.0.7922.137 Mobile Safari/537.36 (compatible; Googlebot/2.1; +http://www.google.com/bot.html)"
57.141.24.119 - - [24/Aug/2026:23:24:08 +0530] "GET / HTTP/1.1" 200 841 "-" "facebookexternalhit/1.1 (+http://www.facebook.com/externalhit_uatext.php)"
192.178.7.38 - - [24/Aug/2026:23:24:13 +0530] "GET /?item/32257684633182.html HTTP/1.1" 200 841 "-" "Mozilla/5.0 (Linux; Android 6.0.1; Nexus 5X Build/MMB29P) AppleWebKit/537.36 (KHTML, like Gecko) Chrome/151.0.7922.137 Mobile Safari/537.36 (compatible; Googlebot/2.1; +http://www.google.com/bot.html)"
192.178.7.37 - - [24/Aug/2026:23:24:28 +0530] "GET /?item/16927966295203.html HTTP/1.1" 200 841 "-" "Mozilla/5.0 (Linux; Android 6.0.1; Nexus 5X Build/MMB29P) AppleWebKit/537.36 (KHTML, like Gecko) Chrome/151.0.7922.137 Mobile Safari/537.36 (compatible; Googlebot/2.1; +http://www.google.com/bot.html)"
57.141.12.9 - - [24/Aug/2026:23:25:55 +0530] "GET / HTTP/1.1" 200 841 "-" "facebookexternalhit/1.1 (+http://www.facebook.com/externalhit_uatext.php)"
192.178.7.37 - - [24/Aug/2026:23:26:12 +0530] "GET /?item/23186687674932.html HTTP/1.1" 200 841 "-" "Mozilla/5.0 (Linux; Android 6.0.1; Nexus 5X Build/MMB29P) AppleWebKit/537.36 (KHTML, like Gecko) Chrome/151.0.7922.137 Mobile Safari/537.36 (compatible; Googlebot/2.1; +http://www.google.com/bot.html)"
192.178.7.37 - - [24/Aug/2026:23:26:43 +0530] "GET /?item/33301476823692.html HTTP/1.1" 200 841 "-" "Mozilla/5.0 (Linux; Android 6.0.1; Nexus 5X Build/MMB29P) AppleWebKit/537.36 (KHTML, like Gecko) Chrome/151.0.7922.137 Mobile Safari/537.36 (compatible; Googlebot/2.1; +http://www.google.com/bot.html)"
192.178.7.37 - - [24/Aug/2026:23:26:56 +0530] "GET /?item/49862746266136.html HTTP/1.1" 200 841 "-" "Mozilla/5.0 (Linux; Android 6.0.1; Nexus 5X Build/MMB29P) AppleWebKit/537.36 (KHTML, like Gecko) Chrome/151.0.7922.137 Mobile Safari/537.36 (compatible; Googlebot/2.1; +http://www.google.com/bot.html)"
57.141.2.64 - - [24/Aug/2026:23:26:56 +0530] "GET / HTTP/1.1" 200 841 "-" "facebookexternalhit/1.1 (+http://www.facebook.com/externalhit_uatext.php)"
192.178.7.37 - - [24/Aug/2026:23:27:06 +0530] "GET /?item/17910205753506.html HTTP/1.1" 200 841 "-" "Mozilla/5.0 (Linux; Android 6.0.1; Nexus 5X Build/MMB29P) AppleWebKit/537.36 (KHTML, like Gecko) Chrome/151.0.7922.137 Mobile Safari/537.36 (compatible; Googlebot/2.1; +http://www.google.com/bot.html)"
57.141.18.52 - - [24/Aug/2026:23:27:07 +0530] "GET / HTTP/1.1" 200 841 "-" "facebookexternalhit/1.1 (+http://www.facebook.com/externalhit_uatext.php)"
192.178.7.37 - - [24/Aug/2026:23:27:36 +0530] "GET /?item/35964338041580.html HTTP/1.1" 200 841 "-" "Mozilla/5.0 (Linux; Android 6.0.1; Nexus 5X Build/MMB29P) AppleWebKit/537.36 (KHTML, like Gecko) Chrome/151.0.7922.137 Mobile Safari/537.36 (compatible; Googlebot/2.1; +http://www.google.com/bot.html)"
192.178.7.37 - - [24/Aug/2026:23:27:50 +0530] "GET /?item/40763965463453.html HTTP/1.1" 200 841 "-" "Mozilla/5.0 (Linux; Android 6.0.1; Nexus 5X Build/MMB29P) AppleWebKit/537.36 (KHTML, like Gecko) Chrome/151.0.7922.137 Mobile Safari/537.36 (compatible; Googlebot/2.1; +http://www.google.com/bot.html)"
192.178.7.37 - - [24/Aug/2026:23:28:02 +0530] "GET /?item/42274635741253.html HTTP/1.1" 200 841 "-" "Mozilla/5.0 (Linux; Android 6.0.1; Nexus 5X Build/MMB29P) AppleWebKit/537.36 (KHTML, like Gecko) Chrome/151.0.7922.137 Mobile Safari/537.36 (compatible; Googlebot/2.1; +http://www.google.com/bot.html)"
192.178.7.38 - - [24/Aug/2026:23:28:25 +0530] "GET /?item/49329676571679.html HTTP/1.1" 200 841 "-" "Mozilla/5.0 (Linux; Android 6.0.1; Nexus 5X Build/MMB29P) AppleWebKit/537.36 (KHTML, like Gecko) Chrome/151.0.7922.137 Mobile Safari/537.36 (compatible; Googlebot/2.1; +http://www.google.com/bot.html)"
192.178.7.37 - - [24/Aug/2026:23:28:52 +0530] "GET /?item/44677196862614.html HTTP/1.1" 200 841 "-" "Mozilla/5.0 (Linux; Android 6.0.1; Nexus 5X Build/MMB29P) AppleWebKit/537.36 (KHTML, like Gecko) Chrome/151.0.7922.137 Mobile Safari/537.36 (compatible; Googlebot/2.1; +http://www.google.com/bot.html)"
57.141.6.7 - - [24/Aug/2026:23:28:57 +0530] "GET / HTTP/1.1" 200 841 "-" "facebookexternalhit/1.1 (+http://www.facebook.com/externalhit_uatext.php)"
192.178.7.37 - - [24/Aug/2026:23:28:59 +0530] "GET /?item/46214866481426.html HTTP/1.1" 200 841 "-" "Mozilla/5.0 (Linux; Android 6.0.1; Nexus 5X Build/MMB29P) AppleWebKit/537.36 (KHTML, like Gecko) Chrome/151.0.7922.137 Mobile Safari/537.36 (compatible; Googlebot/2.1; +http://www.google.com/bot.html)"
192.178.7.39 - - [24/Aug/2026:23:29:18 +0530] "GET /?item/35607875616354.html HTTP/1.1" 200 841 "-" "Mozilla/5.0 (Linux; Android 6.0.1; Nexus 5X Build/MMB29P) AppleWebKit/537.36 (KHTML, like Gecko) Chrome/151.0.7922.137 Mobile Safari/537.36 (compatible; Googlebot/2.1; +http://www.google.com/bot.html)"
192.178.7.39 - - [24/Aug/2026:23:29:19 +0530] "GET /?item/24734775723939.html HTTP/1.1" 200 841 "-" "Mozilla/5.0 (Linux; Android 6.0.1; Nexus 5X Build/MMB29P) AppleWebKit/537.36 (KHTML, like Gecko) Chrome/151.0.7922.137 Mobile Safari/537.36 (compatible; Googlebot/2.1; +http://www.google.com/bot.html)"
192.178.7.37 - - [24/Aug/2026:23:29:34 +0530] "GET /?item/48108286355051.html HTTP/1.1" 200 841 "-" "Mozilla/5.0 (Linux; Android 6.0.1; Nexus 5X Build/MMB29P) AppleWebKit/537.36 (KHTML, like Gecko) Chrome/151.0.7922.137 Mobile Safari/537.36 (compatible; Googlebot/2.1; +http://www.google.com/bot.html)"
192.178.7.37 - - [24/Aug/2026:23:29:48 +0530] "GET /?item/38026635564683.html HTTP/1.1" 200 841 "-" "Mozilla/5.0 (Linux; Android 6.0.1; Nexus 5X Build/MMB29P) AppleWebKit/537.36 (KHTML, like Gecko) Chrome/151.0.7922.137 Mobile Safari/537.36 (compatible; Googlebot/2.1; +http://www.google.com/bot.html)"
192.178.7.37 - - [24/Aug/2026:23:29:54 +0530] "GET /?item/18989217209259.html HTTP/1.1" 200 841 "-" "Mozilla/5.0 (Linux; Android 6.0.1; Nexus 5X Build/MMB29P) AppleWebKit/537.36 (KHTML, like Gecko) Chrome/151.0.7922.137 Mobile Safari/537.36 (compatible; Googlebot/2.1; +http://www.google.com/bot.html)"
57.141.8.32 - - [24/Aug/2026:23:30:05 +0530] "GET / HTTP/1.1" 200 841 "-" "facebookexternalhit/1.1 (+http://www.facebook.com/externalhit_uatext.php)"
192.178.7.39 - - [24/Aug/2026:23:30:06 +0530] "GET /?item/26680474651173.html HTTP/1.1" 200 841 "-" "Mozilla/5.0 (Linux; Android 6.0.1; Nexus 5X Build/MMB29P) AppleWebKit/537.36 (KHTML, like Gecko) Chrome/151.0.7922.137 Mobile Safari/537.36 (compatible; Googlebot/2.1; +http://www.google.com/bot.html)"
192.178.7.38 - - [24/Aug/2026:23:30:12 +0530] "GET /?item/30360165276178.html HTTP/1.1" 200 841 "-" "Mozilla/5.0 (Linux; Android 6.0.1; Nexus 5X Build/MMB29P) AppleWebKit/537.36 (KHTML, like Gecko) Chrome/151.0.7922.137 Mobile Safari/537.36 (compatible; Googlebot/2.1; +http://www.google.com/bot.html)"
192.178.7.37 - - [24/Aug/2026:23:30:38 +0530] "GET /?item/39970144777340.html HTTP/1.1" 200 841 "-" "Mozilla/5.0 (Linux; Android 6.0.1; Nexus 5X Build/MMB29P) AppleWebKit/537.36 (KHTML, like Gecko) Chrome/151.0.7922.137 Mobile Safari/537.36 (compatible; Googlebot/2.1; +http://www.google.com/bot.html)"
192.178.7.39 - - [24/Aug/2026:23:31:05 +0530] "GET /?item/12573307139019.html HTTP/1.1" 200 841 "-" "Mozilla/5.0 (Linux; Android 6.0.1; Nexus 5X Build/MMB29P) AppleWebKit/537.36 (KHTML, like Gecko) Chrome/151.0.7922.137 Mobile Safari/537.36 (compatible; Googlebot/2.1; +http://www.google.com/bot.html)"
192.178.7.38 - - [24/Aug/2026:23:31:22 +0530] "GET /?item/37346544361050.html HTTP/1.1" 200 841 "-" "Mozilla/5.0 (Linux; Android 6.0.1; Nexus 5X Build/MMB29P) AppleWebKit/537.36 (KHTML, like Gecko) Chrome/151.0.7922.137 Mobile Safari/537.36 (compatible; Googlebot/2.1; +http://www.google.com/bot.html)"
57.141.24.74 - - [24/Aug/2026:23:32:00 +0530] "GET / HTTP/1.1" 200 841 "-" "facebookexternalhit/1.1 (+http://www.facebook.com/externalhit_uatext.php)"
192.178.7.37 - - [24/Aug/2026:23:32:03 +0530] "GET /?item/45247746926122.html HTTP/1.1" 200 841 "-" "Mozilla/5.0 (Linux; Android 6.0.1; Nexus 5X Build/MMB29P) AppleWebKit/537.36 (KHTML, like Gecko) Chrome/151.0.7922.137 Mobile Safari/537.36 (compatible; Googlebot/2.1; +http://www.google.com/bot.html)"
