190.115.66.155 - - [25/Aug/2026:03:56:38 +0530] "GET /?i=2d6a8d2318029 HTTP/1.1" 200 680 "https://www.ewayxpress.com/sitemap143.xml" "Mozilla/5.0 (iPhone; CPU iPhone OS 18_0 like Mac OS X) AppleWebKit/605.1.15 (KHTML, like Gecko) Version/18.0 Mobile/15E148 Safari/604.1"
66.249.69.37 - - [25/Aug/2026:03:57:57 +0530] "GET /?item/26334603281301.html HTTP/1.1" 200 680 "-" "Mozilla/5.0 (Linux; Android 6.0.1; Nexus 5X Build/MMB29P) AppleWebKit/537.36 (KHTML, like Gecko) Chrome/151.0.7922.137 Mobile Safari/537.36 (compatible; Googlebot/2.1; +http://www.google.com/bot.html)"
66.249.69.39 - - [25/Aug/2026:03:57:57 +0530] "GET /robots.txt HTTP/1.1" 404 - "-" "Mozilla/5.0 (compatible; Googlebot/2.1; +http://www.google.com/bot.html)"
190.141.23.236 - - [25/Aug/2026:03:57:59 +0530] "GET /?i=2a8c101435918 HTTP/1.1" 200 680 "https://www.ewayxpress.com/sitemap599.xml" "Mozilla/5.0 (iPhone; CPU iPhone OS 17_5 like Mac OS X) AppleWebKit/605.1.15 (KHTML, like Gecko) Version/17.5 Mobile/15E148 Safari/604.1 MicroMessenger/8.0.38(0x18001B3F) NetType/WIFI Language/zh_CN"
66.249.69.38 - - [25/Aug/2026:03:58:21 +0530] "GET /?item/11856083813844.html HTTP/1.1" 200 680 "-" "Mozilla/5.0 (Linux; Android 6.0.1; Nexus 5X Build/MMB29P) AppleWebKit/537.36 (KHTML, like Gecko) Chrome/151.0.7922.137 Mobile Safari/537.36 (compatible; Googlebot/2.1; +http://www.google.com/bot.html)"
66.249.69.37 - - [25/Aug/2026:03:58:28 +0530] "GET /?item/17253414448733.html HTTP/1.1" 200 680 "-" "Mozilla/5.0 (Linux; Android 6.0.1; Nexus 5X Build/MMB29P) AppleWebKit/537.36 (KHTML, like Gecko) Chrome/151.0.7922.137 Mobile Safari/537.36 (compatible; Googlebot/2.1; +http://www.google.com/bot.html)"
66.249.69.38 - - [25/Aug/2026:04:00:41 +0530] "GET /robots.txt HTTP/1.1" 404 - "-" "Mozilla/5.0 (compatible; Googlebot/2.1; +http://www.google.com/bot.html)"
66.249.69.37 - - [25/Aug/2026:04:00:41 +0530] "GET /?item/35435006262880.html HTTP/1.1" 200 859 "-" "Mozilla/5.0 (Linux; Android 6.0.1; Nexus 5X Build/MMB29P) AppleWebKit/537.36 (KHTML, like Gecko) Chrome/151.0.7922.137 Mobile Safari/537.36 (compatible; Googlebot/2.1; +http://www.google.com/bot.html)"
37.221.181.64 - - [25/Aug/2026:04:02:09 +0530] "GET /?i=283d031084118 HTTP/1.1" 200 859 "https://www.ewayxpress.com/sitemap599.xml" "Mozilla/5.0 (Linux; Android 15; M2102J23) AppleWebKit/537.36 (KHTML, like Gecko) Chrome/148.0.5268.87 Mobile Safari/537.36"
66.249.69.37 - - [25/Aug/2026:04:04:36 +0530] "GET /?item/37698224292971.html HTTP/1.1" 200 859 "-" "Mozilla/5.0 (Linux; Android 6.0.1; Nexus 5X Build/MMB29P) AppleWebKit/537.36 (KHTML, like Gecko) Chrome/151.0.7922.137 Mobile Safari/537.36 (compatible; Googlebot/2.1; +http://www.google.com/bot.html)"
66.249.69.38 - - [25/Aug/2026:04:04:37 +0530] "GET /robots.txt HTTP/1.1" 404 - "-" "Mozilla/5.0 (compatible; Googlebot/2.1; +http://www.google.com/bot.html)"
94.154.43.125 - - [25/Aug/2026:04:05:20 +0530] "GET / HTTP/1.1" 401 36 "-" "Mozilla/5.0 (Windows NT 10.0; Win64; x64) AppleWebKit/537.36 (KHTML, like Gecko) Chrome/147.0.0.0 Safari/537.36"
94.154.43.125 - - [25/Aug/2026:04:05:20 +0530] "GET / HTTP/1.1" 200 39880 "-" "Mozilla/5.0 (Windows NT 10.0; Win64; x64) AppleWebKit/537.36 (KHTML, like Gecko) Chrome/147.0.0.0 Safari/537.36"
66.249.69.37 - - [25/Aug/2026:04:06:18 +0530] "GET /?item/26896973519323.htmlm HTTP/1.1" 200 859 "-" "Mozilla/5.0 (Linux; Android 6.0.1; Nexus 5X Build/MMB29P) AppleWebKit/537.36 (KHTML, like Gecko) Chrome/151.0.7922.137 Mobile Safari/537.36 (compatible; Googlebot/2.1; +http://www.google.com/bot.html)"
66.249.69.37 - - [25/Aug/2026:04:06:18 +0530] "GET /robots.txt HTTP/1.1" 404 - "-" "Mozilla/5.0 (compatible; Googlebot/2.1; +http://www.google.com/bot.html)"
66.249.69.38 - - [25/Aug/2026:04:06:22 +0530] "GET /?item/24245906180008.html HTTP/1.1" 200 859 "-" "Mozilla/5.0 (Linux; Android 6.0.1; Nexus 5X Build/MMB29P) AppleWebKit/537.36 (KHTML, like Gecko) Chrome/151.0.7922.137 Mobile Safari/537.36 (compatible; Googlebot/2.1; +http://www.google.com/bot.html)"
66.249.69.38 - - [25/Aug/2026:04:06:54 +0530] "GET /?item/17809294271186.html HTTP/1.1" 200 859 "-" "Mozilla/5.0 (Linux; Android 6.0.1; Nexus 5X Build/MMB29P) AppleWebKit/537.36 (KHTML, like Gecko) Chrome/151.0.7922.137 Mobile Safari/537.36 (compatible; Googlebot/2.1; +http://www.google.com/bot.html)"
66.249.69.38 - - [25/Aug/2026:04:07:09 +0530] "GET /?item/23167784302328.html HTTP/1.1" 200 859 "-" "Mozilla/5.0 (Linux; Android 6.0.1; Nexus 5X Build/MMB29P) AppleWebKit/537.36 (KHTML, like Gecko) Chrome/151.0.7922.137 Mobile Safari/537.36 (compatible; Googlebot/2.1; +http://www.google.com/bot.html)"
66.249.69.38 - - [25/Aug/2026:04:07:18 +0530] "GET /?item/23484212614368.html HTTP/1.1" 200 859 "-" "Mozilla/5.0 (Linux; Android 6.0.1; Nexus 5X Build/MMB29P) AppleWebKit/537.36 (KHTML, like Gecko) Chrome/151.0.7922.137 Mobile Safari/537.36 (compatible; Googlebot/2.1; +http://www.google.com/bot.html)"
187.76.49.51 - - [25/Aug/2026:04:07:39 +0530] "GET /?i=2747a5236928 HTTP/1.1" 200 859 "https://www.ewayxpress.com/sitemap143.xml" "Mozilla/5.0 (iPhone; CPU iPhone OS 16_3 like Mac OS X) AppleWebKit/605.1.15 (KHTML, like Gecko) Version/16.3 Mobile/15E148 Safari/604.1 MicroMessenger/8.0.32(0x18001B3F) NetType/WIFI Language/zh_CN"
66.249.69.37 - - [25/Aug/2026:04:07:42 +0530] "GET /robots.txt HTTP/1.1" 404 - "-" "Mozilla/5.0 (compatible; Googlebot/2.1; +http://www.google.com/bot.html)"
66.249.69.37 - - [25/Aug/2026:04:07:42 +0530] "GET /?item/10374085254897.html HTTP/1.1" 200 859 "-" "Mozilla/5.0 (Linux; Android 6.0.1; Nexus 5X Build/MMB29P) AppleWebKit/537.36 (KHTML, like Gecko) Chrome/151.0.7922.137 Mobile Safari/537.36 (compatible; Googlebot/2.1; +http://www.google.com/bot.html)"
66.249.69.38 - - [25/Aug/2026:04:08:11 +0530] "GET /?item/30462326035768.html HTTP/1.1" 200 859 "-" "Mozilla/5.0 (Linux; Android 6.0.1; Nexus 5X Build/MMB29P) AppleWebKit/537.36 (KHTML, like Gecko) Chrome/151.0.7922.137 Mobile Safari/537.36 (compatible; Googlebot/2.1; +http://www.google.com/bot.html)"
66.249.69.38 - - [25/Aug/2026:04:08:25 +0530] "GET /?item/16890085709588.htmlm HTTP/1.1" 200 859 "-" "Mozilla/5.0 (Linux; Android 6.0.1; Nexus 5X Build/MMB29P) AppleWebKit/537.36 (KHTML, like Gecko) Chrome/151.0.7922.137 Mobile Safari/537.36 (compatible; Googlebot/2.1; +http://www.google.com/bot.html)"
66.249.69.38 - - [25/Aug/2026:04:09:05 +0530] "GET /?item/12349705076728.html HTTP/1.1" 200 859 "-" "Mozilla/5.0 (Linux; Android 6.0.1; Nexus 5X Build/MMB29P) AppleWebKit/537.36 (KHTML, like Gecko) Chrome/151.0.7922.137 Mobile Safari/537.36 (compatible; Googlebot/2.1; +http://www.google.com/bot.html)"
66.249.69.37 - - [25/Aug/2026:04:09:23 +0530] "GET /?item/39141704418834.html HTTP/1.1" 200 859 "-" "Mozilla/5.0 (Linux; Android 6.0.1; Nexus 5X Build/MMB29P) AppleWebKit/537.36 (KHTML, like Gecko) Chrome/151.0.7922.137 Mobile Safari/537.36 (compatible; Googlebot/2.1; +http://www.google.com/bot.html)"
66.249.69.37 - - [25/Aug/2026:04:09:31 +0530] "GET /?item/35749725904027.htmlm HTTP/1.1" 200 859 "-" "Mozilla/5.0 (Linux; Android 6.0.1; Nexus 5X Build/MMB29P) AppleWebKit/537.36 (KHTML, like Gecko) Chrome/151.0.7922.137 Mobile Safari/537.36 (compatible; Googlebot/2.1; +http://www.google.com/bot.html)"
66.249.69.37 - - [25/Aug/2026:04:12:28 +0530] "GET /?item/40144213118707.html HTTP/1.1" 200 859 "-" "Mozilla/5.0 (Linux; Android 6.0.1; Nexus 5X Build/MMB29P) AppleWebKit/537.36 (KHTML, like Gecko) Chrome/151.0.7922.137 Mobile Safari/537.36 (compatible; Googlebot/2.1; +http://www.google.com/bot.html)"
186.122.2.225 - - [25/Aug/2026:04:14:30 +0530] "GET /?i=3033441894156 HTTP/1.1" 200 859 "https://www.ewayxpress.com/sitemap348.xml" "Mozilla/5.0 (Linux; Android 15; OPPO PCLM2) AppleWebKit/537.36 (KHTML, like Gecko) Chrome/151.0.5400.147 Mobile Safari/537.36"
66.249.69.37 - - [25/Aug/2026:04:15:41 +0530] "GET /?item/46273115337478.html HTTP/1.1" 200 859 "-" "Mozilla/5.0 (Linux; Android 6.0.1; Nexus 5X Build/MMB29P) AppleWebKit/537.36 (KHTML, like Gecko) Chrome/151.0.7922.137 Mobile Safari/537.36 (compatible; Googlebot/2.1; +http://www.google.com/bot.html)"
201.145.23.60 - - [25/Aug/2026:04:16:06 +0530] "GET /?i=2a51991274045 HTTP/1.1" 200 859 "https://www.ewayxpress.com/sitemap.xml" "Mozilla/5.0 (iPhone; CPU iPhone OS 18_3 like Mac OS X) AppleWebKit/605.1.15 (KHTML, like Gecko) Version/18.3 Mobile/15E148 Safari/604.1 MicroMessenger/8.0.47(0x18001B3F) NetType/WIFI Language/zh_CN"
66.249.69.37 - - [25/Aug/2026:04:16:39 +0530] "GET /?item/20286614114948.html HTTP/1.1" 200 859 "-" "Mozilla/5.0 (Linux; Android 6.0.1; Nexus 5X Build/MMB29P) AppleWebKit/537.36 (KHTML, like Gecko) Chrome/151.0.7922.137 Mobile Safari/537.36 (compatible; Googlebot/2.1; +http://www.google.com/bot.html)"
66.249.69.38 - - [25/Aug/2026:04:16:44 +0530] "GET /?item/33628793603072.html HTTP/1.1" 200 859 "-" "Mozilla/5.0 (Linux; Android 6.0.1; Nexus 5X Build/MMB29P) AppleWebKit/537.36 (KHTML, like Gecko) Chrome/151.0.7922.137 Mobile Safari/537.36 (compatible; Googlebot/2.1; +http://www.google.com/bot.html)"
66.249.69.38 - - [25/Aug/2026:04:16:45 +0530] "GET /shop/?video=%E0%B8%AA%E0%B8%A5%E0%B9%87%E0%B8%AD%E0%B8%95777%E0%B8%9F%E0%B8%A3%E0%B8%B5%E0%B9%80%E0%B8%84%E0%B8%A3%E0%B8%94%E0%B8%B4%E0%B8%95 HTTP/1.1" 404 - "-" "Mozilla/5.0 (compatible; Googlebot/2.1; +http://www.google.com/bot.html)"
66.249.69.38 - - [25/Aug/2026:04:17:52 +0530] "GET /?item/25264666211584.htmlm HTTP/1.1" 200 859 "-" "Mozilla/5.0 (Linux; Android 6.0.1; Nexus 5X Build/MMB29P) AppleWebKit/537.36 (KHTML, like Gecko) Chrome/151.0.7922.137 Mobile Safari/537.36 (compatible; Googlebot/2.1; +http://www.google.com/bot.html)"
66.249.69.38 - - [25/Aug/2026:04:18:29 +0530] "GET /?item/22627904608834.html HTTP/1.1" 200 859 "-" "Mozilla/5.0 (Linux; Android 6.0.1; Nexus 5X Build/MMB29P) AppleWebKit/537.36 (KHTML, like Gecko) Chrome/151.0.7922.137 Mobile Safari/537.36 (compatible; Googlebot/2.1; +http://www.google.com/bot.html)"
66.249.69.37 - - [25/Aug/2026:04:18:49 +0530] "GET /?item/17688013311644.htmlm HTTP/1.1" 200 859 "-" "Mozilla/5.0 (Linux; Android 6.0.1; Nexus 5X Build/MMB29P) AppleWebKit/537.36 (KHTML, like Gecko) Chrome/151.0.7922.137 Mobile Safari/537.36 (compatible; Googlebot/2.1; +http://www.google.com/bot.html)"
93.157.194.66 - - [25/Aug/2026:04:19:00 +0530] "GET /?i=2882341026980 HTTP/1.1" 200 859 "https://www.ewayxpress.com/sitemap630.xml" "Mozilla/5.0 (iPhone; CPU iPhone OS 17_5 like Mac OS X) AppleWebKit/605.1.15 (KHTML, like Gecko) Version/17.5 Mobile/15E148 Safari/604.1"
66.249.69.37 - - [25/Aug/2026:04:19:04 +0530] "GET /?item/13191015162407.html HTTP/1.1" 200 859 "-" "Mozilla/5.0 (Linux; Android 6.0.1; Nexus 5X Build/MMB29P) AppleWebKit/537.36 (KHTML, like Gecko) Chrome/151.0.7922.137 Mobile Safari/537.36 (compatible; Googlebot/2.1; +http://www.google.com/bot.html)"
20.196.209.81 - - [25/Aug/2026:04:19:06 +0530] "GET / HTTP/1.1" 200 859 "-" "Mozilla/5.0 (Windows NT 10.0; Win64; x64) AppleWebKit/537.36 (KHTML, like Gecko) Chrome/120.0.0.0 Safari/537.36"
20.196.209.81 - - [25/Aug/2026:04:19:06 +0530] "GET /inputs.php HTTP/1.1" 404 16 "-" "Mozilla/5.0 (Windows NT 10.0; Win64; x64) AppleWebKit/537.36 (KHTML, like Gecko) Chrome/120.0.0.0 Safari/537.36"
20.196.209.81 - - [25/Aug/2026:04:19:06 +0530] "GET /ioxi-o.php HTTP/1.1" 404 16 "-" "Mozilla/5.0 (Windows NT 10.0; Win64; x64) AppleWebKit/537.36 (KHTML, like Gecko) Chrome/120.0.0.0 Safari/537.36"
20.196.209.81 - - [25/Aug/2026:04:19:06 +0530] "GET /function/function.php HTTP/1.1" 404 - "-" "Mozilla/5.0 (Windows NT 10.0; Win64; x64) AppleWebKit/537.36 (KHTML, like Gecko) Chrome/120.0.0.0 Safari/537.36"
20.196.209.81 - - [25/Aug/2026:04:19:07 +0530] "GET /rip.php HTTP/1.1" 404 16 "-" "Mozilla/5.0 (Windows NT 10.0; Win64; x64) AppleWebKit/537.36 (KHTML, like Gecko) Chrome/120.0.0.0 Safari/537.36"
20.196.209.81 - - [25/Aug/2026:04:19:07 +0530] "GET /admin.php HTTP/1.1" 404 16 "-" "Mozilla/5.0 (Windows NT 10.0; Win64; x64) AppleWebKit/537.36 (KHTML, like Gecko) Chrome/120.0.0.0 Safari/537.36"
20.196.209.81 - - [25/Aug/2026:04:19:07 +0530] "GET /wp-content/uploads/index.php HTTP/1.1" 404 - "-" "Mozilla/5.0 (Windows NT 10.0; Win64; x64) AppleWebKit/537.36 (KHTML, like Gecko) Chrome/120.0.0.0 Safari/537.36"
20.196.209.81 - - [25/Aug/2026:04:19:07 +0530] "GET /cache.php HTTP/1.1" 404 16 "-" "Mozilla/5.0 (Windows NT 10.0; Win64; x64) AppleWebKit/537.36 (KHTML, like Gecko) Chrome/120.0.0.0 Safari/537.36"
20.196.209.81 - - [25/Aug/2026:04:19:07 +0530] "GET /themes.php HTTP/1.1" 404 16 "-" "Mozilla/5.0 (Windows NT 10.0; Win64; x64) AppleWebKit/537.36 (KHTML, like Gecko) Chrome/120.0.0.0 Safari/537.36"
20.196.209.81 - - [25/Aug/2026:04:19:08 +0530] "GET /an.php HTTP/1.1" 404 16 "-" "Mozilla/5.0 (Windows NT 10.0; Win64; x64) AppleWebKit/537.36 (KHTML, like Gecko) Chrome/120.0.0.0 Safari/537.36"
20.196.209.81 - - [25/Aug/2026:04:19:08 +0530] "GET /index/function.php HTTP/1.1" 404 - "-" "Mozilla/5.0 (Windows NT 10.0; Win64; x64) AppleWebKit/537.36 (KHTML, like Gecko) Chrome/120.0.0.0 Safari/537.36"
20.196.209.81 - - [25/Aug/2026:04:19:08 +0530] "GET /randkeyword.PhP7 HTTP/1.1" 404 - "-" "Mozilla/5.0 (Windows NT 10.0; Win64; x64) AppleWebKit/537.36 (KHTML, like Gecko) Chrome/120.0.0.0 Safari/537.36"
20.196.209.81 - - [25/Aug/2026:04:19:08 +0530] "GET /ws.php HTTP/1.1" 404 16 "-" "Mozilla/5.0 (Windows NT 10.0; Win64; x64) AppleWebKit/537.36 (KHTML, like Gecko) Chrome/120.0.0.0 Safari/537.36"
20.196.209.81 - - [25/Aug/2026:04:19:09 +0530] "GET /404.php HTTP/1.1" 404 16 "-" "Mozilla/5.0 (Windows NT 10.0; Win64; x64) AppleWebKit/537.36 (KHTML, like Gecko) Chrome/120.0.0.0 Safari/537.36"
20.196.209.81 - - [25/Aug/2026:04:19:09 +0530] "GET /wp-admin/user.php HTTP/1.1" 404 - "-" "Mozilla/5.0 (Windows NT 10.0; Win64; x64) AppleWebKit/537.36 (KHTML, like Gecko) Chrome/120.0.0.0 Safari/537.36"
20.196.209.81 - - [25/Aug/2026:04:19:09 +0530] "GET /wp-conf.php HTTP/1.1" 404 16 "-" "Mozilla/5.0 (Windows NT 10.0; Win64; x64) AppleWebKit/537.36 (KHTML, like Gecko) Chrome/120.0.0.0 Safari/537.36"
20.196.209.81 - - [25/Aug/2026:04:19:09 +0530] "GET /wp-content/themes/hideo/network.php HTTP/1.1" 404 - "-" "Mozilla/5.0 (Windows NT 10.0; Win64; x64) AppleWebKit/537.36 (KHTML, like Gecko) Chrome/120.0.0.0 Safari/537.36"
20.196.209.81 - - [25/Aug/2026:04:19:10 +0530] "GET /wp-login.php HTTP/1.1" 404 16 "-" "Mozilla/5.0 (Windows NT 10.0; Win64; x64) AppleWebKit/537.36 (KHTML, like Gecko) Chrome/120.0.0.0 Safari/537.36"
20.196.209.81 - - [25/Aug/2026:04:19:10 +0530] "GET /abc.php HTTP/1.1" 404 16 "-" "Mozilla/5.0 (Windows NT 10.0; Win64; x64) AppleWebKit/537.36 (KHTML, like Gecko) Chrome/120.0.0.0 Safari/537.36"
20.196.209.81 - - [25/Aug/2026:04:19:10 +0530] "GET /abcd.php HTTP/1.1" 404 16 "-" "Mozilla/5.0 (Windows NT 10.0; Win64; x64) AppleWebKit/537.36 (KHTML, like Gecko) Chrome/120.0.0.0 Safari/537.36"
20.196.209.81 - - [25/Aug/2026:04:19:10 +0530] "GET /as.php HTTP/1.1" 404 16 "-" "Mozilla/5.0 (Windows NT 10.0; Win64; x64) AppleWebKit/537.36 (KHTML, like Gecko) Chrome/120.0.0.0 Safari/537.36"
20.196.209.81 - - [25/Aug/2026:04:19:10 +0530] "GET /wp-trackback.php HTTP/1.1" 404 16 "-" "Mozilla/5.0 (Windows NT 10.0; Win64; x64) AppleWebKit/537.36 (KHTML, like Gecko) Chrome/120.0.0.0 Safari/537.36"
20.196.209.81 - - [25/Aug/2026:04:19:11 +0530] "GET /about.php HTTP/1.1" 404 16 "-" "Mozilla/5.0 (Windows NT 10.0; Win64; x64) AppleWebKit/537.36 (KHTML, like Gecko) Chrome/120.0.0.0 Safari/537.36"
20.196.209.81 - - [25/Aug/2026:04:19:11 +0530] "GET /file.php HTTP/1.1" 404 16 "-" "Mozilla/5.0 (Windows NT 10.0; Win64; x64) AppleWebKit/537.36 (KHTML, like Gecko) Chrome/120.0.0.0 Safari/537.36"
20.196.209.81 - - [25/Aug/2026:04:19:11 +0530] "GET /adminfuns.php HTTP/1.1" 404 16 "-" "Mozilla/5.0 (Windows NT 10.0; Win64; x64) AppleWebKit/537.36 (KHTML, like Gecko) Chrome/120.0.0.0 Safari/537.36"
20.196.209.81 - - [25/Aug/2026:04:19:11 +0530] "GET /wp-good.php HTTP/1.1" 404 16 "-" "Mozilla/5.0 (Windows NT 10.0; Win64; x64) AppleWebKit/537.36 (KHTML, like Gecko) Chrome/120.0.0.0 Safari/537.36"
20.196.209.81 - - [25/Aug/2026:04:19:12 +0530] "GET /xmlrpc.php HTTP/1.1" 404 16 "-" "Mozilla/5.0 (Windows NT 10.0; Win64; x64) AppleWebKit/537.36 (KHTML, like Gecko) Chrome/120.0.0.0 Safari/537.36"
20.196.209.81 - - [25/Aug/2026:04:19:12 +0530] "GET /goods.php HTTP/1.1" 404 16 "-" "Mozilla/5.0 (Windows NT 10.0; Win64; x64) AppleWebKit/537.36 (KHTML, like Gecko) Chrome/120.0.0.0 Safari/537.36"
20.196.209.81 - - [25/Aug/2026:04:19:12 +0530] "GET /class-t.api.php HTTP/1.1" 404 16 "-" "Mozilla/5.0 (Windows NT 10.0; Win64; x64) AppleWebKit/537.36 (KHTML, like Gecko) Chrome/120.0.0.0 Safari/537.36"
20.196.209.81 - - [25/Aug/2026:04:19:12 +0530] "GET /sf.php HTTP/1.1" 404 16 "-" "Mozilla/5.0 (Windows NT 10.0; Win64; x64) AppleWebKit/537.36 (KHTML, like Gecko) Chrome/120.0.0.0 Safari/537.36"
20.196.209.81 - - [25/Aug/2026:04:19:12 +0530] "GET /kbfr.php HTTP/1.1" 404 16 "-" "Mozilla/5.0 (Windows NT 10.0; Win64; x64) AppleWebKit/537.36 (KHTML, like Gecko) Chrome/120.0.0.0 Safari/537.36"
20.196.209.81 - - [25/Aug/2026:04:19:13 +0530] "GET /autoload_classmap.php HTTP/1.1" 404 16 "-" "Mozilla/5.0 (Windows NT 10.0; Win64; x64) AppleWebKit/537.36 (KHTML, like Gecko) Chrome/120.0.0.0 Safari/537.36"
20.196.209.81 - - [25/Aug/2026:04:19:13 +0530] "GET /chosen.php?p= HTTP/1.1" 404 16 "-" "Mozilla/5.0 (Windows NT 10.0; Win64; x64) AppleWebKit/537.36 (KHTML, like Gecko) Chrome/120.0.0.0 Safari/537.36"
20.196.209.81 - - [25/Aug/2026:04:19:13 +0530] "GET /classwithtostring.php HTTP/1.1" 404 16 "-" "Mozilla/5.0 (Windows NT 10.0; Win64; x64) AppleWebKit/537.36 (KHTML, like Gecko) Chrome/120.0.0.0 Safari/537.36"
20.196.209.81 - - [25/Aug/2026:04:19:13 +0530] "GET /defaults.php HTTP/1.1" 404 16 "-" "Mozilla/5.0 (Windows NT 10.0; Win64; x64) AppleWebKit/537.36 (KHTML, like Gecko) Chrome/120.0.0.0 Safari/537.36"
20.196.209.81 - - [25/Aug/2026:04:19:14 +0530] "GET /.well-known/ HTTP/1.1" 404 - "-" "Mozilla/5.0 (Windows NT 10.0; Win64; x64) AppleWebKit/537.36 (KHTML, like Gecko) Chrome/120.0.0.0 Safari/537.36"
20.196.209.81 - - [25/Aug/2026:04:19:14 +0530] "GET /info.php HTTP/1.1" 404 16 "-" "Mozilla/5.0 (Windows NT 10.0; Win64; x64) AppleWebKit/537.36 (KHTML, like Gecko) Chrome/120.0.0.0 Safari/537.36"
20.196.209.81 - - [25/Aug/2026:04:19:14 +0530] "GET /cgi-bin/ HTTP/1.1" 404 - "-" "Mozilla/5.0 (Windows NT 10.0; Win64; x64) AppleWebKit/537.36 (KHTML, like Gecko) Chrome/120.0.0.0 Safari/537.36"
20.196.209.81 - - [25/Aug/2026:04:19:14 +0530] "GET /wp-includes/Requests/src/Response/about.php HTTP/1.1" 404 - "-" "Mozilla/5.0 (Windows NT 10.0; Win64; x64) AppleWebKit/537.36 (KHTML, like Gecko) Chrome/120.0.0.0 Safari/537.36"
20.196.209.81 - - [25/Aug/2026:04:19:15 +0530] "GET /wp-includes/html-api/ HTTP/1.1" 404 - "-" "Mozilla/5.0 (Windows NT 10.0; Win64; x64) AppleWebKit/537.36 (KHTML, like Gecko) Chrome/120.0.0.0 Safari/537.36"
20.196.209.81 - - [25/Aug/2026:04:19:15 +0530] "GET /wp-content/admin.php HTTP/1.1" 404 16 "-" "Mozilla/5.0 (Windows NT 10.0; Win64; x64) AppleWebKit/537.36 (KHTML, like Gecko) Chrome/120.0.0.0 Safari/537.36"
20.196.209.81 - - [25/Aug/2026:04:19:15 +0530] "GET /wp-admin/css/colors/ectoplasm/ HTTP/1.1" 404 - "-" "Mozilla/5.0 (Windows NT 10.0; Win64; x64) AppleWebKit/537.36 (KHTML, like Gecko) Chrome/120.0.0.0 Safari/537.36"
20.196.209.81 - - [25/Aug/2026:04:19:15 +0530] "GET /wp-content/uploads/ HTTP/1.1" 404 - "-" "Mozilla/5.0 (Windows NT 10.0; Win64; x64) AppleWebKit/537.36 (KHTML, like Gecko) Chrome/120.0.0.0 Safari/537.36"
20.196.209.81 - - [25/Aug/2026:04:19:15 +0530] "GET /wp-content/themes/admin.php HTTP/1.1" 404 - "-" "Mozilla/5.0 (Windows NT 10.0; Win64; x64) AppleWebKit/537.36 (KHTML, like Gecko) Chrome/120.0.0.0 Safari/537.36"
20.196.209.81 - - [25/Aug/2026:04:19:16 +0530] "GET /wp-content/themes/index.php HTTP/1.1" 404 - "-" "Mozilla/5.0 (Windows NT 10.0; Win64; x64) AppleWebKit/537.36 (KHTML, like Gecko) Chrome/120.0.0.0 Safari/537.36"
20.196.209.81 - - [25/Aug/2026:04:19:16 +0530] "GET /wp-content/plugins/index.php HTTP/1.1" 404 - "-" "Mozilla/5.0 (Windows NT 10.0; Win64; x64) AppleWebKit/537.36 (KHTML, like Gecko) Chrome/120.0.0.0 Safari/537.36"
20.196.209.81 - - [25/Aug/2026:04:19:16 +0530] "GET /wp-includes/PHPMailer/ HTTP/1.1" 404 - "-" "Mozilla/5.0 (Windows NT 10.0; Win64; x64) AppleWebKit/537.36 (KHTML, like Gecko) Chrome/120.0.0.0 Safari/537.36"
20.196.209.81 - - [25/Aug/2026:04:19:16 +0530] "GET /wp-includes/images/ HTTP/1.1" 404 - "-" "Mozilla/5.0 (Windows NT 10.0; Win64; x64) AppleWebKit/537.36 (KHTML, like Gecko) Chrome/120.0.0.0 Safari/537.36"
20.196.209.81 - - [25/Aug/2026:04:19:17 +0530] "GET /wp-content/plugins/WordPressCore/ HTTP/1.1" 404 - "-" "Mozilla/5.0 (Windows NT 10.0; Win64; x64) AppleWebKit/537.36 (KHTML, like Gecko) Chrome/120.0.0.0 Safari/537.36"
66.249.69.37 - - [25/Aug/2026:04:19:26 +0530] "GET /?item/35234482771663.htmlm HTTP/1.1" 200 859 "-" "Mozilla/5.0 (Linux; Android 6.0.1; Nexus 5X Build/MMB29P) AppleWebKit/537.36 (KHTML, like Gecko) Chrome/151.0.7922.137 Mobile Safari/537.36 (compatible; Googlebot/2.1; +http://www.google.com/bot.html)"
66.249.69.37 - - [25/Aug/2026:04:21:00 +0530] "GET /?item/13671665330247.html HTTP/1.1" 200 859 "-" "Mozilla/5.0 (Linux; Android 6.0.1; Nexus 5X Build/MMB29P) AppleWebKit/537.36 (KHTML, like Gecko) Chrome/151.0.7922.137 Mobile Safari/537.36 (compatible; Googlebot/2.1; +http://www.google.com/bot.html)"
185.114.55.44 - - [25/Aug/2026:04:21:44 +0530] "GET /?i=2764032372599 HTTP/1.1" 200 859 "https://www.ewayxpress.com/sitemap42.xml" "Mozilla/5.0 (iPhone; CPU iPhone OS 18_0 like Mac OS X) AppleWebKit/605.1.15 (KHTML, like Gecko) Version/18.0 Mobile/15E148 Safari/604.1 MicroMessenger/8.0.39(0x18001B3F) NetType/WIFI Language/zh_CN"
47.128.49.89 - - [25/Aug/2026:04:23:11 +0530] "GET /robots.txt HTTP/1.1" 404 - "-" "Mozilla/5.0 (Linux; Android 5.0) AppleWebKit/537.36 (KHTML, like Gecko) Mobile Safari/537.36 (compatible; Bytespider; https://bytedance.sg.larkoffice.com/docx/K5bxdypulop3IIxrJb0lOjLVgFe)"
66.249.69.37 - - [25/Aug/2026:04:23:40 +0530] "GET /?item/17476032728860.htmlm HTTP/1.1" 200 859 "-" "Mozilla/5.0 (Linux; Android 6.0.1; Nexus 5X Build/MMB29P) AppleWebKit/537.36 (KHTML, like Gecko) Chrome/151.0.7922.137 Mobile Safari/537.36 (compatible; Googlebot/2.1; +http://www.google.com/bot.html)"
66.249.69.37 - - [25/Aug/2026:04:26:25 +0530] "GET /?item/22980094115325.html HTTP/1.1" 200 859 "-" "Mozilla/5.0 (Linux; Android 6.0.1; Nexus 5X Build/MMB29P) AppleWebKit/537.36 (KHTML, like Gecko) Chrome/151.0.7922.137 Mobile Safari/537.36 (compatible; Googlebot/2.1; +http://www.google.com/bot.html)"
66.249.69.38 - - [25/Aug/2026:04:27:07 +0530] "GET /?item/45927722379040.html HTTP/1.1" 200 859 "-" "Mozilla/5.0 (Linux; Android 6.0.1; Nexus 5X Build/MMB29P) AppleWebKit/537.36 (KHTML, like Gecko) Chrome/151.0.7922.137 Mobile Safari/537.36 (compatible; Googlebot/2.1; +http://www.google.com/bot.html)"
85.223.10.195 - - [25/Aug/2026:04:27:14 +0530] "GET /?i=261ec61852649 HTTP/1.1" 200 859 "https://www.ewayxpress.com/sitemap.xml" "Mozilla/5.0 (iPhone; CPU iPhone OS 17_2 like Mac OS X) AppleWebKit/605.1.15 (KHTML, like Gecko) Version/17.2 Mobile/15E148 Safari/604.1 MicroMessenger/8.0.43(0x18001B3F) NetType/WIFI Language/zh_CN"
66.249.69.38 - - [25/Aug/2026:04:27:24 +0530] "GET /?item/37853132442499.html HTTP/1.1" 200 859 "-" "Mozilla/5.0 (Linux; Android 6.0.1; Nexus 5X Build/MMB29P) AppleWebKit/537.36 (KHTML, like Gecko) Chrome/151.0.7922.137 Mobile Safari/537.36 (compatible; Googlebot/2.1; +http://www.google.com/bot.html)"
66.249.69.39 - - [25/Aug/2026:04:28:34 +0530] "GET /?item/49856454667925.html HTTP/1.1" 200 859 "-" "Mozilla/5.0 (Linux; Android 6.0.1; Nexus 5X Build/MMB29P) AppleWebKit/537.36 (KHTML, like Gecko) Chrome/151.0.7922.137 Mobile Safari/537.36 (compatible; Googlebot/2.1; +http://www.google.com/bot.html)"
51.68.235.38 - - [25/Aug/2026:04:29:04 +0530] "GET /robots.txt HTTP/1.1" 404 - "-" "Mozilla/5.0 (compatible; MJ12bot/v1.4.8; http://mj12bot.com/)"
51.68.235.38 - - [25/Aug/2026:04:29:05 +0530] "GET /%25000hbdfd$%25%23%23%23%2500/plugins/elementor/vendor_prefixed/twig/symfony/polyfill-php81/Resources/stubs/?C=N;O=D HTTP/1.1" 200 1298 "-" "Mozilla/5.0 (compatible; MJ12bot/v1.4.8; http://mj12bot.com/)"
51.68.235.38 - - [25/Aug/2026:04:29:07 +0530] "GET /%25000hbdfd$%25%23%23%23%2500/plugins/elementor/vendor_prefixed/twig/symfony/polyfill-php81/Resources/stubs/?C=S;O=D HTTP/1.1" 200 1298 "-" "Mozilla/5.0 (compatible; MJ12bot/v1.4.8; http://mj12bot.com/)"
51.68.235.38 - - [25/Aug/2026:04:29:14 +0530] "GET /%25000hbdfd$%25%23%23%23%2500/plugins/elementor/vendor_prefixed/twig/twig/twig/src/Attribute/?C=D;O=D HTTP/1.1" 200 1050 "-" "Mozilla/5.0 (compatible; MJ12bot/v1.4.8; http://mj12bot.com/)"
51.68.235.38 - - [25/Aug/2026:04:29:15 +0530] "GET /%25000hbdfd$%25%23%23%23%2500/plugins/elementor/vendor_prefixed/twig/twig/twig/src/Attribute/?C=M;O=D HTTP/1.1" 200 1050 "-" "Mozilla/5.0 (compatible; MJ12bot/v1.4.8; http://mj12bot.com/)"
51.68.235.38 - - [25/Aug/2026:04:29:17 +0530] "GET /%25000hbdfd$%25%23%23%23%2500/plugins/elementor/vendor_prefixed/twig/twig/twig/src/Attribute/?C=N;O=A HTTP/1.1" 200 1050 "-" "Mozilla/5.0 (compatible; MJ12bot/v1.4.8; http://mj12bot.com/)"
51.68.235.38 - - [25/Aug/2026:04:29:18 +0530] "GET /%25000hbdfd$%25%23%23%23%2500/plugins/elementor/vendor_prefixed/twig/twig/twig/src/Attribute/?C=S;O=D HTTP/1.1" 200 1050 "-" "Mozilla/5.0 (compatible; MJ12bot/v1.4.8; http://mj12bot.com/)"
51.68.235.38 - - [25/Aug/2026:04:29:20 +0530] "GET /%25000hbdfd$%25%23%23%23%2500/plugins/elementor/vendor_prefixed/twig/twig/twig/src/Cache/?C=D;O=D HTTP/1.1" 200 1794 "-" "Mozilla/5.0 (compatible; MJ12bot/v1.4.8; http://mj12bot.com/)"
51.68.235.38 - - [25/Aug/2026:04:29:22 +0530] "GET /%25000hbdfd$%25%23%23%23%2500/plugins/elementor/vendor_prefixed/twig/twig/twig/src/Cache/?C=M;O=D HTTP/1.1" 200 1794 "-" "Mozilla/5.0 (compatible; MJ12bot/v1.4.8; http://mj12bot.com/)"
51.68.235.38 - - [25/Aug/2026:04:29:23 +0530] "GET /%25000hbdfd$%25%23%23%23%2500/plugins/elementor/vendor_prefixed/twig/twig/twig/src/Cache/?C=N;O=A HTTP/1.1" 200 1794 "-" "Mozilla/5.0 (compatible; MJ12bot/v1.4.8; http://mj12bot.com/)"
51.68.235.38 - - [25/Aug/2026:04:29:25 +0530] "GET /%25000hbdfd$%25%23%23%23%2500/plugins/elementor/vendor_prefixed/twig/twig/twig/src/Cache/?C=S;O=D HTTP/1.1" 200 1794 "-" "Mozilla/5.0 (compatible; MJ12bot/v1.4.8; http://mj12bot.com/)"
51.68.235.38 - - [25/Aug/2026:04:29:26 +0530] "GET /%25000hbdfd$%25%23%23%23%2500/plugins/elementor/vendor_prefixed/twig/twig/twig/src/Cache/FilesystemCache.php HTTP/1.1" 500 - "-" "Mozilla/5.0 (compatible; MJ12bot/v1.4.8; http://mj12bot.com/)"
51.68.235.38 - - [25/Aug/2026:04:29:28 +0530] "GET /%25000hbdfd$%25%23%23%23%2500/plugins/elementor/vendor_prefixed/twig/twig/twig/src/Error/?C=D;O=D HTTP/1.1" 200 1587 "-" "Mozilla/5.0 (compatible; MJ12bot/v1.4.8; http://mj12bot.com/)"
51.68.235.38 - - [25/Aug/2026:04:29:29 +0530] "GET /%25000hbdfd$%25%23%23%23%2500/plugins/elementor/vendor_prefixed/twig/twig/twig/src/Error/?C=M;O=D HTTP/1.1" 200 1587 "-" "Mozilla/5.0 (compatible; MJ12bot/v1.4.8; http://mj12bot.com/)"
51.68.235.38 - - [25/Aug/2026:04:29:31 +0530] "GET /%25000hbdfd$%25%23%23%23%2500/plugins/elementor/vendor_prefixed/twig/twig/twig/src/Error/?C=N;O=A HTTP/1.1" 200 1587 "-" "Mozilla/5.0 (compatible; MJ12bot/v1.4.8; http://mj12bot.com/)"
51.68.235.38 - - [25/Aug/2026:04:29:32 +0530] "GET /%25000hbdfd$%25%23%23%23%2500/plugins/elementor/vendor_prefixed/twig/twig/twig/src/Error/?C=S;O=D HTTP/1.1" 200 1587 "-" "Mozilla/5.0 (compatible; MJ12bot/v1.4.8; http://mj12bot.com/)"
51.68.235.38 - - [25/Aug/2026:04:29:34 +0530] "GET /%25000hbdfd$%25%23%23%23%2500/plugins/elementor/vendor_prefixed/twig/twig/twig/src/Extension/?C=M;O=D HTTP/1.1" 200 3342 "-" "Mozilla/5.0 (compatible; MJ12bot/v1.4.8; http://mj12bot.com/)"
51.68.235.38 - - [25/Aug/2026:04:29:35 +0530] "GET /%25000hbdfd$%25%23%23%23%2500/plugins/elementor/vendor_prefixed/twig/twig/twig/src/Extension/?C=N;O=A HTTP/1.1" 200 3342 "-" "Mozilla/5.0 (compatible; MJ12bot/v1.4.8; http://mj12bot.com/)"
51.68.235.38 - - [25/Aug/2026:04:29:37 +0530] "GET /%25000hbdfd$%25%23%23%23%2500/plugins/elementor/vendor_prefixed/twig/twig/twig/src/Extension/?C=S;O=D HTTP/1.1" 200 3342 "-" "Mozilla/5.0 (compatible; MJ12bot/v1.4.8; http://mj12bot.com/)"
51.68.235.38 - - [25/Aug/2026:04:29:38 +0530] "GET /%25000hbdfd$%25%23%23%23%2500/plugins/elementor/vendor_prefixed/twig/twig/twig/src/Loader/?C=D;O=D HTTP/1.1" 200 1603 "-" "Mozilla/5.0 (compatible; MJ12bot/v1.4.8; http://mj12bot.com/)"
51.68.235.38 - - [25/Aug/2026:04:29:40 +0530] "GET /%25000hbdfd$%25%23%23%23%2500/plugins/elementor/vendor_prefixed/twig/twig/twig/src/Loader/?C=M;O=D HTTP/1.1" 200 1603 "-" "Mozilla/5.0 (compatible; MJ12bot/v1.4.8; http://mj12bot.com/)"
51.68.235.38 - - [25/Aug/2026:04:29:41 +0530] "GET /%25000hbdfd$%25%23%23%23%2500/plugins/elementor/vendor_prefixed/twig/twig/twig/src/Loader/?C=N;O=A HTTP/1.1" 200 1603 "-" "Mozilla/5.0 (compatible; MJ12bot/v1.4.8; http://mj12bot.com/)"
51.68.235.38 - - [25/Aug/2026:04:29:42 +0530] "GET /%25000hbdfd$%25%23%23%23%2500/plugins/elementor/vendor_prefixed/twig/twig/twig/src/Loader/?C=S;O=D HTTP/1.1" 200 1603 "-" "Mozilla/5.0 (compatible; MJ12bot/v1.4.8; http://mj12bot.com/)"
51.68.235.38 - - [25/Aug/2026:04:29:44 +0530] "GET /%25000hbdfd$%25%23%23%23%2500/plugins/elementor/vendor_prefixed/twig/twig/twig/src/Node/?C=D;O=D HTTP/1.1" 200 6177 "-" "Mozilla/5.0 (compatible; MJ12bot/v1.4.8; http://mj12bot.com/)"
51.68.235.38 - - [25/Aug/2026:04:29:45 +0530] "GET /%25000hbdfd$%25%23%23%23%2500/plugins/elementor/vendor_prefixed/twig/twig/twig/src/Node/?C=M;O=D HTTP/1.1" 200 6177 "-" "Mozilla/5.0 (compatible; MJ12bot/v1.4.8; http://mj12bot.com/)"
66.249.69.39 - - [25/Aug/2026:04:29:46 +0530] "GET /?item/28231635553192.html HTTP/1.1" 200 859 "-" "Mozilla/5.0 (Linux; Android 6.0.1; Nexus 5X Build/MMB29P) AppleWebKit/537.36 (KHTML, like Gecko) Chrome/151.0.7922.137 Mobile Safari/537.36 (compatible; Googlebot/2.1; +http://www.google.com/bot.html)"
51.68.235.38 - - [25/Aug/2026:04:29:47 +0530] "GET /%25000hbdfd$%25%23%23%23%2500/plugins/elementor/vendor_prefixed/twig/twig/twig/src/Node/?C=N;O=A HTTP/1.1" 200 6177 "-" "Mozilla/5.0 (compatible; MJ12bot/v1.4.8; http://mj12bot.com/)"
51.68.235.38 - - [25/Aug/2026:04:29:48 +0530] "GET /%25000hbdfd$%25%23%23%23%2500/plugins/elementor/vendor_prefixed/twig/twig/twig/src/Node/?C=S;O=D HTTP/1.1" 200 6177 "-" "Mozilla/5.0 (compatible; MJ12bot/v1.4.8; http://mj12bot.com/)"
51.68.235.38 - - [25/Aug/2026:04:29:50 +0530] "GET /%25000hbdfd$%25%23%23%23%2500/plugins/elementor/vendor_prefixed/twig/twig/twig/src/Node/ForLoopNode.php HTTP/1.1" 500 - "-" "Mozilla/5.0 (compatible; MJ12bot/v1.4.8; http://mj12bot.com/)"
51.68.235.38 - - [25/Aug/2026:04:29:51 +0530] "GET /%25000hbdfd$%25%23%23%23%2500/plugins/elementor/vendor_prefixed/twig/twig/twig/src/Node/ForNode.php HTTP/1.1" 500 - "-" "Mozilla/5.0 (compatible; MJ12bot/v1.4.8; http://mj12bot.com/)"
51.68.235.38 - - [25/Aug/2026:04:29:52 +0530] "GET /%25000hbdfd$%25%23%23%23%2500/plugins/elementor/vendor_prefixed/twig/twig/twig/src/Node/IfNode.php HTTP/1.1" 500 - "-" "Mozilla/5.0 (compatible; MJ12bot/v1.4.8; http://mj12bot.com/)"
66.249.69.38 - - [25/Aug/2026:04:29:54 +0530] "GET /?item/48098543652302.html HTTP/1.1" 200 859 "-" "Mozilla/5.0 (Linux; Android 6.0.1; Nexus 5X Build/MMB29P) AppleWebKit/537.36 (KHTML, like Gecko) Chrome/151.0.7922.137 Mobile Safari/537.36 (compatible; Googlebot/2.1; +http://www.google.com/bot.html)"
51.68.235.38 - - [25/Aug/2026:04:29:54 +0530] "GET /%25000hbdfd$%25%23%23%23%2500/plugins/elementor/vendor_prefixed/twig/twig/twig/src/Node/ImportNode.php HTTP/1.1" 500 - "-" "Mozilla/5.0 (compatible; MJ12bot/v1.4.8; http://mj12bot.com/)"
51.68.235.38 - - [25/Aug/2026:04:29:55 +0530] "GET /%25000hbdfd$%25%23%23%23%2500/plugins/elementor/vendor_prefixed/twig/twig/twig/src/Node/IncludeNode.php HTTP/1.1" 500 - "-" "Mozilla/5.0 (compatible; MJ12bot/v1.4.8; http://mj12bot.com/)"
51.68.235.38 - - [25/Aug/2026:04:29:57 +0530] "GET /%25000hbdfd$%25%23%23%23%2500/plugins/elementor/vendor_prefixed/twig/twig/twig/src/Node/MacroNode.php HTTP/1.1" 500 - "-" "Mozilla/5.0 (compatible; MJ12bot/v1.4.8; http://mj12bot.com/)"
51.68.235.38 - - [25/Aug/2026:04:29:58 +0530] "GET /%25000hbdfd$%25%23%23%23%2500/plugins/elementor/vendor_prefixed/twig/twig/twig/src/Node/ModuleNode.php HTTP/1.1" 500 - "-" "Mozilla/5.0 (compatible; MJ12bot/v1.4.8; http://mj12bot.com/)"
51.68.235.38 - - [25/Aug/2026:04:30:00 +0530] "GET /%25000hbdfd$%25%23%23%23%2500/plugins/elementor/vendor_prefixed/twig/twig/twig/src/Node/NameDeprecation.php HTTP/1.1" 200 - "-" "Mozilla/5.0 (compatible; MJ12bot/v1.4.8; http://mj12bot.com/)"
2.91.198.242 - - [25/Aug/2026:04:30:00 +0530] "GET /?i=249ecf2271161 HTTP/1.1" 200 859 "https://www.ewayxpress.com/sitemap348.xml" "Mozilla/5.0 (Linux; Android 13; V2184) AppleWebKit/537.36 (KHTML, like Gecko) Chrome/152.0.5697.14 Mobile Safari/537.36"
51.68.235.38 - - [25/Aug/2026:04:30:01 +0530] "GET /%25000hbdfd$%25%23%23%23%2500/plugins/elementor/vendor_prefixed/twig/twig/twig/src/Node/Node.php HTTP/1.1" 200 - "-" "Mozilla/5.0 (compatible; MJ12bot/v1.4.8; http://mj12bot.com/)"
51.68.235.38 - - [25/Aug/2026:04:30:03 +0530] "GET /%25000hbdfd$%25%23%23%23%2500/plugins/elementor/vendor_prefixed/twig/twig/twig/src/Node/NodeCaptureInterface.php HTTP/1.1" 200 - "-" "Mozilla/5.0 (compatible; MJ12bot/v1.4.8; http://mj12bot.com/)"
51.68.235.38 - - [25/Aug/2026:04:30:10 +0530] "GET /%25000hbdfd$%25%23%23%23%2500/plugins/fluent-smtp/includes/libs/google-api-client/build/vendor/phpseclib/phpseclib/phpseclib/System/SSH/Common/?C=S;O=D HTTP/1.1" 200 1196 "-" "Mozilla/5.0 (compatible; MJ12bot/v1.4.8; http://mj12bot.com/)"
66.249.69.37 - - [25/Aug/2026:04:30:24 +0530] "GET /?item/10676482405414.html HTTP/1.1" 200 859 "-" "Mozilla/5.0 (Linux; Android 6.0.1; Nexus 5X Build/MMB29P) AppleWebKit/537.36 (KHTML, like Gecko) Chrome/151.0.7922.137 Mobile Safari/537.36 (compatible; Googlebot/2.1; +http://www.google.com/bot.html)"
115.134.67.90 - - [25/Aug/2026:04:32:49 +0530] "GET /?i=23616e2470824 HTTP/1.1" 200 859 "https://www.ewayxpress.com/sitemap348.xml" "Mozilla/5.0 (Linux; Android 12; V2180) AppleWebKit/537.36 (KHTML, like Gecko) Chrome/141.0.5530.60 Mobile Safari/537.36"
66.249.69.37 - - [25/Aug/2026:04:33:21 +0530] "GET /?item/45543563056624.htmlm HTTP/1.1" 200 859 "-" "Mozilla/5.0 (Linux; Android 6.0.1; Nexus 5X Build/MMB29P) AppleWebKit/537.36 (KHTML, like Gecko) Chrome/151.0.7922.137 Mobile Safari/537.36 (compatible; Googlebot/2.1; +http://www.google.com/bot.html)"
66.249.69.38 - - [25/Aug/2026:04:33:28 +0530] "GET /?item/46836455757594.html HTTP/1.1" 200 859 "-" "Mozilla/5.0 (Linux; Android 6.0.1; Nexus 5X Build/MMB29P) AppleWebKit/537.36 (KHTML, like Gecko) Chrome/151.0.7922.137 Mobile Safari/537.36 (compatible; Googlebot/2.1; +http://www.google.com/bot.html)"
66.249.69.37 - - [25/Aug/2026:04:33:35 +0530] "GET /?item/47084475759197.htmlm HTTP/1.1" 200 859 "-" "Mozilla/5.0 (Linux; Android 6.0.1; Nexus 5X Build/MMB29P) AppleWebKit/537.36 (KHTML, like Gecko) Chrome/151.0.7922.137 Mobile Safari/537.36 (compatible; Googlebot/2.1; +http://www.google.com/bot.html)"
66.249.69.37 - - [25/Aug/2026:04:34:07 +0530] "GET /?item/31860274122989.htmlm HTTP/1.1" 200 859 "-" "Mozilla/5.0 (Linux; Android 6.0.1; Nexus 5X Build/MMB29P) AppleWebKit/537.36 (KHTML, like Gecko) Chrome/151.0.7922.137 Mobile Safari/537.36 (compatible; Googlebot/2.1; +http://www.google.com/bot.html)"
66.249.69.38 - - [25/Aug/2026:04:34:41 +0530] "GET /?item/14273894945547.htmlm HTTP/1.1" 200 859 "-" "Mozilla/5.0 (Linux; Android 6.0.1; Nexus 5X Build/MMB29P) AppleWebKit/537.36 (KHTML, like Gecko) Chrome/151.0.7922.137 Mobile Safari/537.36 (compatible; Googlebot/2.1; +http://www.google.com/bot.html)"
66.249.69.37 - - [25/Aug/2026:04:34:53 +0530] "GET /?item/42398645315583.html HTTP/1.1" 200 859 "-" "Mozilla/5.0 (Linux; Android 6.0.1; Nexus 5X Build/MMB29P) AppleWebKit/537.36 (KHTML, like Gecko) Chrome/151.0.7922.137 Mobile Safari/537.36 (compatible; Googlebot/2.1; +http://www.google.com/bot.html)"
66.249.69.37 - - [25/Aug/2026:04:34:56 +0530] "GET /?item/40541225120647.htmlm HTTP/1.1" 200 859 "-" "Mozilla/5.0 (Linux; Android 6.0.1; Nexus 5X Build/MMB29P) AppleWebKit/537.36 (KHTML, like Gecko) Chrome/151.0.7922.137 Mobile Safari/537.36 (compatible; Googlebot/2.1; +http://www.google.com/bot.html)"
66.249.69.38 - - [25/Aug/2026:04:35:02 +0530] "GET /?item/38708175589005.htmlm HTTP/1.1" 200 859 "-" "Mozilla/5.0 (Linux; Android 6.0.1; Nexus 5X Build/MMB29P) AppleWebKit/537.36 (KHTML, like Gecko) Chrome/151.0.7922.137 Mobile Safari/537.36 (compatible; Googlebot/2.1; +http://www.google.com/bot.html)"
66.249.69.37 - - [25/Aug/2026:04:35:06 +0530] "GET /?item/26426324608200.html HTTP/1.1" 200 859 "-" "Mozilla/5.0 (Linux; Android 6.0.1; Nexus 5X Build/MMB29P) AppleWebKit/537.36 (KHTML, like Gecko) Chrome/151.0.7922.137 Mobile Safari/537.36 (compatible; Googlebot/2.1; +http://www.google.com/bot.html)"
66.249.69.37 - - [25/Aug/2026:04:35:13 +0530] "GET /?item/49979602784706.html HTTP/1.1" 200 859 "-" "Mozilla/5.0 (Linux; Android 6.0.1; Nexus 5X Build/MMB29P) AppleWebKit/537.36 (KHTML, like Gecko) Chrome/151.0.7922.137 Mobile Safari/537.36 (compatible; Googlebot/2.1; +http://www.google.com/bot.html)"
66.249.69.37 - - [25/Aug/2026:04:35:17 +0530] "GET /?item/46484823475787.htmlm HTTP/1.1" 200 859 "-" "Mozilla/5.0 (Linux; Android 6.0.1; Nexus 5X Build/MMB29P) AppleWebKit/537.36 (KHTML, like Gecko) Chrome/151.0.7922.137 Mobile Safari/537.36 (compatible; Googlebot/2.1; +http://www.google.com/bot.html)"
66.249.69.37 - - [25/Aug/2026:04:35:23 +0530] "GET /?item/46469432716576.html HTTP/1.1" 200 859 "-" "Mozilla/5.0 (Linux; Android 6.0.1; Nexus 5X Build/MMB29P) AppleWebKit/537.36 (KHTML, like Gecko) Chrome/151.0.7922.137 Mobile Safari/537.36 (compatible; Googlebot/2.1; +http://www.google.com/bot.html)"
66.249.69.37 - - [25/Aug/2026:04:35:27 +0530] "GET /?item/22987846317982.html HTTP/1.1" 200 859 "-" "Mozilla/5.0 (Linux; Android 6.0.1; Nexus 5X Build/MMB29P) AppleWebKit/537.36 (KHTML, like Gecko) Chrome/151.0.7922.137 Mobile Safari/537.36 (compatible; Googlebot/2.1; +http://www.google.com/bot.html)"
66.249.69.37 - - [25/Aug/2026:04:35:31 +0530] "GET /?item/29414582407648.html HTTP/1.1" 200 859 "-" "Mozilla/5.0 (Linux; Android 6.0.1; Nexus 5X Build/MMB29P) AppleWebKit/537.36 (KHTML, like Gecko) Chrome/151.0.7922.137 Mobile Safari/537.36 (compatible; Googlebot/2.1; +http://www.google.com/bot.html)"
66.249.69.37 - - [25/Aug/2026:04:35:43 +0530] "GET /?item/15744624348858.html HTTP/1.1" 200 859 "-" "Mozilla/5.0 (Linux; Android 6.0.1; Nexus 5X Build/MMB29P) AppleWebKit/537.36 (KHTML, like Gecko) Chrome/151.0.7922.137 Mobile Safari/537.36 (compatible; Googlebot/2.1; +http://www.google.com/bot.html)"
66.249.69.39 - - [25/Aug/2026:04:36:23 +0530] "GET /?item/23564692783220.html HTTP/1.1" 200 859 "-" "Mozilla/5.0 (Linux; Android 6.0.1; Nexus 5X Build/MMB29P) AppleWebKit/537.36 (KHTML, like Gecko) Chrome/151.0.7922.137 Mobile Safari/537.36 (compatible; Googlebot/2.1; +http://www.google.com/bot.html)"
66.249.69.37 - - [25/Aug/2026:04:36:48 +0530] "GET /?item/37262503598876.html HTTP/1.1" 200 859 "-" "Mozilla/5.0 (Linux; Android 6.0.1; Nexus 5X Build/MMB29P) AppleWebKit/537.36 (KHTML, like Gecko) Chrome/151.0.7922.137 Mobile Safari/537.36 (compatible; Googlebot/2.1; +http://www.google.com/bot.html)"
5.34.98.9 - - [25/Aug/2026:04:36:59 +0530] "GET /?i=2890961636278 HTTP/1.1" 200 859 "https://www.ewayxpress.com/sitemap599.xml" "Mozilla/5.0 (Linux; Android 15; OPPO PCLM0) AppleWebKit/537.36 (KHTML, like Gecko) Chrome/146.0.5922.125 Mobile Safari/537.36 MicroMessenger/8.0.35(0x18001B3F) NetType/WIFI Language/zh_CN"
66.249.69.38 - - [25/Aug/2026:04:37:31 +0530] "GET /?item/34487262709950.html HTTP/1.1" 200 859 "-" "Mozilla/5.0 (Linux; Android 6.0.1; Nexus 5X Build/MMB29P) AppleWebKit/537.36 (KHTML, like Gecko) Chrome/151.0.7922.137 Mobile Safari/537.36 (compatible; Googlebot/2.1; +http://www.google.com/bot.html)"
66.249.69.38 - - [25/Aug/2026:04:38:07 +0530] "GET /?item/25357792706145.html HTTP/1.1" 200 859 "-" "Mozilla/5.0 (Linux; Android 6.0.1; Nexus 5X Build/MMB29P) AppleWebKit/537.36 (KHTML, like Gecko) Chrome/151.0.7922.137 Mobile Safari/537.36 (compatible; Googlebot/2.1; +http://www.google.com/bot.html)"
66.249.69.37 - - [25/Aug/2026:04:38:44 +0530] "GET /?item/26387413525532.html HTTP/1.1" 200 859 "-" "Mozilla/5.0 (Linux; Android 6.0.1; Nexus 5X Build/MMB29P) AppleWebKit/537.36 (KHTML, like Gecko) Chrome/151.0.7922.137 Mobile Safari/537.36 (compatible; Googlebot/2.1; +http://www.google.com/bot.html)"
79.106.231.14 - - [25/Aug/2026:04:39:47 +0530] "GET /?i=273e831701196 HTTP/1.1" 200 859 "https://www.ewayxpress.com/sitemap630.xml" "Mozilla/5.0 (iPhone; CPU iPhone OS 16_2 like Mac OS X) AppleWebKit/605.1.15 (KHTML, like Gecko) Version/16.2 Mobile/15E148 Safari/604.1 MicroMessenger/8.0.44(0x18001B3F) NetType/WIFI Language/zh_CN"
66.249.69.37 - - [25/Aug/2026:04:40:05 +0530] "GET /?item/48875014248141.html HTTP/1.1" 200 859 "-" "Mozilla/5.0 (Linux; Android 6.0.1; Nexus 5X Build/MMB29P) AppleWebKit/537.36 (KHTML, like Gecko) Chrome/151.0.7922.137 Mobile Safari/537.36 (compatible; Googlebot/2.1; +http://www.google.com/bot.html)"
66.249.69.38 - - [25/Aug/2026:04:41:05 +0530] "GET /?item/35436136205122.html HTTP/1.1" 200 859 "-" "Mozilla/5.0 (Linux; Android 6.0.1; Nexus 5X Build/MMB29P) AppleWebKit/537.36 (KHTML, like Gecko) Chrome/151.0.7922.137 Mobile Safari/537.36 (compatible; Googlebot/2.1; +http://www.google.com/bot.html)"
38.156.230.174 - - [25/Aug/2026:04:41:12 +0530] "GET /?i=254076424513 HTTP/1.1" 200 859 "https://www.ewayxpress.com/sitemap.xml" "Mozilla/5.0 (iPhone; CPU iPhone OS 16_2 like Mac OS X) AppleWebKit/605.1.15 (KHTML, like Gecko) Version/16.2 Mobile/15E148 Safari/604.1"
66.249.69.38 - - [25/Aug/2026:04:42:17 +0530] "GET /?item/37610605680293.html HTTP/1.1" 200 859 "-" "Mozilla/5.0 (Linux; Android 6.0.1; Nexus 5X Build/MMB29P) AppleWebKit/537.36 (KHTML, like Gecko) Chrome/151.0.7922.137 Mobile Safari/537.36 (compatible; Googlebot/2.1; +http://www.google.com/bot.html)"
66.249.69.37 - - [25/Aug/2026:04:43:38 +0530] "GET /?item/44072515962104.html HTTP/1.1" 200 859 "-" "Mozilla/5.0 (Linux; Android 6.0.1; Nexus 5X Build/MMB29P) AppleWebKit/537.36 (KHTML, like Gecko) Chrome/151.0.7922.137 Mobile Safari/537.36 (compatible; Googlebot/2.1; +http://www.google.com/bot.html)"
66.249.69.37 - - [25/Aug/2026:04:45:08 +0530] "GET /?item/12938174349693.html HTTP/1.1" 200 859 "-" "Mozilla/5.0 (Linux; Android 6.0.1; Nexus 5X Build/MMB29P) AppleWebKit/537.36 (KHTML, like Gecko) Chrome/151.0.7922.137 Mobile Safari/537.36 (compatible; Googlebot/2.1; +http://www.google.com/bot.html)"
66.249.69.38 - - [25/Aug/2026:04:45:29 +0530] "GET /?item/34985256309032.html HTTP/1.1" 200 859 "-" "Mozilla/5.0 (Linux; Android 6.0.1; Nexus 5X Build/MMB29P) AppleWebKit/537.36 (KHTML, like Gecko) Chrome/151.0.7922.137 Mobile Safari/537.36 (compatible; Googlebot/2.1; +http://www.google.com/bot.html)"
66.249.69.37 - - [25/Aug/2026:04:45:48 +0530] "GET /?item/25988925756443.html HTTP/1.1" 200 859 "-" "Mozilla/5.0 (Linux; Android 6.0.1; Nexus 5X Build/MMB29P) AppleWebKit/537.36 (KHTML, like Gecko) Chrome/151.0.7922.137 Mobile Safari/537.36 (compatible; Googlebot/2.1; +http://www.google.com/bot.html)"
66.249.69.37 - - [25/Aug/2026:04:45:52 +0530] "GET /?item/11414665133952.html HTTP/1.1" 200 859 "-" "Mozilla/5.0 (Linux; Android 6.0.1; Nexus 5X Build/MMB29P) AppleWebKit/537.36 (KHTML, like Gecko) Chrome/151.0.7922.137 Mobile Safari/537.36 (compatible; Googlebot/2.1; +http://www.google.com/bot.html)"
66.249.69.37 - - [25/Aug/2026:04:46:27 +0530] "GET /?item/23215133838122.html HTTP/1.1" 200 859 "-" "Mozilla/5.0 (Linux; Android 6.0.1; Nexus 5X Build/MMB29P) AppleWebKit/537.36 (KHTML, like Gecko) Chrome/151.0.7922.137 Mobile Safari/537.36 (compatible; Googlebot/2.1; +http://www.google.com/bot.html)"
66.249.69.39 - - [25/Aug/2026:04:46:29 +0530] "GET /?item/44472084627645.html HTTP/1.1" 200 859 "-" "Mozilla/5.0 (Linux; Android 6.0.1; Nexus 5X Build/MMB29P) AppleWebKit/537.36 (KHTML, like Gecko) Chrome/151.0.7922.137 Mobile Safari/537.36 (compatible; Googlebot/2.1; +http://www.google.com/bot.html)"
66.249.69.37 - - [25/Aug/2026:04:46:31 +0530] "GET /?item/14963446100113.html HTTP/1.1" 200 859 "-" "Mozilla/5.0 (Linux; Android 6.0.1; Nexus 5X Build/MMB29P) AppleWebKit/537.36 (KHTML, like Gecko) Chrome/151.0.7922.137 Mobile Safari/537.36 (compatible; Googlebot/2.1; +http://www.google.com/bot.html)"
66.249.69.37 - - [25/Aug/2026:04:46:36 +0530] "GET /?item/31026846138290.html HTTP/1.1" 200 859 "-" "Mozilla/5.0 (Linux; Android 6.0.1; Nexus 5X Build/MMB29P) AppleWebKit/537.36 (KHTML, like Gecko) Chrome/151.0.7922.137 Mobile Safari/537.36 (compatible; Googlebot/2.1; +http://www.google.com/bot.html)"
66.249.69.37 - - [25/Aug/2026:04:46:39 +0530] "GET /?item/10782764881274.html HTTP/1.1" 200 859 "-" "Mozilla/5.0 (Linux; Android 6.0.1; Nexus 5X Build/MMB29P) AppleWebKit/537.36 (KHTML, like Gecko) Chrome/151.0.7922.137 Mobile Safari/537.36 (compatible; Googlebot/2.1; +http://www.google.com/bot.html)"
66.249.69.37 - - [25/Aug/2026:04:46:47 +0530] "GET /?item/47465435122776.html HTTP/1.1" 200 859 "-" "Mozilla/5.0 (Linux; Android 6.0.1; Nexus 5X Build/MMB29P) AppleWebKit/537.36 (KHTML, like Gecko) Chrome/151.0.7922.137 Mobile Safari/537.36 (compatible; Googlebot/2.1; +http://www.google.com/bot.html)"
66.249.69.37 - - [25/Aug/2026:04:47:05 +0530] "GET /?item/44115725738861.html HTTP/1.1" 200 859 "-" "Mozilla/5.0 (Linux; Android 6.0.1; Nexus 5X Build/MMB29P) AppleWebKit/537.36 (KHTML, like Gecko) Chrome/151.0.7922.137 Mobile Safari/537.36 (compatible; Googlebot/2.1; +http://www.google.com/bot.html)"
66.249.69.37 - - [25/Aug/2026:04:47:34 +0530] "GET /?item/16797494451392.html HTTP/1.1" 200 859 "-" "Mozilla/5.0 (Linux; Android 6.0.1; Nexus 5X Build/MMB29P) AppleWebKit/537.36 (KHTML, like Gecko) Chrome/151.0.7922.137 Mobile Safari/537.36 (compatible; Googlebot/2.1; +http://www.google.com/bot.html)"
66.249.69.39 - - [25/Aug/2026:04:48:03 +0530] "GET /?item/35245514055759.html HTTP/1.1" 200 859 "-" "Mozilla/5.0 (Linux; Android 6.0.1; Nexus 5X Build/MMB29P) AppleWebKit/537.36 (KHTML, like Gecko) Chrome/151.0.7922.137 Mobile Safari/537.36 (compatible; Googlebot/2.1; +http://www.google.com/bot.html)"
66.249.69.37 - - [25/Aug/2026:04:48:08 +0530] "GET /?item/13619703818939.html HTTP/1.1" 200 859 "-" "Mozilla/5.0 (Linux; Android 6.0.1; Nexus 5X Build/MMB29P) AppleWebKit/537.36 (KHTML, like Gecko) Chrome/151.0.7922.137 Mobile Safari/537.36 (compatible; Googlebot/2.1; +http://www.google.com/bot.html)"
66.249.69.37 - - [25/Aug/2026:04:48:39 +0530] "GET /?item/17257922517294.html HTTP/1.1" 200 859 "-" "Mozilla/5.0 (Linux; Android 6.0.1; Nexus 5X Build/MMB29P) AppleWebKit/537.36 (KHTML, like Gecko) Chrome/151.0.7922.137 Mobile Safari/537.36 (compatible; Googlebot/2.1; +http://www.google.com/bot.html)"
66.249.69.37 - - [25/Aug/2026:04:48:54 +0530] "GET /?item/45209322553083.html HTTP/1.1" 200 859 "-" "Mozilla/5.0 (Linux; Android 6.0.1; Nexus 5X Build/MMB29P) AppleWebKit/537.36 (KHTML, like Gecko) Chrome/151.0.7922.137 Mobile Safari/537.36 (compatible; Googlebot/2.1; +http://www.google.com/bot.html)"
66.249.69.39 - - [25/Aug/2026:04:49:08 +0530] "GET /?item/10101914030810.html HTTP/1.1" 200 859 "-" "Mozilla/5.0 (Linux; Android 6.0.1; Nexus 5X Build/MMB29P) AppleWebKit/537.36 (KHTML, like Gecko) Chrome/151.0.7922.137 Mobile Safari/537.36 (compatible; Googlebot/2.1; +http://www.google.com/bot.html)"
66.249.69.37 - - [25/Aug/2026:04:49:15 +0530] "GET /?item/24547685518535.html HTTP/1.1" 200 859 "-" "Mozilla/5.0 (Linux; Android 6.0.1; Nexus 5X Build/MMB29P) AppleWebKit/537.36 (KHTML, like Gecko) Chrome/151.0.7922.137 Mobile Safari/537.36 (compatible; Googlebot/2.1; +http://www.google.com/bot.html)"
66.249.69.39 - - [25/Aug/2026:04:50:14 +0530] "GET /?item/24594003869388.html HTTP/1.1" 200 859 "-" "Mozilla/5.0 (Linux; Android 6.0.1; Nexus 5X Build/MMB29P) AppleWebKit/537.36 (KHTML, like Gecko) Chrome/151.0.7922.137 Mobile Safari/537.36 (compatible; Googlebot/2.1; +http://www.google.com/bot.html)"
66.249.69.37 - - [25/Aug/2026:04:50:28 +0530] "GET /?item/38555433862298.html HTTP/1.1" 200 859 "-" "Mozilla/5.0 (Linux; Android 6.0.1; Nexus 5X Build/MMB29P) AppleWebKit/537.36 (KHTML, like Gecko) Chrome/151.0.7922.137 Mobile Safari/537.36 (compatible; Googlebot/2.1; +http://www.google.com/bot.html)"
66.249.69.37 - - [25/Aug/2026:04:50:31 +0530] "GET /?item/32990576231753.html HTTP/1.1" 200 859 "-" "Mozilla/5.0 (Linux; Android 6.0.1; Nexus 5X Build/MMB29P) AppleWebKit/537.36 (KHTML, like Gecko) Chrome/151.0.7922.137 Mobile Safari/537.36 (compatible; Googlebot/2.1; +http://www.google.com/bot.html)"
66.249.69.37 - - [25/Aug/2026:04:50:35 +0530] "GET /?item/21347693386358.html HTTP/1.1" 200 859 "-" "Mozilla/5.0 (Linux; Android 6.0.1; Nexus 5X Build/MMB29P) AppleWebKit/537.36 (KHTML, like Gecko) Chrome/151.0.7922.137 Mobile Safari/537.36 (compatible; Googlebot/2.1; +http://www.google.com/bot.html)"
153.67.55.45 - - [25/Aug/2026:04:52:22 +0530] "GET /?i=2026152170212 HTTP/1.1" 200 859 "https://www.ewayxpress.com/sitemap599.xml" "Mozilla/5.0 (iPhone; CPU iPhone OS 16_0 like Mac OS X) AppleWebKit/605.1.15 (KHTML, like Gecko) Version/16.0 Mobile/15E148 Safari/604.1 MicroMessenger/8.0.39(0x18001B3F) NetType/WIFI Language/zh_CN"
66.249.69.39 - - [25/Aug/2026:04:52:39 +0530] "GET /?item/30134832966389.htmlm HTTP/1.1" 200 859 "-" "Mozilla/5.0 (Linux; Android 6.0.1; Nexus 5X Build/MMB29P) AppleWebKit/537.36 (KHTML, like Gecko) Chrome/151.0.7922.137 Mobile Safari/537.36 (compatible; Googlebot/2.1; +http://www.google.com/bot.html)"
